{"id":377,"date":"2019-06-03T18:55:19","date_gmt":"2019-06-03T21:55:19","guid":{"rendered":"https:\/\/catedras.facet.unt.edu.ar\/typp\/?page_id=377"},"modified":"2019-06-03T18:55:19","modified_gmt":"2019-06-03T21:55:19","slug":"politica-de-privacidad","status":"publish","type":"page","link":"https:\/\/catedras.facet.unt.edu.ar\/typp\/politica-de-privacidad\/","title":{"rendered":"Pol\u00edtica de privacidad"},"content":{"rendered":"\r\n<h2>Qui\u00e9nes somos<\/h2>\r\n\r\n\r\n\r\n<p>Ing. Daniel Enrique Borkosky.\u00a0 \u00a0 \u00a0 Docente UNT- FACET, Instituto Tecnico<\/p>\r\n<p>La direcci\u00f3n de nuestra web es: https:\/\/catedras.facet.unt.edu.ar\/typp.<\/p>\r\n\r\n\r\n\r\n<h2>Qu\u00e9 datos personales recogemos y por qu\u00e9 los recogemos<\/h2>\r\n\r\n\r\n\r\n<h3>Comentarios<\/h3>\r\n\r\n\r\n\r\n<p>Es una pagina abierta y no se recogen datos. Fue creada para proporcionar material did\u00e1ctico como apuntes ,tablas, cat\u00e1logos, etc.\u00a0 para los alumnos<\/p>\r\n\r\n\r\n\r\n\r\n\r\n\r\n\r\n\r\n\r\n\r\n\r\n\r\n\r\n<p>&nbsp;<\/p>\r\n\r\n\r\n\r\n\r\n\r\n\r\n\r\n\r\n\r\n<h3>Contenido incrustado de otros sitios web<\/h3>\r\n\r\n\r\n\r\n<p>Los art\u00edculos de este sitio pueden incluir contenido incrustado (por ejemplo, v\u00eddeos, im\u00e1genes, art\u00edculos, etc.). El contenido incrustado de otras web se comporta exactamente de la misma manera que si el visitante hubiera visitado la otra web.<\/p>\r\n\r\n\r\n\r\n<p>&nbsp;<\/p>\r\n\r\n\r\n\r\n<h3>\u00a0<\/h3>\r\n\r\n\r\n\r\n\r\n\r\n<h2>\u00a0<\/h2>\r\n\r\n\r\n\r\n<p>&nbsp;<\/p>\r\n\r\n\r\n\r\n\r\n\r\n\r\n\r\n\r\n\r\n\r\n\r\n\r\n\r\n<h2>\u00a0<\/h2>\r\n\r\n\r\n\r\n\r\n\r\n<h3>\u00a0<\/h3>\r\n\r\n\r\n\r\n<h3>\u00a0<\/h3>\r\n\r\n\r\n\r\n<h3>\u00a0<\/h3>\r\n\r\n\r\n\r\n<h3>\u00a0<\/h3>\r\n\r\n\r\n\r\n<h3>\u00a0<\/h3>\r\n","protected":false},"excerpt":{"rendered":"<p>Qui\u00e9nes somos Ing. Daniel Enrique Borkosky.\u00a0 \u00a0 \u00a0 Docente UNT- FACET, Instituto Tecnico La direcci\u00f3n de nuestra web es: https:\/\/catedras.facet.unt.edu.ar\/typp. Qu\u00e9 datos personales recogemos y por qu\u00e9 los recogemos Comentarios Es una pagina abierta y no se recogen datos. Fue creada para proporcionar material did\u00e1ctico como apuntes ,tablas, cat\u00e1logos, etc.\u00a0 para los alumnos &nbsp; Contenido [&hellip;]<\/p>\n","protected":false},"author":101314,"featured_media":0,"parent":0,"menu_order":0,"comment_status":"closed","ping_status":"closed","template":"","meta":[],"_links":{"self":[{"href":"https:\/\/catedras.facet.unt.edu.ar\/typp\/wp-json\/wp\/v2\/pages\/377"}],"collection":[{"href":"https:\/\/catedras.facet.unt.edu.ar\/typp\/wp-json\/wp\/v2\/pages"}],"about":[{"href":"https:\/\/catedras.facet.unt.edu.ar\/typp\/wp-json\/wp\/v2\/types\/page"}],"author":[{"embeddable":true,"href":"https:\/\/catedras.facet.unt.edu.ar\/typp\/wp-json\/wp\/v2\/users\/101314"}],"replies":[{"embeddable":true,"href":"https:\/\/catedras.facet.unt.edu.ar\/typp\/wp-json\/wp\/v2\/comments?post=377"}],"version-history":[{"count":1,"href":"https:\/\/catedras.facet.unt.edu.ar\/typp\/wp-json\/wp\/v2\/pages\/377\/revisions"}],"predecessor-version":[{"id":378,"href":"https:\/\/catedras.facet.unt.edu.ar\/typp\/wp-json\/wp\/v2\/pages\/377\/revisions\/378"}],"wp:attachment":[{"href":"https:\/\/catedras.facet.unt.edu.ar\/typp\/wp-json\/wp\/v2\/media?parent=377"}],"curies":[{"name":"wp","href":"https:\/\/api.w.org\/{rel}","templated":true}]}}