{"id":209,"date":"2017-04-17T10:55:09","date_gmt":"2017-04-17T13:55:09","guid":{"rendered":"https:\/\/catedras.facet.unt.edu.ar\/typp\/?page_id=209"},"modified":"2018-04-17T10:19:59","modified_gmt":"2018-04-17T13:19:59","slug":"presentaciones","status":"publish","type":"page","link":"https:\/\/catedras.facet.unt.edu.ar\/typp\/presentaciones\/","title":{"rendered":"Presentaciones Grupales"},"content":{"rendered":"<p>Para poder regulariza la materia el alumno, uno de los requisitos que debe cumplir es realizar una presentaci\u00f3n grupal; la cual consiste en exponer sobre un tema del programa de la materia, en una diapositiva en power point. Se deber\u00e1 hablar del tema con los visto en clase te\u00f3rica ayudado con el material did\u00e1ctico de la c\u00e1tedra, bibliogr\u00e1fica, v\u00eddeos, etc. Los grupos ser\u00e1n formados por los alumnos con un cupo m\u00ednimo y m\u00e1ximo de integrantes, que se dispondr\u00e1 seg\u00fan la cantidad de alumnos que cursan la asignatura.<\/p>\n<p><strong>Nota:<\/strong> se requiere que cada grupo lleve computadora.<\/p>\n<p>&nbsp;<\/p>\n<p>A continuaci\u00f3n, la distribuci\u00f3n grupal y el nombre de cada grupo:<\/p>\n<p>&nbsp;<\/p>\n<p><strong>GRUPO N\u00ba 1:<\/strong><\/p>\n<p>Cadena Luciana &#8211; Egues Cecilia &#8211; Gaitan Ricardo &#8211; Krautmann Matias<\/p>\n<p><strong>GRUPO N\u00ba 2:<\/strong><\/p>\n<p>Cangemi Franco &#8211; Doz Gonzalo &#8211; Zurita Jose &#8211; Sanchez Romano &#8211; Viotti Flavio &#8211; Renjifo Flores<\/p>\n<p><strong>Grupo N\u00ba 3:<\/strong><\/p>\n<p>Muzzo Lucas &#8211; Juarez Masclof &#8211; Comba Tomas &#8211; Marchesi Bruno &#8211; Tolosa Nelson &#8211; Wiernes Cecilia<\/p>\n<p><strong>Grupo N\u00ba 4:<\/strong><\/p>\n<p>Garcia Mario &#8211; Gramajo Oscar &#8211; Leal Emanuel &#8211; Garzon Zarate &#8211; Soto Sergio &#8211; Robles Carina<\/p>\n<p><strong>GRUPO N\u00ba 5:<\/strong><\/p>\n<p>Chehade Fiad &#8211; Chipolina Solana &#8211; Gonzalez Ricardo &#8211; Lopez Nicolas &#8211; Sanchez Claudio &#8211; Sanchez Murga<\/p>\n<p><strong>GRUPO N\u00ba6:<\/strong><\/p>\n<p>Diosque Jeronimo &#8211; Arredondo Facundo &#8211; Cipriani Patricio -Antonio &#8211; Jiminez &#8211; Di Ascenzi &#8211; Igel<\/p>\n<p><strong>GRUPO N\u00ba 7:<\/strong><\/p>\n<p>Gonzalez Mariana &#8211; Ruiz Macarena &#8211; Montilla Gabriela &#8211; Peralta Gustavo<\/p>\n<p><strong>GRUPO N\u00ba 8:<\/strong><\/p>\n<p>Reynaga Ana &#8211; Zimmerman Maia &#8211; Fernandez Noelia &#8211; Paez Julieta &#8211; Agustoni Cecilia<\/p>\n<p><strong>GRUPO N\u00ba 9:<\/strong><\/p>\n<p>Barreiro Giuliana &#8211; Zapata figueroa &#8211; Teves Javier &#8211; Fernandez Jorge &#8211; Cabrera Bullon &#8211; Perondi gustavo<\/p>\n<p><strong>GRUPO N\u00ba10:<\/strong><\/p>\n<p>Castelli Violliaz &#8211; Diaz Veronica &#8211; Kao Ruiz &#8211; Pacheco Puig &#8211; Pertesen Perpignal &#8211; Zarate Paliza<\/p>\n<p><strong>GRUPO N\u00ba11:<\/strong><\/p>\n<p>Ruiz Anita &#8211; Galvan Melina &#8211; Brito Ojeda &#8211; Roldan Ana<\/p>\n<p><strong>GRUPO N\u00b012:\u00a0<\/strong><\/p>\n<p>Arguello Horacio &#8211; Garcia Hamilton &#8211; Japaze Benjamin &#8211; Carmona Rodrigo &#8211; Cabello Alfredo &#8211; Almonacid &#8211; Acevedo<\/p>\n<p>&nbsp;<\/p>\n<p>&nbsp;<\/p>\n<p>&nbsp;<\/p>\n<p>&nbsp;<\/p>\n<p>&nbsp;<\/p>\n","protected":false},"excerpt":{"rendered":"<p>Para poder regulariza la materia el alumno, uno de los requisitos que debe cumplir es realizar una presentaci\u00f3n grupal; la cual consiste en exponer sobre un tema del programa de la materia, en una diapositiva en power point. Se deber\u00e1 hablar del tema con los visto en clase te\u00f3rica ayudado con el material did\u00e1ctico de [&hellip;]<\/p>\n","protected":false},"author":101314,"featured_media":0,"parent":0,"menu_order":0,"comment_status":"closed","ping_status":"closed","template":"","meta":[],"_links":{"self":[{"href":"https:\/\/catedras.facet.unt.edu.ar\/typp\/wp-json\/wp\/v2\/pages\/209"}],"collection":[{"href":"https:\/\/catedras.facet.unt.edu.ar\/typp\/wp-json\/wp\/v2\/pages"}],"about":[{"href":"https:\/\/catedras.facet.unt.edu.ar\/typp\/wp-json\/wp\/v2\/types\/page"}],"author":[{"embeddable":true,"href":"https:\/\/catedras.facet.unt.edu.ar\/typp\/wp-json\/wp\/v2\/users\/101314"}],"replies":[{"embeddable":true,"href":"https:\/\/catedras.facet.unt.edu.ar\/typp\/wp-json\/wp\/v2\/comments?post=209"}],"version-history":[{"count":13,"href":"https:\/\/catedras.facet.unt.edu.ar\/typp\/wp-json\/wp\/v2\/pages\/209\/revisions"}],"predecessor-version":[{"id":307,"href":"https:\/\/catedras.facet.unt.edu.ar\/typp\/wp-json\/wp\/v2\/pages\/209\/revisions\/307"}],"wp:attachment":[{"href":"https:\/\/catedras.facet.unt.edu.ar\/typp\/wp-json\/wp\/v2\/media?parent=209"}],"curies":[{"name":"wp","href":"https:\/\/api.w.org\/{rel}","templated":true}]}}