{"id":60,"date":"2016-08-09T18:10:55","date_gmt":"2016-08-09T21:10:55","guid":{"rendered":"https:\/\/catedras.facet.unt.edu.ar\/tcpip\/?page_id=60"},"modified":"2016-08-09T18:10:55","modified_gmt":"2016-08-09T21:10:55","slug":"programa","status":"publish","type":"page","link":"https:\/\/catedras.facet.unt.edu.ar\/tcpip\/descripcion-general\/programa\/","title":{"rendered":"Programa"},"content":{"rendered":"<p><strong>UNIDAD TEM\u00c1TICA 1:<\/strong> CAPA INTERNET DEL MODELO TCP\/IP: IPv4<\/p>\n<p>Repaso de Protocolo IPv4: Funcionamiento del Protocolo. Asignaci\u00f3n din\u00e1mica de direcciones IP. DHCP: Funcionamiento del protocolo; Dise\u00f1o e Implementaci\u00f3n con DHCP. NAT (Network Address Translation); NAT uni y bidireccional. Protocolo ICMP: Tipos de Mensajes.<\/p>\n<p>&nbsp;<\/p>\n<p><strong>UNIDAD TEM\u00c1TICA 2:<\/strong> CAPA INTERNET DEL MODELO TCP\/IP: IPv6<\/p>\n<p>Generalidades de IPv6: comparativa con IPv4. Direcciones IPv6: Representaci\u00f3n. Tipos de direcciones: Unicast, Multicast, Anycast. Direcciones Unicast locales y globales. Asignaci\u00f3n din\u00e1mica de direcciones: SLAAC y DHCPv6. Formato de direcciones Multicast y uso. ICMPv6. MTU Path Discovery. Protocolo NDP (Neighbor Discovery Protocol). Proceso SLAAC, DAD y NUD. Coexistencia IPv4 e IPv6.<\/p>\n<p>&nbsp;<\/p>\n<p><strong>UNIDAD TEM\u00c1TICA 3:<\/strong> CAPA DE TRANSPORTE DEL MODELO TCP\/IP.<\/p>\n<p>Protocolos de transporte orientados a conexi\u00f3n y no-orientados a conexi\u00f3n: aplicaciones. Protocolo TCP. Caracter\u00edsticas generales. Conexi\u00f3n y desconexi\u00f3n de un enlace TCP. Control de Flujo y Error: Protocolo de ventanas deslizantes. Administraci\u00f3n del tama\u00f1o de ventana. TCP y congesti\u00f3n: principales mecanismos usados. Encabezamiento TCP. Protocolo UDP. Caracter\u00edsticas generales. Puertos (\u201cports\u201d): Tipos y uso en Multiplexaci\u00f3n de Aplicaciones.<\/p>\n<p>&nbsp;<\/p>\n<p><strong>UNIDAD TEM\u00c1TICA 4:<\/strong> RESOLUCI\u00d3N DE NOMBRES.<\/p>\n<p>El problema del nombramiento. Nombres de \u201cHosts\u201d IP. Formatos. Dominios y Subdominios. Resoluci\u00f3n Est\u00e1tica de Nombres. Resoluci\u00f3n din\u00e1mica con DNS (\u201cDomain Name System\u201d). \u00c1rbol DNS: Concepto de Jerarqu\u00eda y Delegaci\u00f3n de Autoridad. Tipos de servidores DNS. Zonas y Dominios. Registros DNS. Configuraci\u00f3n de Servidores DNS. Mejoras de DNS.<\/p>\n<p>&nbsp;<\/p>\n<p><strong>UNIDAD TEM\u00c1TICA 5:<\/strong> PROGRAMACI\u00d3N DE SISTEMAS DISTRIBUIDOS CON SOCKETS<\/p>\n<p>Berkeley Sockets. Tipos de Sockets: Sockets de Flujo y de Datagrama. Aplicaciones Cliente Servidor: Esquema general. Aplicaciones orientadas y no-orientadas a conexi\u00f3n. Principales llamadas al Sistema Operativo (\u201cSystem Call\u201d) basadas en Sockets. Esquema general de una aplicaci\u00f3n orientada a conexi\u00f3n y no-orientada a conexi\u00f3n: Ejemplos.<\/p>\n<p>&nbsp;<\/p>\n<p><strong>UNIDAD TEM\u00c1TICA 6:<\/strong> APLICACIONES TCP\/IP.<\/p>\n<p>Aplicaciones est\u00e1ndar de TCP\/IP. Aplicaci\u00f3n de Logeo remoto de terminales: telnet. Transferencia de archivos: ftp. Correo Electr\u00f3nico: SMTP, MIME y POP\/IMAP. Protocolo HTTP: Principios B\u00e1sicos de Funcionamiento.<\/p>\n<p>&nbsp;<\/p>\n<p><strong>UNIDAD TEM\u00c1TICA 7:<\/strong> CONCEPTOS DE SEGURIDAD EN REDES.<\/p>\n<p>Amenazas y Ataques: Tipos. Modelo para Seguridad en Redes. Principios de Criptograf\u00eda. Cifrado Sim\u00e9trico y Asim\u00e9trico. Criptograf\u00eda de Clave p\u00fablica. Algoritmos Cl\u00e1sicos. Firmas digitales. Seguridad IP: IPSec. Arquitectura. SSL (\u201cSecure Socket Layer\u201d) y TSL (\u201cTransport Layer Security\u201d). Red privada virtual (VPN). Tipos.<\/p>\n","protected":false},"excerpt":{"rendered":"<p>UNIDAD TEM\u00c1TICA 1: CAPA INTERNET DEL MODELO TCP\/IP: IPv4 Repaso de Protocolo IPv4: Funcionamiento del Protocolo. Asignaci\u00f3n din\u00e1mica de direcciones IP. DHCP: Funcionamiento del protocolo; Dise\u00f1o e Implementaci\u00f3n con DHCP. NAT (Network Address Translation); NAT uni y bidireccional. Protocolo ICMP: Tipos de Mensajes. &nbsp; UNIDAD TEM\u00c1TICA 2: CAPA INTERNET DEL MODELO TCP\/IP: IPv6 Generalidades de [&hellip;]<\/p>\n","protected":false},"author":101023,"featured_media":0,"parent":46,"menu_order":0,"comment_status":"closed","ping_status":"closed","template":"","meta":[],"_links":{"self":[{"href":"https:\/\/catedras.facet.unt.edu.ar\/tcpip\/wp-json\/wp\/v2\/pages\/60"}],"collection":[{"href":"https:\/\/catedras.facet.unt.edu.ar\/tcpip\/wp-json\/wp\/v2\/pages"}],"about":[{"href":"https:\/\/catedras.facet.unt.edu.ar\/tcpip\/wp-json\/wp\/v2\/types\/page"}],"author":[{"embeddable":true,"href":"https:\/\/catedras.facet.unt.edu.ar\/tcpip\/wp-json\/wp\/v2\/users\/101023"}],"replies":[{"embeddable":true,"href":"https:\/\/catedras.facet.unt.edu.ar\/tcpip\/wp-json\/wp\/v2\/comments?post=60"}],"version-history":[{"count":1,"href":"https:\/\/catedras.facet.unt.edu.ar\/tcpip\/wp-json\/wp\/v2\/pages\/60\/revisions"}],"predecessor-version":[{"id":61,"href":"https:\/\/catedras.facet.unt.edu.ar\/tcpip\/wp-json\/wp\/v2\/pages\/60\/revisions\/61"}],"up":[{"embeddable":true,"href":"https:\/\/catedras.facet.unt.edu.ar\/tcpip\/wp-json\/wp\/v2\/pages\/46"}],"wp:attachment":[{"href":"https:\/\/catedras.facet.unt.edu.ar\/tcpip\/wp-json\/wp\/v2\/media?parent=60"}],"curies":[{"name":"wp","href":"https:\/\/api.w.org\/{rel}","templated":true}]}}