{"id":71,"date":"2016-08-03T00:22:45","date_gmt":"2016-08-03T03:22:45","guid":{"rendered":"https:\/\/catedras.facet.unt.edu.ar\/sistemasoperativos\/?page_id=71"},"modified":"2021-08-20T16:57:14","modified_gmt":"2021-08-20T19:57:14","slug":"bibliografia","status":"publish","type":"page","link":"https:\/\/catedras.facet.unt.edu.ar\/sistemasoperativos\/bibliografia\/","title":{"rendered":"Bibliograf\u00eda"},"content":{"rendered":"<ul>\n<li>Fundamentos de Sistemas Operativos, Mc-Graw Hill, Edici\u00f3n 7ma, \u00a0Silberschatz, Galvin y Gagne.<\/li>\n<li>Sistemas Operativos Modernos, Pearson, Edici\u00f3n 2da, Tanenbaum.<\/li>\n<li>Notas de Sistemas Operativos, Top Graph, Edici\u00f3n 2da, Sergio Saade.<\/li>\n<li>Sistemas Operativos, Pearson, Edici\u00f3n 4ta, Stallings.<\/li>\n<\/ul>\n","protected":false},"excerpt":{"rendered":"<p>Fundamentos de Sistemas Operativos, Mc-Graw Hill, Edici\u00f3n 7ma, \u00a0Silberschatz, Galvin y Gagne. Sistemas Operativos Modernos, Pearson, Edici\u00f3n 2da, Tanenbaum. Notas de Sistemas Operativos, Top Graph, Edici\u00f3n 2da, Sergio Saade. Sistemas Operativos, Pearson, Edici\u00f3n 4ta, Stallings.<\/p>\n","protected":false},"author":101025,"featured_media":0,"parent":0,"menu_order":5,"comment_status":"closed","ping_status":"closed","template":"templates\/template-full.php","meta":[],"_links":{"self":[{"href":"https:\/\/catedras.facet.unt.edu.ar\/sistemasoperativos\/wp-json\/wp\/v2\/pages\/71"}],"collection":[{"href":"https:\/\/catedras.facet.unt.edu.ar\/sistemasoperativos\/wp-json\/wp\/v2\/pages"}],"about":[{"href":"https:\/\/catedras.facet.unt.edu.ar\/sistemasoperativos\/wp-json\/wp\/v2\/types\/page"}],"author":[{"embeddable":true,"href":"https:\/\/catedras.facet.unt.edu.ar\/sistemasoperativos\/wp-json\/wp\/v2\/users\/101025"}],"replies":[{"embeddable":true,"href":"https:\/\/catedras.facet.unt.edu.ar\/sistemasoperativos\/wp-json\/wp\/v2\/comments?post=71"}],"version-history":[{"count":2,"href":"https:\/\/catedras.facet.unt.edu.ar\/sistemasoperativos\/wp-json\/wp\/v2\/pages\/71\/revisions"}],"predecessor-version":[{"id":73,"href":"https:\/\/catedras.facet.unt.edu.ar\/sistemasoperativos\/wp-json\/wp\/v2\/pages\/71\/revisions\/73"}],"wp:attachment":[{"href":"https:\/\/catedras.facet.unt.edu.ar\/sistemasoperativos\/wp-json\/wp\/v2\/media?parent=71"}],"curies":[{"name":"wp","href":"https:\/\/api.w.org\/{rel}","templated":true}]}}