{"id":58,"date":"2016-08-15T22:53:09","date_gmt":"2016-08-16T01:53:09","guid":{"rendered":"https:\/\/catedras.facet.unt.edu.ar\/sist-control1\/?page_id=58"},"modified":"2023-08-24T22:18:29","modified_gmt":"2023-08-25T01:18:29","slug":"docentes","status":"publish","type":"page","link":"https:\/\/catedras.facet.unt.edu.ar\/sist-control\/docentes\/","title":{"rendered":"Docentes y horarios"},"content":{"rendered":"<p><strong>Profesor Titular:<\/strong><br \/>\nMg. Ing. Rub\u00e9n del Valle Fadel<br \/>\nrfadel@herrera.unt.edu.ar<br \/>\nOficina 1-2-17<\/p>\n<p><strong>Profesor Asociado: <\/strong><br \/>\nDr. Ing. Carlos Manuel Formigli<br \/>\ncformigli@herrera.unt.edu.ar Oficinas 1-2-14 \u00f3 1-2-6<\/p>\n<p><strong>Jefe de Trabajos Pr\u00e1cticos<\/strong><br \/>\nIng. Miguel Gerardo Alarc\u00f3n (malarcon@herrera.unt.edu.ar)<br \/>\nOficina 1-2-14 \u00f3 1-2-5 (Laboratorio)<\/p>\n<p><strong>Docente Auxiliar:<\/strong><br \/>\nIng. Federico Marcelo Vargas (fmvargas@herrera.unt.edu.ar)<br \/>\nOficina 1-2-14 \u00f3 1-2-5 (Laboratorio)<\/p>\n<p><strong>Ayudante estudiantil:<\/strong><br \/>\nSr. Luis Juarez<br \/>\njuarezluisantonio@hotmail.com.ar<\/p>\n<p>&nbsp;<\/p>\n<p>Horarios de las clases te\u00f3ricas:<br \/>\n<strong>\u00a0\u00a0\u00a0\u00a0\u00a0\u00a0\u00a0\u00a0\u00a0\u00a0\u00a0 Martes de 10:00 a 12:00Hs. y Jueves de 10:15 a 12:15Hs.<\/strong><\/p>\n<p>Horario de las clases pr\u00e1cticas obligatorias:<br \/>\n<strong>\u00a0\u00a0\u00a0\u00a0\u00a0\u00a0\u00a0\u00a0 Martes de 8:00 a 9:30Hs.<\/strong><\/p>\n<p>Horarios de Laboratorio: A convenir.<strong><br \/>\n<\/strong><\/p>\n<p>&nbsp;<\/p>\n<p>CRONOGRAMA RESUMIDO<\/p>\n<p><a href=\"https:\/\/catedras.facet.unt.edu.ar\/sist-control\/wp-content\/uploads\/sites\/77\/2023\/08\/Cronograma-resumido-SC1-2023-1.png\"><img loading=\"lazy\" class=\"alignnone size-full wp-image-606\" src=\"https:\/\/catedras.facet.unt.edu.ar\/sist-control\/wp-content\/uploads\/sites\/77\/2023\/08\/Cronograma-resumido-SC1-2023-1.png\" alt=\"\" width=\"671\" height=\"449\" \/><\/a><\/p>\n<p>&nbsp;<\/p>\n<p>&nbsp;<\/p>\n","protected":false},"excerpt":{"rendered":"<p>Profesor Titular: Mg. Ing. Rub\u00e9n del Valle Fadel rfadel@herrera.unt.edu.ar Oficina 1-2-17 Profesor Asociado: Dr. Ing. Carlos Manuel Formigli cformigli@herrera.unt.edu.ar Oficinas 1-2-14 \u00f3 1-2-6 Jefe de Trabajos Pr\u00e1cticos Ing. Miguel Gerardo Alarc\u00f3n (malarcon@herrera.unt.edu.ar) Oficina 1-2-14 \u00f3 1-2-5 (Laboratorio) Docente Auxiliar: Ing. Federico Marcelo Vargas (fmvargas@herrera.unt.edu.ar) Oficina 1-2-14 \u00f3 1-2-5 (Laboratorio) Ayudante estudiantil: Sr. Luis Juarez juarezluisantonio@hotmail.com.ar [&hellip;]<\/p>\n","protected":false},"author":180,"featured_media":0,"parent":0,"menu_order":0,"comment_status":"closed","ping_status":"closed","template":"","meta":[],"_links":{"self":[{"href":"https:\/\/catedras.facet.unt.edu.ar\/sist-control\/wp-json\/wp\/v2\/pages\/58"}],"collection":[{"href":"https:\/\/catedras.facet.unt.edu.ar\/sist-control\/wp-json\/wp\/v2\/pages"}],"about":[{"href":"https:\/\/catedras.facet.unt.edu.ar\/sist-control\/wp-json\/wp\/v2\/types\/page"}],"author":[{"embeddable":true,"href":"https:\/\/catedras.facet.unt.edu.ar\/sist-control\/wp-json\/wp\/v2\/users\/180"}],"replies":[{"embeddable":true,"href":"https:\/\/catedras.facet.unt.edu.ar\/sist-control\/wp-json\/wp\/v2\/comments?post=58"}],"version-history":[{"count":53,"href":"https:\/\/catedras.facet.unt.edu.ar\/sist-control\/wp-json\/wp\/v2\/pages\/58\/revisions"}],"predecessor-version":[{"id":593,"href":"https:\/\/catedras.facet.unt.edu.ar\/sist-control\/wp-json\/wp\/v2\/pages\/58\/revisions\/593"}],"wp:attachment":[{"href":"https:\/\/catedras.facet.unt.edu.ar\/sist-control\/wp-json\/wp\/v2\/media?parent=58"}],"curies":[{"name":"wp","href":"https:\/\/api.w.org\/{rel}","templated":true}]}}