{"id":173,"date":"2018-08-14T19:48:03","date_gmt":"2018-08-14T22:48:03","guid":{"rendered":"https:\/\/catedras.facet.unt.edu.ar\/sist-control1\/?page_id=173"},"modified":"2023-11-28T08:24:50","modified_gmt":"2023-11-28T11:24:50","slug":"ejercicios-propuestos","status":"publish","type":"page","link":"https:\/\/catedras.facet.unt.edu.ar\/sist-control\/ejercicios-propuestos\/","title":{"rendered":"EJERCICIOS PROPUESTOS"},"content":{"rendered":"<p><a href=\"https:\/\/catedras.facet.unt.edu.ar\/sist-control\/wp-content\/uploads\/sites\/77\/2023\/09\/EJ_PROP_MATLAB_2023.pdf\">EJERCICIOS PROPUESTOS: MATLAB<\/a><\/p>\n<p><a href=\"https:\/\/catedras.facet.unt.edu.ar\/sist-control\/wp-content\/uploads\/sites\/77\/2023\/09\/EJ_PROP_RTA_TEMP_2023.pdf\">EJERCICIOS PROPUESTOS: RESPUESTA TEMPORAL<\/a><\/p>\n<p><a href=\"https:\/\/catedras.facet.unt.edu.ar\/sist-control\/wp-content\/uploads\/sites\/77\/2023\/09\/EJ_PROP_RTA_TEMP_2_2023.pdf\">EJERCICIOS PROPUESTOS: RESPUESTA TEMPORAL Y ALGEBRA DE BLOQUES<\/a><\/p>\n<p><a href=\"https:\/\/catedras.facet.unt.edu.ar\/sist-control\/wp-content\/uploads\/sites\/77\/2023\/09\/EJ_PROP_RTA_FREC_2023.pdf\">EJERCICIOS PROPUESTOS: RESPUESTA EN FRECUENCIA<\/a><\/p>\n<p><a href=\"https:\/\/catedras.facet.unt.edu.ar\/sist-control\/wp-content\/uploads\/sites\/77\/2023\/09\/EJ_PROP_RTA_FREC_2_2023.pdf\">EJERCICIOS PROPUESTOS: M\u00c1S SOBRE RESPUESTA EN FRECUENCIA<\/a><\/p>\n<p><a href=\"https:\/\/catedras.facet.unt.edu.ar\/sist-control\/wp-content\/uploads\/sites\/77\/2023\/09\/lin-log.pdf\">HOJA LINEAL-LOGARITMICA<\/a><\/p>\n<p><a href=\"https:\/\/catedras.facet.unt.edu.ar\/sist-control\/wp-content\/uploads\/sites\/77\/2023\/09\/log-log.pdf\">HOJA LOGARITMICA-LOGARITMICA<\/a><\/p>\n<p><a href=\"https:\/\/catedras.facet.unt.edu.ar\/sist-control\/wp-content\/uploads\/sites\/77\/2023\/10\/EJ_PROP_BLOCK_TIME_FREC_2023.pdf\">EJERCICIOS PROPUESTOS: BLOQUES, TIEMPO Y FRECUENCIA<\/a><\/p>\n<p><a href=\"https:\/\/catedras.facet.unt.edu.ar\/sist-control\/wp-content\/uploads\/sites\/77\/2023\/10\/EJ_PROP_SIST_CONT_DEF_2023.pdf\">EJERCICIOS PROPUESTOS: SISTEMAS DE CONTROL, DEFINICIONES<\/a><\/p>\n<p><a href=\"https:\/\/catedras.facet.unt.edu.ar\/sist-control\/wp-content\/uploads\/sites\/77\/2023\/11\/EJ_PROP_RH_LGR_2023.pdf\">EJERCICIOS PROPUESTOS: ROUTH-HURWITZ Y LUGAR GEOM\u00c9TRICO DE LAS RA\u00cdCES<\/a><\/p>\n<p><a href=\"https:\/\/catedras.facet.unt.edu.ar\/sist-control\/wp-content\/uploads\/sites\/77\/2023\/11\/EJ_PROP_ESTABILIDAD_2023.pdf\">EJERCICIOS PROPUESTOS: M\u00c9TODOS DE ESTUDIO DE LA ESTABILIDAD<\/a><\/p>\n","protected":false},"excerpt":{"rendered":"<p>EJERCICIOS PROPUESTOS: MATLAB EJERCICIOS PROPUESTOS: RESPUESTA TEMPORAL EJERCICIOS PROPUESTOS: RESPUESTA TEMPORAL Y ALGEBRA DE BLOQUES EJERCICIOS PROPUESTOS: RESPUESTA EN FRECUENCIA EJERCICIOS PROPUESTOS: M\u00c1S SOBRE RESPUESTA EN FRECUENCIA HOJA LINEAL-LOGARITMICA HOJA LOGARITMICA-LOGARITMICA EJERCICIOS PROPUESTOS: BLOQUES, TIEMPO Y FRECUENCIA EJERCICIOS PROPUESTOS: SISTEMAS DE CONTROL, DEFINICIONES EJERCICIOS PROPUESTOS: ROUTH-HURWITZ Y LUGAR GEOM\u00c9TRICO DE LAS RA\u00cdCES EJERCICIOS PROPUESTOS: M\u00c9TODOS [&hellip;]<\/p>\n","protected":false},"author":180,"featured_media":0,"parent":0,"menu_order":0,"comment_status":"closed","ping_status":"closed","template":"","meta":[],"_links":{"self":[{"href":"https:\/\/catedras.facet.unt.edu.ar\/sist-control\/wp-json\/wp\/v2\/pages\/173"}],"collection":[{"href":"https:\/\/catedras.facet.unt.edu.ar\/sist-control\/wp-json\/wp\/v2\/pages"}],"about":[{"href":"https:\/\/catedras.facet.unt.edu.ar\/sist-control\/wp-json\/wp\/v2\/types\/page"}],"author":[{"embeddable":true,"href":"https:\/\/catedras.facet.unt.edu.ar\/sist-control\/wp-json\/wp\/v2\/users\/180"}],"replies":[{"embeddable":true,"href":"https:\/\/catedras.facet.unt.edu.ar\/sist-control\/wp-json\/wp\/v2\/comments?post=173"}],"version-history":[{"count":42,"href":"https:\/\/catedras.facet.unt.edu.ar\/sist-control\/wp-json\/wp\/v2\/pages\/173\/revisions"}],"predecessor-version":[{"id":718,"href":"https:\/\/catedras.facet.unt.edu.ar\/sist-control\/wp-json\/wp\/v2\/pages\/173\/revisions\/718"}],"wp:attachment":[{"href":"https:\/\/catedras.facet.unt.edu.ar\/sist-control\/wp-json\/wp\/v2\/media?parent=173"}],"curies":[{"name":"wp","href":"https:\/\/api.w.org\/{rel}","templated":true}]}}