{"id":80,"date":"2015-04-20T16:08:14","date_gmt":"2015-04-20T19:08:14","guid":{"rendered":"https:\/\/catedras.facet.unt.edu.ar\/sep\/?page_id=80"},"modified":"2015-08-26T14:37:47","modified_gmt":"2015-08-26T17:37:47","slug":"bibliografia","status":"publish","type":"page","link":"https:\/\/catedras.facet.unt.edu.ar\/sep\/bibliografia\/","title":{"rendered":"Bibliograf\u00eda"},"content":{"rendered":"<h3><\/h3>\n<p>&#8211; <em>An\u00e1lisis de Sistemas de Potencia<\/em>, Grainger, Stevenson, Mc Graw Hill. 1996.<\/p>\n<p>&#8211; <em>Electric Energy Systems Theory-An Introduction<\/em>, Second Edition, Olle Elgerd, Mc Graw Hill, 1982.<\/p>\n<p>&#8211; <em>Power System Analysis and Design<\/em>, Second Edition, Duncan Glover, Mulukutla Sarma, PWS Publishers, 1994.<\/p>\n<p>&#8211; <em>Power Operation and Control<\/em>, Third Edition, Allen Wood, Bruce Wollenberg, Edit. Wiley&amp;Sons, 2014.<\/p>\n<p>&nbsp;<\/p>\n<p>&#8211; <em>Computer Methods in Power System Analysis<\/em>, W. Stagg, Ahmed El Abiad, Mc Graw-Hill, 1968.<\/p>\n<p><em>&#8211; Apuntes de C\u00e1tedra<\/em> (Introducci\u00f3n, Sistemas Por Unidad, Flujo de Carga,\u00a0 Conceptos sobre Cortocircuitos y Estabilidad, Despacho Econ\u00f3mico de Unidades T\u00e9rmicas, Flujo por una L\u00ednea de Transmisi\u00f3n, Conceptos sobre el Mercado El\u00e9ctrico)<\/p>\n<p>&#8211; <em>Revistas, Art\u00edculos, P\u00e1ginas Web.<\/em><\/p>\n<p>&nbsp;<\/p>\n","protected":false},"excerpt":{"rendered":"<p>&#8211; An\u00e1lisis de Sistemas de Potencia, Grainger, Stevenson, Mc Graw Hill. 1996. &#8211; Electric Energy Systems Theory-An Introduction, Second Edition, Olle Elgerd, Mc Graw Hill, 1982. &#8211; Power System Analysis and Design, Second Edition, Duncan Glover, Mulukutla Sarma, PWS Publishers, 1994. &#8211; Power Operation and Control, Third Edition, Allen Wood, Bruce Wollenberg, Edit. Wiley&amp;Sons, 2014. [&hellip;]<\/p>\n","protected":false},"author":131,"featured_media":0,"parent":0,"menu_order":8,"comment_status":"closed","ping_status":"closed","template":"","meta":[],"_links":{"self":[{"href":"https:\/\/catedras.facet.unt.edu.ar\/sep\/wp-json\/wp\/v2\/pages\/80"}],"collection":[{"href":"https:\/\/catedras.facet.unt.edu.ar\/sep\/wp-json\/wp\/v2\/pages"}],"about":[{"href":"https:\/\/catedras.facet.unt.edu.ar\/sep\/wp-json\/wp\/v2\/types\/page"}],"author":[{"embeddable":true,"href":"https:\/\/catedras.facet.unt.edu.ar\/sep\/wp-json\/wp\/v2\/users\/131"}],"replies":[{"embeddable":true,"href":"https:\/\/catedras.facet.unt.edu.ar\/sep\/wp-json\/wp\/v2\/comments?post=80"}],"version-history":[{"count":2,"href":"https:\/\/catedras.facet.unt.edu.ar\/sep\/wp-json\/wp\/v2\/pages\/80\/revisions"}],"predecessor-version":[{"id":99,"href":"https:\/\/catedras.facet.unt.edu.ar\/sep\/wp-json\/wp\/v2\/pages\/80\/revisions\/99"}],"wp:attachment":[{"href":"https:\/\/catedras.facet.unt.edu.ar\/sep\/wp-json\/wp\/v2\/media?parent=80"}],"curies":[{"name":"wp","href":"https:\/\/api.w.org\/{rel}","templated":true}]}}