{"id":653,"date":"2021-12-29T20:12:30","date_gmt":"2021-12-29T23:12:30","guid":{"rendered":"https:\/\/catedras.facet.unt.edu.ar\/senialeselectricas\/?page_id=653"},"modified":"2021-12-29T20:13:36","modified_gmt":"2021-12-29T23:13:36","slug":"aula-virtual","status":"publish","type":"page","link":"https:\/\/catedras.facet.unt.edu.ar\/senialeselectricas\/materias\/senales-electricas\/aula-virtual\/","title":{"rendered":"Aula virtual (Alumnos)"},"content":{"rendered":"<div id=\"pl-653\"  class=\"panel-layout\" ><div id=\"pg-653-0\"  class=\"panel-grid panel-no-style\" ><div id=\"pgc-653-0-0\"  class=\"panel-grid-cell\" ><div id=\"panel-653-0-0-0\" class=\"so-panel widget widget_text panel-first-child panel-last-child\" data-index=\"0\" ><h3 class=\"widget-title\">Se\u00f1ales El\u00e9ctricas: Aula Virtual<\/h3>\t\t\t<div class=\"textwidget\"><\/div>\n\t\t<\/div><\/div><\/div><div id=\"pg-653-1\"  class=\"panel-grid panel-no-style\" ><div id=\"pgc-653-1-0\"  class=\"panel-grid-cell\" ><div id=\"panel-653-1-0-0\" class=\"so-panel widget widget_circleicon-widget panel-first-child panel-last-child\" data-index=\"1\" >\t\t<div class=\"circle-icon-box circle-icon-position-top circle-icon-hide-box circle-icon-size-small\">\n\t\t\t<div class=\"circle-icon-wrapper\">\n\t\t\t\t<a href=\"https:\/\/facetvirtual.facet.unt.edu.ar\/enrol\/index.php?id=338\" class=\"link-icon\" target=\"_blank\">\t\t\t\t<div class=\"circle-icon\" >\n\t\t\t\t\t<div class=\"fa fa-link\" ><\/div>\t\t\t\t<\/div>\n\t\t\t\t<\/a>\t\t\t<\/div>\n\n\t\t\t<a href=\"https:\/\/facetvirtual.facet.unt.edu.ar\/enrol\/index.php?id=338\" class=\"link-title\" target=\"_blank\">\t\t\t<h4 >Aula Virtual<\/h4>\t\t\t<\/a>\n\t\t\t<p class=\"text\" >Ingres\u00e1 a nuestra aula virtual (solo alumnos)<\/p>\t\t\t\t\t\t\t<a href=\"https:\/\/facetvirtual.facet.unt.edu.ar\/enrol\/index.php?id=338\" class=\"more-button\" target=\"_blank\">M\u00e1s informaci\u00f3n <i><\/i><\/a>\n\t\t\t\t\t<\/div>\n\t\t<\/div><\/div><\/div><\/div>","protected":false},"excerpt":{"rendered":"<p>Se\u00f1ales El\u00e9ctricas: Aula Virtual Aula Virtual Ingres\u00e1 a nuestra aula virtual (solo alumnos) M\u00e1s informaci\u00f3n<\/p>\n","protected":false},"author":123641,"featured_media":0,"parent":323,"menu_order":0,"comment_status":"closed","ping_status":"closed","template":"templates\/template-full-notitle.php","meta":[],"_links":{"self":[{"href":"https:\/\/catedras.facet.unt.edu.ar\/senialeselectricas\/wp-json\/wp\/v2\/pages\/653"}],"collection":[{"href":"https:\/\/catedras.facet.unt.edu.ar\/senialeselectricas\/wp-json\/wp\/v2\/pages"}],"about":[{"href":"https:\/\/catedras.facet.unt.edu.ar\/senialeselectricas\/wp-json\/wp\/v2\/types\/page"}],"author":[{"embeddable":true,"href":"https:\/\/catedras.facet.unt.edu.ar\/senialeselectricas\/wp-json\/wp\/v2\/users\/123641"}],"replies":[{"embeddable":true,"href":"https:\/\/catedras.facet.unt.edu.ar\/senialeselectricas\/wp-json\/wp\/v2\/comments?post=653"}],"version-history":[{"count":5,"href":"https:\/\/catedras.facet.unt.edu.ar\/senialeselectricas\/wp-json\/wp\/v2\/pages\/653\/revisions"}],"predecessor-version":[{"id":663,"href":"https:\/\/catedras.facet.unt.edu.ar\/senialeselectricas\/wp-json\/wp\/v2\/pages\/653\/revisions\/663"}],"up":[{"embeddable":true,"href":"https:\/\/catedras.facet.unt.edu.ar\/senialeselectricas\/wp-json\/wp\/v2\/pages\/323"}],"wp:attachment":[{"href":"https:\/\/catedras.facet.unt.edu.ar\/senialeselectricas\/wp-json\/wp\/v2\/media?parent=653"}],"curies":[{"name":"wp","href":"https:\/\/api.w.org\/{rel}","templated":true}]}}