{"id":604,"date":"2021-12-29T19:38:59","date_gmt":"2021-12-29T22:38:59","guid":{"rendered":"https:\/\/catedras.facet.unt.edu.ar\/senialeselectricas\/?page_id=604"},"modified":"2026-03-13T09:21:51","modified_gmt":"2026-03-13T12:21:51","slug":"trabajos-practicos-2","status":"publish","type":"page","link":"https:\/\/catedras.facet.unt.edu.ar\/senialeselectricas\/materias\/senales-electricas\/trabajos-practicos-2\/","title":{"rendered":"Trabajos Pr\u00e1cticos"},"content":{"rendered":"<div id=\"pl-604\" class=\"panel-layout\">\n<div id=\"pg-604-0\" class=\"panel-grid panel-no-style\" data-style=\"{&quot;cell_alignment&quot;:&quot;flex-start&quot;,&quot;background_image_repeat&quot;:&quot;&quot;,&quot;no_margin&quot;:&quot;&quot;}\" data-ratio=\"1\" data-ratio-direction=\"right\">\n<div id=\"pgc-604-0-0\" class=\"panel-grid-cell\" data-weight=\"1\">\n<div id=\"panel-604-0-0-0\" class=\"so-panel widget widget_text panel-first-child panel-last-child\" data-index=\"0\" data-style=\"{&quot;background_image_attachment&quot;:false,&quot;background_display&quot;:&quot;tile&quot;}\">\n<h3 class=\"widget-title\">Se\u00f1ales El\u00e9ctricas: Trabajos Pr\u00e1cticos<\/h3>\n<p><span style=\"text-decoration: underline\">A\u00d1O 2025:<\/span><\/p>\n<p><a href=\"https:\/\/catedras.facet.unt.edu.ar\/senialeselectricas\/wp-content\/uploads\/sites\/108\/2026\/03\/Carpeta-Trabajos-Practicos-_-EAL-2025.pdf\">Carpeta TP 2025.<\/a><\/p>\n<p>&nbsp;<\/p>\n<p><span style=\"text-decoration: underline\">A\u00d1O 2023:<\/span><\/p>\n<p><a href=\"https:\/\/catedras.facet.unt.edu.ar\/senialeselectricas\/wp-content\/uploads\/sites\/108\/2023\/06\/TrabajoPractico7_Tema345_EAL2023.pdf\">Trabajo_Practico_n7_Tema345_EAL2023<\/a><\/p>\n<p><a href=\"https:\/\/catedras.facet.unt.edu.ar\/senialeselectricas\/wp-content\/uploads\/sites\/108\/2023\/05\/Ejercicios-Practica-6-Temas-3-y-4.pdf\">Trabajo_Practico_n6_Temas_3y4_EAL_2023<\/a><\/p>\n<p><a href=\"https:\/\/catedras.facet.unt.edu.ar\/senialeselectricas\/wp-content\/uploads\/sites\/108\/2023\/05\/Practica-5-Tema-2-3-4-SENALES-2023.pdf\">Trabajo_Practico_n5_Temas_2,3y4_EAL_2023<\/a><\/p>\n<p><a href=\"https:\/\/catedras.facet.unt.edu.ar\/senialeselectricas\/wp-content\/uploads\/sites\/108\/2023\/04\/Ejercicios-Practica-4-Tema-2-SENALES-17-04-22.pdf\">Trabajo_Practico_n4_Tema 2_EAL_2023<\/a><\/p>\n<p><a href=\"https:\/\/catedras.facet.unt.edu.ar\/senialeselectricas\/wp-content\/uploads\/sites\/108\/2023\/04\/Trabajo-Practico-n\u00b03-Tema-2.pdf\">Trabajo_Practico_n3_Tema 2_EAL_2023<\/a><\/p>\n<p><a href=\"https:\/\/catedras.facet.unt.edu.ar\/senialeselectricas\/wp-content\/uploads\/sites\/108\/2023\/03\/Trabajo_Practico_n2_Tema-1_EAL_2023.pdf\">Trabajo_Practico_n2_Tema 1_EAL_2023<\/a><\/p>\n<p><a href=\"https:\/\/catedras.facet.unt.edu.ar\/senialeselectricas\/wp-content\/uploads\/sites\/108\/2023\/03\/Trabajo_Practico_n1_parte2_EAL_2023.pdf\">Trabajo_Practico_n1_parte2_EAL_2023<\/a><\/p>\n<div class=\"textwidget\">\n<p><a href=\"https:\/\/catedras.facet.unt.edu.ar\/senialeselectricas\/wp-content\/uploads\/sites\/108\/2023\/03\/Trabajo_Practico_n1_parte1_EAL_2023.pdf\">Trabajo_Practico_n1_parte1_EAL_2023<\/a><\/p>\n<p><a href=\"https:\/\/catedras.facet.unt.edu.ar\/senialeselectricas\/wp-content\/uploads\/sites\/108\/2018\/03\/Carpeta_TP_problemas-resueltos.pdf\" target=\"_blank\" rel=\"noopener noreferrer\">Viejos Ejercicios resueltos<\/a><\/p>\n<p>&nbsp;<\/p>\n<p>&nbsp;<\/p>\n<\/div>\n<\/div>\n<\/div>\n<\/div>\n<\/div>\n","protected":false},"excerpt":{"rendered":"<p>Se\u00f1ales El\u00e9ctricas: Trabajos Pr\u00e1cticos A\u00d1O 2025: Carpeta TP 2025. &nbsp; A\u00d1O 2023: Trabajo_Practico_n7_Tema345_EAL2023 Trabajo_Practico_n6_Temas_3y4_EAL_2023 Trabajo_Practico_n5_Temas_2,3y4_EAL_2023 Trabajo_Practico_n4_Tema 2_EAL_2023 Trabajo_Practico_n3_Tema 2_EAL_2023 Trabajo_Practico_n2_Tema 1_EAL_2023 Trabajo_Practico_n1_parte2_EAL_2023 Trabajo_Practico_n1_parte1_EAL_2023 Viejos Ejercicios resueltos &nbsp; &nbsp;<\/p>\n","protected":false},"author":123641,"featured_media":0,"parent":323,"menu_order":0,"comment_status":"closed","ping_status":"closed","template":"templates\/template-full-notitle.php","meta":[],"_links":{"self":[{"href":"https:\/\/catedras.facet.unt.edu.ar\/senialeselectricas\/wp-json\/wp\/v2\/pages\/604"}],"collection":[{"href":"https:\/\/catedras.facet.unt.edu.ar\/senialeselectricas\/wp-json\/wp\/v2\/pages"}],"about":[{"href":"https:\/\/catedras.facet.unt.edu.ar\/senialeselectricas\/wp-json\/wp\/v2\/types\/page"}],"author":[{"embeddable":true,"href":"https:\/\/catedras.facet.unt.edu.ar\/senialeselectricas\/wp-json\/wp\/v2\/users\/123641"}],"replies":[{"embeddable":true,"href":"https:\/\/catedras.facet.unt.edu.ar\/senialeselectricas\/wp-json\/wp\/v2\/comments?post=604"}],"version-history":[{"count":46,"href":"https:\/\/catedras.facet.unt.edu.ar\/senialeselectricas\/wp-json\/wp\/v2\/pages\/604\/revisions"}],"predecessor-version":[{"id":1277,"href":"https:\/\/catedras.facet.unt.edu.ar\/senialeselectricas\/wp-json\/wp\/v2\/pages\/604\/revisions\/1277"}],"up":[{"embeddable":true,"href":"https:\/\/catedras.facet.unt.edu.ar\/senialeselectricas\/wp-json\/wp\/v2\/pages\/323"}],"wp:attachment":[{"href":"https:\/\/catedras.facet.unt.edu.ar\/senialeselectricas\/wp-json\/wp\/v2\/media?parent=604"}],"curies":[{"name":"wp","href":"https:\/\/api.w.org\/{rel}","templated":true}]}}