{"id":591,"date":"2021-12-29T19:05:04","date_gmt":"2021-12-29T22:05:04","guid":{"rendered":"https:\/\/catedras.facet.unt.edu.ar\/senialeselectricas\/?page_id=591"},"modified":"2026-03-13T09:54:22","modified_gmt":"2026-03-13T12:54:22","slug":"reglamento","status":"publish","type":"page","link":"https:\/\/catedras.facet.unt.edu.ar\/senialeselectricas\/materias\/senales-electricas\/reglamento\/","title":{"rendered":"Reglamento"},"content":{"rendered":"<div id=\"pl-591\"  class=\"panel-layout\" ><div id=\"pg-591-0\"  class=\"panel-grid panel-no-style\" ><div id=\"pgc-591-0-0\"  class=\"panel-grid-cell\" ><div id=\"panel-591-0-0-0\" class=\"so-panel widget widget_text panel-first-child panel-last-child\" data-index=\"0\" ><h3 class=\"widget-title\">Se\u00f1ales El\u00e9ctricas: Reglamento<\/h3>\t\t\t<div class=\"textwidget\"><\/div>\n\t\t<\/div><\/div><\/div><div id=\"pg-591-1\"  class=\"panel-grid panel-no-style\" ><div id=\"pgc-591-1-0\"  class=\"panel-grid-cell\" ><div id=\"panel-591-1-0-0\" class=\"so-panel widget widget_text panel-first-child panel-last-child\" data-index=\"1\" >\t\t\t<div class=\"textwidget\"><p>SE\u00d1ALES EL\u00c9CTRICAS corresponde al 9\u00ba m\u00f3dulo de la carrera de Ing. Electr\u00f3nica.<\/p>\n<\/div>\n\t\t<\/div><\/div><\/div><div id=\"pg-591-2\"  class=\"panel-grid panel-no-style\" ><div id=\"pgc-591-2-0\"  class=\"panel-grid-cell\" ><div id=\"panel-591-2-0-0\" class=\"so-panel widget widget_text panel-first-child panel-last-child\" data-index=\"2\" ><h3 class=\"widget-title\">Condiciones necesarias para cursar<\/h3>\t\t\t<div class=\"textwidget\"><ol>\n<li>Haber <strong>aprobado<\/strong> las asignaturas:\n<ul>\n<li>Circuitos El\u00e9ctricos 3 (E18)<\/li>\n<li>C\u00e1lculo 5 (TT8)<\/li>\n<li>Electr\u00f3nica 1 (E17)<\/li>\n<li>Probabilidad y Estad\u00edstica (TT7)<\/li>\n<\/ul>\n<p>&nbsp;<\/li>\n<li>Haber <strong>regularizado<\/strong> las asignaturas:\n<ul>\n<li>Electr\u00f3nica 3 (E24)<\/li>\n<li>Dispositivos Electr\u00f3nicos (EBO)<\/li>\n<\/ul>\n<\/li>\n<\/ol>\n<\/div>\n\t\t<\/div><\/div><div id=\"pgc-591-2-1\"  class=\"panel-grid-cell\" ><div id=\"panel-591-2-1-0\" class=\"so-panel widget widget_text panel-first-child panel-last-child\" data-index=\"3\" ><h3 class=\"widget-title\">Condiciones necesarias para rendir examen final u obtener la calificaci\u00f3n definitiva<\/h3>\t\t\t<div class=\"textwidget\"><ol>\n<li>Haber <strong>aprobado<\/strong> las asignaturas:\n<ul>\n<li>Electr\u00f3nica 3 (E24)<\/li>\n<li>Dispositivos Electr\u00f3nicos (EBO)<\/li>\n<\/ul>\n<\/li>\n<\/ol>\n<\/div>\n\t\t<\/div><\/div><\/div><div id=\"pg-591-3\"  class=\"panel-grid panel-no-style\" ><div id=\"pgc-591-3-0\"  class=\"panel-grid-cell\" ><div id=\"panel-591-3-0-0\" class=\"so-panel widget widget_black-studio-tinymce widget_black_studio_tinymce panel-first-child panel-last-child\" data-index=\"4\" ><div class=\"textwidget\"><hr \/>\n<p>&nbsp;<\/p>\n<\/div><\/div><\/div><\/div><div id=\"pg-591-4\"  class=\"panel-grid panel-no-style\" ><div id=\"pgc-591-4-0\"  class=\"panel-grid-cell panel-grid-cell-mobile-last\" ><div id=\"panel-591-4-0-0\" class=\"so-panel widget widget_text panel-first-child panel-last-child\" data-index=\"5\" ><h3 class=\"widget-title\">Condiciones necesarias para Aprobar<\/h3>\t\t\t<div class=\"textwidget\"><p><strong>Para APROBAR la asignatura el alumno deber\u00e1 tener aprobados todos los parciales, quizes y pr\u00e1cticos.\u00a0 La aprobaci\u00f3n puede lograrse en la primera instancia de evaluaci\u00f3n o en la instancia de recuperaci\u00f3n una vez finalizado el cursado.\u00a0<\/strong><\/p>\n<ul>\n<li>Durante las semanas de clases se tendr\u00e1n como instancias de evaluaci\u00f3n:<\/li>\n<\/ul>\n<ol>\n<li>Tres (3) Ex\u00e1menes Parciales, cuya calificaci\u00f3n m\u00ednima de aprobaci\u00f3n de cada una de ellas ser\u00e1 de 7 puntos.<\/li>\n<li>Cinco (5) evaluaciones r\u00e1pidas (quiz), los cuales se calificar\u00e1n como Aprobado o Desaprobado.<\/li>\n<li>Presentaci\u00f3n de ejercicios de trabajos pr\u00e1cticos, los cuales se calificar\u00e1n como Aprobado o Desaprobado.<\/li>\n<\/ol>\n<ul>\n<li>Asistencia: s\u00f3lo es obligatoria para las instancias de evaluaci\u00f3n. La inasistencia a una evaluaci\u00f3n implica el estado de <strong>\u00abdesaprobado\u00bb<\/strong> en la misma, teniendo que recuperarla durante las semanas de recuperaci\u00f3n.<\/li>\n<li><span style=\"font-weight: 400\">La calificaci\u00f3n definitiva se calcula mediante la suma ponderada de las calificaciones de Parciales, Quiz, TPs y exposiciones Orales, con los siguientes factores de ponderaci\u00f3n:<\/span><span style=\"font-weight: 400\">*Parciales: 0,5\u00a0 \u00a0<\/span><span style=\"font-weight: 400\">*Trabajos pr\u00e1cticos y quizzes: 0,2\u00a0 <\/span><span style=\"font-weight: 400\">*Evaluaci\u00f3n Oral: de 0 a 3 puntos.<\/span><span style=\"font-weight: 400\">Los estudiantes que <\/span><strong>hayan<\/strong><span style=\"font-weight: 400\"><strong> aprobado las evaluaciones realizadas en el per\u00edodo de clases<\/strong> tendr\u00e1n derecho a <strong>elevar<\/strong> su calificaci\u00f3n definitiva mediante la realizaci\u00f3n de una actividad integradora + evaluaci\u00f3n oral a llevarse a cabo\u00a0 durante el per\u00edodo de recuperaci\u00f3n.<\/span><\/li>\n<\/ul>\n<p>&nbsp;<\/p>\n<p>&nbsp;<\/p>\n<\/div>\n\t\t<\/div><\/div><div id=\"pgc-591-4-1\"  class=\"panel-grid-cell panel-grid-cell-empty\" ><\/div><\/div><\/div>","protected":false},"excerpt":{"rendered":"<p>SE\u00d1ALES EL\u00c9CTRICAS corresponde al 9\u00ba m\u00f3dulo de la carrera de Ing. Electr\u00f3nica.<\/p>\n","protected":false},"author":123641,"featured_media":0,"parent":323,"menu_order":0,"comment_status":"closed","ping_status":"closed","template":"templates\/template-full-notitle.php","meta":[],"_links":{"self":[{"href":"https:\/\/catedras.facet.unt.edu.ar\/senialeselectricas\/wp-json\/wp\/v2\/pages\/591"}],"collection":[{"href":"https:\/\/catedras.facet.unt.edu.ar\/senialeselectricas\/wp-json\/wp\/v2\/pages"}],"about":[{"href":"https:\/\/catedras.facet.unt.edu.ar\/senialeselectricas\/wp-json\/wp\/v2\/types\/page"}],"author":[{"embeddable":true,"href":"https:\/\/catedras.facet.unt.edu.ar\/senialeselectricas\/wp-json\/wp\/v2\/users\/123641"}],"replies":[{"embeddable":true,"href":"https:\/\/catedras.facet.unt.edu.ar\/senialeselectricas\/wp-json\/wp\/v2\/comments?post=591"}],"version-history":[{"count":37,"href":"https:\/\/catedras.facet.unt.edu.ar\/senialeselectricas\/wp-json\/wp\/v2\/pages\/591\/revisions"}],"predecessor-version":[{"id":1280,"href":"https:\/\/catedras.facet.unt.edu.ar\/senialeselectricas\/wp-json\/wp\/v2\/pages\/591\/revisions\/1280"}],"up":[{"embeddable":true,"href":"https:\/\/catedras.facet.unt.edu.ar\/senialeselectricas\/wp-json\/wp\/v2\/pages\/323"}],"wp:attachment":[{"href":"https:\/\/catedras.facet.unt.edu.ar\/senialeselectricas\/wp-json\/wp\/v2\/media?parent=591"}],"curies":[{"name":"wp","href":"https:\/\/api.w.org\/{rel}","templated":true}]}}