{"id":68,"date":"2017-03-02T11:30:29","date_gmt":"2017-03-02T14:30:29","guid":{"rendered":"https:\/\/catedras.facet.unt.edu.ar\/redesavanzadas\/?page_id=68"},"modified":"2017-03-02T11:31:36","modified_gmt":"2017-03-02T14:31:36","slug":"objetivos-ii","status":"publish","type":"page","link":"https:\/\/catedras.facet.unt.edu.ar\/redesavanzadas\/objetivos-ii\/","title":{"rendered":"Objetivos"},"content":{"rendered":"<p>Se plantea como objetivos al finalizar el curso que los participantes:<\/p>\n<ol>\n<li>Implementar esquemas tolerantes a fallas en redes locales.<\/li>\n<li>Realizar an\u00e1lisis y dise\u00f1o de redes de \u00e1rea local inal\u00e1mbricas dentro de edificios y a la intemperie.<\/li>\n<li>Realizar un proyecto de dise\u00f1o integral de una red de local, cubriendo todos sus componentes, con su correspondiente estudio de costo.<\/li>\n<li>Analizar estado de arte actual en las tecnolog\u00edas cubiertas y la tendencia a futuro de las mismas.<\/li>\n<\/ol>\n<p>Durante todo el desarrollo del curso se presentar\u00e1n y analizar\u00e1n ejemplos pr\u00e1cticos, que se someter\u00e1n a discusi\u00f3n con los participantes y ser\u00e1n de valor para fijar los conceptos desarrollados.<\/p>\n","protected":false},"excerpt":{"rendered":"<p>Se plantea como objetivos al finalizar el curso que los participantes: Implementar esquemas tolerantes a fallas en redes locales. Realizar an\u00e1lisis y dise\u00f1o de redes de \u00e1rea local inal\u00e1mbricas dentro de edificios y a la intemperie. Realizar un proyecto de dise\u00f1o integral de una red de local, cubriendo todos sus componentes, con su correspondiente estudio [&hellip;]<\/p>\n","protected":false},"author":101023,"featured_media":0,"parent":0,"menu_order":0,"comment_status":"closed","ping_status":"closed","template":"","meta":[],"_links":{"self":[{"href":"https:\/\/catedras.facet.unt.edu.ar\/redesavanzadas\/wp-json\/wp\/v2\/pages\/68"}],"collection":[{"href":"https:\/\/catedras.facet.unt.edu.ar\/redesavanzadas\/wp-json\/wp\/v2\/pages"}],"about":[{"href":"https:\/\/catedras.facet.unt.edu.ar\/redesavanzadas\/wp-json\/wp\/v2\/types\/page"}],"author":[{"embeddable":true,"href":"https:\/\/catedras.facet.unt.edu.ar\/redesavanzadas\/wp-json\/wp\/v2\/users\/101023"}],"replies":[{"embeddable":true,"href":"https:\/\/catedras.facet.unt.edu.ar\/redesavanzadas\/wp-json\/wp\/v2\/comments?post=68"}],"version-history":[{"count":2,"href":"https:\/\/catedras.facet.unt.edu.ar\/redesavanzadas\/wp-json\/wp\/v2\/pages\/68\/revisions"}],"predecessor-version":[{"id":70,"href":"https:\/\/catedras.facet.unt.edu.ar\/redesavanzadas\/wp-json\/wp\/v2\/pages\/68\/revisions\/70"}],"wp:attachment":[{"href":"https:\/\/catedras.facet.unt.edu.ar\/redesavanzadas\/wp-json\/wp\/v2\/media?parent=68"}],"curies":[{"name":"wp","href":"https:\/\/api.w.org\/{rel}","templated":true}]}}