{"id":19,"date":"2014-03-17T09:24:51","date_gmt":"2014-03-17T12:24:51","guid":{"rendered":"https:\/\/catedras.facet.unt.edu.ar\/prog2\/?page_id=19"},"modified":"2017-08-10T11:27:15","modified_gmt":"2017-08-10T14:27:15","slug":"programa","status":"publish","type":"page","link":"https:\/\/catedras.facet.unt.edu.ar\/prog2\/programa\/","title":{"rendered":"Programa"},"content":{"rendered":"<p><strong>Unidad I:\u00a0Introducci\u00f3n<\/strong><\/p>\n<p style=\"text-align: justify;\">Historia de Java &#8211; Tipos de datos y m\u00e9todos &#8211; Operadores &#8211; Sentencias de control &#8211; Paquetes &#8211; Funcionamiento &#8211; Herramientas &#8211; Diferencia entre POO y POP<\/p>\n<p><strong>Unidad II:\u00a0Clases y objetos<\/strong><\/p>\n<p style=\"text-align: justify;\">Clases: definici\u00f3n, m\u00e9todos, atributos &#8211; Objetos &#8211; Vida de un objeto<\/p>\n<p><strong>Unidad III:\u00a0Abstracci\u00f3n y encapsulamiento<\/strong><\/p>\n<p style=\"text-align: justify;\">Abstracci\u00f3n y encapsulamiento \u2013 Sobrecarga<\/p>\n<p><strong>Unidad IV:\u00a0Relaciones entre clases<\/strong><\/p>\n<p style=\"text-align: justify;\">Relaciones entre clases: asociaci\u00f3n, agregaci\u00f3n y herencia<\/p>\n<p><strong>Unidad V:\u00a0Herencia<\/strong><\/p>\n<p style=\"text-align: justify;\">Relaci\u00f3n de herencia &#8211; Caracter\u00edsticas &#8211; Redefinici\u00f3n de m\u00e9todos &#8211; Polimorfismo &#8211; Comparaci\u00f3n de objetos &#8211; Clases abstractas<\/p>\n<p><strong>Unidad VI:\u00a0M\u00e9todos y variables de clase<\/strong><\/p>\n<p style=\"text-align: justify;\">M\u00e9todos de clase &#8211; Variables de clase<\/p>\n<p><strong>Unidad VII:\u00a0Interfaces y tipos gen\u00e9ricos<\/strong><\/p>\n<p style=\"text-align: justify;\">Interfaces &#8211; Caracter\u00edsticas &#8211; Interfaz funcional \u2013 Interfaz vs. Clase abstracta &#8211; Introducci\u00f3n a los tipos gen\u00e9ricos<\/p>\n<p style=\"text-align: justify;\"><strong>Unidad VIII:\u00a0Colecciones<\/strong><\/p>\n<p style=\"text-align: justify;\">Colecciones &#8211; Instanciaci\u00f3n de colecciones &#8211; Ordenamiento<\/p>\n<p><strong>Unidad IX:\u00a0Manejo de excepciones<\/strong><\/p>\n<p style=\"text-align: justify;\">Manejo de excepciones &#8211; M\u00faltiples excepciones &#8211; Propagaci\u00f3n de excepciones<\/p>\n<p style=\"text-align: justify;\"><strong>Unidad X:\u00a0Persistencia<\/strong><\/p>\n<p style=\"text-align: justify;\">Persistencia &#8211; Archivos de texto &#8211; Uso de buffers<\/p>\n<p style=\"text-align: justify;\"><strong>Unidad XI:\u00a0Interfaz gr\u00e1fica<\/strong><\/p>\n<p style=\"text-align: justify;\">Contenedores: marco, ventana de di\u00e1logo, panel &#8211; Componentes: etiqueta, campo de texto, bot\u00f3n, casilla de verificaci\u00f3n, bot\u00f3n de opciones, lista, combo, tabla &#8211; Manejo de eventos &#8211; Patr\u00f3n MVC<\/p>\n","protected":false},"excerpt":{"rendered":"<p>Unidad I:\u00a0Introducci\u00f3n Historia de Java &#8211; Tipos de datos y m\u00e9todos &#8211; Operadores &#8211; Sentencias de control &#8211; Paquetes &#8211; Funcionamiento &#8211; Herramientas &#8211; Diferencia entre POO y POP Unidad II:\u00a0Clases y objetos Clases: definici\u00f3n, m\u00e9todos, atributos &#8211; Objetos &#8211; Vida de un objeto Unidad III:\u00a0Abstracci\u00f3n y encapsulamiento Abstracci\u00f3n y encapsulamiento \u2013 Sobrecarga Unidad IV:\u00a0Relaciones [&hellip;]<\/p>\n","protected":false},"author":8,"featured_media":0,"parent":0,"menu_order":20,"comment_status":"closed","ping_status":"closed","template":"","meta":[],"_links":{"self":[{"href":"https:\/\/catedras.facet.unt.edu.ar\/prog2\/wp-json\/wp\/v2\/pages\/19"}],"collection":[{"href":"https:\/\/catedras.facet.unt.edu.ar\/prog2\/wp-json\/wp\/v2\/pages"}],"about":[{"href":"https:\/\/catedras.facet.unt.edu.ar\/prog2\/wp-json\/wp\/v2\/types\/page"}],"author":[{"embeddable":true,"href":"https:\/\/catedras.facet.unt.edu.ar\/prog2\/wp-json\/wp\/v2\/users\/8"}],"replies":[{"embeddable":true,"href":"https:\/\/catedras.facet.unt.edu.ar\/prog2\/wp-json\/wp\/v2\/comments?post=19"}],"version-history":[{"count":10,"href":"https:\/\/catedras.facet.unt.edu.ar\/prog2\/wp-json\/wp\/v2\/pages\/19\/revisions"}],"predecessor-version":[{"id":616,"href":"https:\/\/catedras.facet.unt.edu.ar\/prog2\/wp-json\/wp\/v2\/pages\/19\/revisions\/616"}],"wp:attachment":[{"href":"https:\/\/catedras.facet.unt.edu.ar\/prog2\/wp-json\/wp\/v2\/media?parent=19"}],"curies":[{"name":"wp","href":"https:\/\/api.w.org\/{rel}","templated":true}]}}