{"id":84,"date":"2023-04-13T22:34:57","date_gmt":"2023-04-14T01:34:57","guid":{"rendered":"https:\/\/catedras.facet.unt.edu.ar\/plantapiloto\/?page_id=84"},"modified":"2026-03-05T13:07:37","modified_gmt":"2026-03-05T16:07:37","slug":"mesas-especiales-2024","status":"publish","type":"page","link":"https:\/\/catedras.facet.unt.edu.ar\/plantapiloto\/mesas-especiales-2024\/","title":{"rendered":"Mesas Especiales y Regulares 2025"},"content":{"rendered":"<p dir=\"ltr\" style=\"text-align: center\"><span style=\"text-decoration: underline;font-size: 18pt\"><span style=\"color: #008000\"><strong> SEGUNDO CUATRIMESTRE 2025<\/strong><\/span><\/span><\/p>\n<ul>\n<li><strong>Esta preinscripci\u00f3n es para organizaci\u00f3n interna de la c\u00e1tedra. No olvidarse que debe inscribirse por el SIU GUARAN\u00ed<\/strong><\/li>\n<li>\n<p dir=\"ltr\"><span style=\"font-size: 14pt\">Recibir\u00e1n las instrucciones por el correo electr\u00f3nico declarado en el formulario de preinscripci\u00f3n.<\/span><\/p>\n<\/li>\n<\/ul>\n<p dir=\"ltr\"><span style=\"color: #0000ff\"><strong><span style=\"font-size: 14pt\">\u00a0<span style=\"text-decoration: underline\">MESA REGULAR JUEVES 05 DE MARZO DE 2026<\/span><\/span><\/strong><\/span><\/p>\n<p dir=\"ltr\"><span style=\"font-size: 14pt\">Se tomar\u00e1 examen de la materia en MESA REGULAR el d\u00eda\u00a0 viernes 06 de marzo de 2026 (\u00fanica fecha).\u00a0 Los interesados deben preinscribirse a trav\u00e9s del formulario con el c\u00f3digo QR<\/span><\/p>\n<ul>\n<li><img loading=\"lazy\" class=\"wp-image-173 aligncenter\" src=\"https:\/\/catedras.facet.unt.edu.ar\/plantapiloto\/wp-content\/uploads\/sites\/143\/2025\/12\/5-de-marzo-2026.png\" alt=\"\" width=\"149\" height=\"149\" \/>\n<p dir=\"ltr\" role=\"presentation\"><span style=\"font-size: 14pt\">Fecha l\u00edmite para preinscribirse: lunes 02 de marzo de 2026 a las 12: 00 horas<\/span><\/p>\n<\/li>\n<\/ul>\n<p dir=\"ltr\"><span style=\"color: #0000ff\"><strong><span style=\"font-size: 14pt\"><span style=\"text-decoration: underline\">MESA REGULAR VIERNES 13 DE MARZO DE 2026<\/span><\/span><\/strong><\/span><\/p>\n<p dir=\"ltr\"><span style=\"font-size: 14pt\">Se tomar\u00e1 examen de la materia en MESA REGULAR el d\u00eda\u00a0 viernes 06 de marzo de 2026 (\u00fanica fecha).\u00a0 Los interesados deben preinscribirse a trav\u00e9s del formulario con el c\u00f3digo QR<\/span><\/p>\n<ul>\n<li>\n<p dir=\"ltr\" role=\"presentation\"><span style=\"font-size: 14pt\">Fecha l\u00edmite para preinscribirse: lunes 09 de marzo de 2026 a las 12: 00 horas<\/span><\/p>\n<\/li>\n<\/ul>\n<p><img loading=\"lazy\" class=\"wp-image-174 aligncenter\" src=\"https:\/\/catedras.facet.unt.edu.ar\/plantapiloto\/wp-content\/uploads\/sites\/143\/2025\/12\/13-de-marzo-2026.png\" alt=\"\" width=\"164\" height=\"164\" \/><\/p>\n<p dir=\"ltr\"><span style=\"color: #0000ff\"><strong><span style=\"font-size: 14pt\">\u00a0MESA REGULAR ESPECIAL 10\/04\/26<\/span><\/strong><\/span><\/p>\n<p dir=\"ltr\">Se tomar\u00e1 examen de la materia en MESA REGULAR el d\u00eda\u00a0 viernes 10 de abril de 2026 (\u00fanica fecha).\u00a0 Los interesados deben preinscribirse a trav\u00e9s del formulario con el c\u00f3digo QR<\/p>\n<ul>\n<li>\n<p dir=\"ltr\" role=\"presentation\">Fecha l\u00edmite para preinscribirse: lunes 05 de abril de 2026 a las 12: 00 horas<\/p>\n<\/li>\n<\/ul>\n<p dir=\"ltr\">Recibir\u00e1n las instrucciones por el correo electr\u00f3nico declarado en el formulario de preinscripci\u00f3n.<\/p>\n<p><img loading=\"lazy\" class=\"wp-image-186 aligncenter\" src=\"https:\/\/catedras.facet.unt.edu.ar\/plantapiloto\/wp-content\/uploads\/sites\/143\/2026\/03\/mesa-especial-10-de-abril-2026.png\" alt=\"\" width=\"166\" height=\"166\" \/><\/p>\n<p dir=\"ltr\"><span style=\"color: #0000ff\"><strong><span style=\"font-size: 14pt\">\u00a0MESA REGULAR ESPECIAL 08\/05\/26<\/span><\/strong><\/span><\/p>\n<p dir=\"ltr\">Se tomar\u00e1 examen de la materia en MESA REGULAR el d\u00eda\u00a0 viernes 08 de mayo de 2026 (\u00fanica fecha).\u00a0 Los interesados deben preinscribirse a trav\u00e9s del formulario con el c\u00f3digo QR<\/p>\n<ul>\n<li>\n<p dir=\"ltr\" role=\"presentation\">Fecha l\u00edmite para preinscribirse: lunes 04 de mayo de 2026 a las 12: 00 horas<\/p>\n<\/li>\n<\/ul>\n<p dir=\"ltr\">Recibir\u00e1n las instrucciones por el correo electr\u00f3nico declarado en el formulario de preinscripci\u00f3n.<\/p>\n<p dir=\"ltr\"><img loading=\"lazy\" class=\"wp-image-187 aligncenter\" src=\"https:\/\/catedras.facet.unt.edu.ar\/plantapiloto\/wp-content\/uploads\/sites\/143\/2026\/03\/mesa-especial-8-mayo-2026.png\" alt=\"\" width=\"155\" height=\"155\" \/><\/p>\n<p>&nbsp;<\/p>\n<p>&nbsp;<\/p>\n<p>&nbsp;<\/p>\n<p>&nbsp;<\/p>\n<p dir=\"ltr\">\n","protected":false},"excerpt":{"rendered":"<p>SEGUNDO CUATRIMESTRE 2025 Esta preinscripci\u00f3n es para organizaci\u00f3n interna de la c\u00e1tedra. No olvidarse que debe inscribirse por el SIU GUARAN\u00ed Recibir\u00e1n las instrucciones por el correo electr\u00f3nico declarado en el formulario de preinscripci\u00f3n. \u00a0MESA REGULAR JUEVES 05 DE MARZO DE 2026 Se tomar\u00e1 examen de la materia en MESA REGULAR el d\u00eda\u00a0 viernes 06 [&hellip;]<\/p>\n","protected":false},"author":123669,"featured_media":0,"parent":0,"menu_order":0,"comment_status":"closed","ping_status":"closed","template":"","meta":[],"_links":{"self":[{"href":"https:\/\/catedras.facet.unt.edu.ar\/plantapiloto\/wp-json\/wp\/v2\/pages\/84"}],"collection":[{"href":"https:\/\/catedras.facet.unt.edu.ar\/plantapiloto\/wp-json\/wp\/v2\/pages"}],"about":[{"href":"https:\/\/catedras.facet.unt.edu.ar\/plantapiloto\/wp-json\/wp\/v2\/types\/page"}],"author":[{"embeddable":true,"href":"https:\/\/catedras.facet.unt.edu.ar\/plantapiloto\/wp-json\/wp\/v2\/users\/123669"}],"replies":[{"embeddable":true,"href":"https:\/\/catedras.facet.unt.edu.ar\/plantapiloto\/wp-json\/wp\/v2\/comments?post=84"}],"version-history":[{"count":15,"href":"https:\/\/catedras.facet.unt.edu.ar\/plantapiloto\/wp-json\/wp\/v2\/pages\/84\/revisions"}],"predecessor-version":[{"id":188,"href":"https:\/\/catedras.facet.unt.edu.ar\/plantapiloto\/wp-json\/wp\/v2\/pages\/84\/revisions\/188"}],"wp:attachment":[{"href":"https:\/\/catedras.facet.unt.edu.ar\/plantapiloto\/wp-json\/wp\/v2\/media?parent=84"}],"curies":[{"name":"wp","href":"https:\/\/api.w.org\/{rel}","templated":true}]}}

<p dir="ltr" style="text-align: center"><span style="text-decoration: underline;font-size: 18pt"><span style="color: #008000"><strong> SEGUNDO CUATRIMESTRE 2025</strong></span></span></p>
<ul>
<li><strong>Esta preinscripción es para organización interna de la cátedra. No olvidarse que debe inscribirse por el SIU GUARANí</strong></li>
<li>
<p dir="ltr"><span style="font-size: 14pt">Recibirán las instrucciones por el correo electrónico declarado en el formulario de preinscripción.</span></p>
</li>
</ul>
<p dir="ltr"><span style="color: #0000ff"><strong><span style="font-size: 14pt"> <span style="text-decoration: underline">MESA REGULAR JUEVES 05 DE MARZO DE 2026</span></span></strong></span></p>
<p dir="ltr"><span style="font-size: 14pt">Se tomará examen de la materia en MESA REGULAR el día  viernes 06 de marzo de 2026 (única fecha).  Los interesados deben preinscribirse a través del formulario con el código QR</span></p>
<ul>
<li><img loading="lazy" class="wp-image-173 aligncenter" src="https://catedras.facet.unt.edu.ar/plantapiloto/wp-content/uploads/sites/143/2025/12/5-de-marzo-2026.png" alt="" width="149" height="149" />
<p dir="ltr" role="presentation"><span style="font-size: 14pt">Fecha límite para preinscribirse: lunes 02 de marzo de 2026 a las 12: 00 horas</span></p>
</li>
</ul>
<p dir="ltr"><span style="color: #0000ff"><strong><span style="font-size: 14pt"><span style="text-decoration: underline">MESA REGULAR VIERNES 13 DE MARZO DE 2026</span></span></strong></span></p>
<p dir="ltr"><span style="font-size: 14pt">Se tomará examen de la materia en MESA REGULAR el día  viernes 06 de marzo de 2026 (única fecha).  Los interesados deben preinscribirse a través del formulario con el código QR</span></p>
<ul>
<li>
<p dir="ltr" role="presentation"><span style="font-size: 14pt">Fecha límite para preinscribirse: lunes 09 de marzo de 2026 a las 12: 00 horas</span></p>
</li>
</ul>
<p><img loading="lazy" class="wp-image-174 aligncenter" src="https://catedras.facet.unt.edu.ar/plantapiloto/wp-content/uploads/sites/143/2025/12/13-de-marzo-2026.png" alt="" width="164" height="164" /></p>
<p dir="ltr"><span style="color: #0000ff"><strong><span style="font-size: 14pt"> MESA REGULAR ESPECIAL 10/04/26</span></strong></span></p>
<p dir="ltr">Se tomará examen de la materia en MESA REGULAR el día  viernes 10 de abril de 2026 (única fecha).  Los interesados deben preinscribirse a través del formulario con el código QR</p>
<ul>
<li>
<p dir="ltr" role="presentation">Fecha límite para preinscribirse: lunes 05 de abril de 2026 a las 12: 00 horas</p>
</li>
</ul>
<p dir="ltr">Recibirán las instrucciones por el correo electrónico declarado en el formulario de preinscripción.</p>
<p><img loading="lazy" class="wp-image-186 aligncenter" src="https://catedras.facet.unt.edu.ar/plantapiloto/wp-content/uploads/sites/143/2026/03/mesa-especial-10-de-abril-2026.png" alt="" width="166" height="166" /></p>
<p dir="ltr"><span style="color: #0000ff"><strong><span style="font-size: 14pt"> MESA REGULAR ESPECIAL 08/05/26</span></strong></span></p>
<p dir="ltr">Se tomará examen de la materia en MESA REGULAR el día  viernes 08 de mayo de 2026 (única fecha).  Los interesados deben preinscribirse a través del formulario con el código QR</p>
<ul>
<li>
<p dir="ltr" role="presentation">Fecha límite para preinscribirse: lunes 04 de mayo de 2026 a las 12: 00 horas</p>
</li>
</ul>
<p dir="ltr">Recibirán las instrucciones por el correo electrónico declarado en el formulario de preinscripción.</p>
<p dir="ltr"><img loading="lazy" class="wp-image-187 aligncenter" src="https://catedras.facet.unt.edu.ar/plantapiloto/wp-content/uploads/sites/143/2026/03/mesa-especial-8-mayo-2026.png" alt="" width="155" height="155" /></p>
<p>&nbsp;</p>
<p>&nbsp;</p>
<p>&nbsp;</p>
<p>&nbsp;</p>
<p dir="ltr">

<p>SEGUNDO CUATRIMESTRE 2025 Esta preinscripción es para organización interna de la cátedra. No olvidarse que debe inscribirse por el SIU GUARANí Recibirán las instrucciones por el correo electrónico declarado en el formulario de preinscripción.  MESA REGULAR JUEVES 05 DE MARZO DE 2026 Se tomará examen de la materia en MESA REGULAR el día  viernes 06 [&hellip;]</p>
