{"id":135,"date":"2014-10-21T11:13:23","date_gmt":"2014-10-21T14:13:23","guid":{"rendered":"https:\/\/catedras.facet.unt.edu.ar\/organizacion\/?page_id=135"},"modified":"2019-08-16T10:44:41","modified_gmt":"2019-08-16T13:44:41","slug":"condiciones","status":"publish","type":"page","link":"https:\/\/catedras.facet.unt.edu.ar\/organizacion\/condiciones\/","title":{"rendered":"CONDICIONES"},"content":{"rendered":"<p>El cursado de la asignatura es de car\u00e1cter Promocional. Los requisitos que deben satisfacer los alumnos para aprobar la asignatura en forma directa (promoci\u00f3n) son los siguientes:<br \/>\n\u2022\tR\u00e9gimen de Asistencia: 80% de asistencia obligatoria.<br \/>\n\u2022\tNota m\u00ednima en evaluativos y trabajos grupales: 6 (seis)<br \/>\n\u2022\tNota m\u00ednima promedio para poder promocionar: 8 (ocho)<\/p>\n<p>Cumplidos los pasos anteriores el alumno cumple con el R\u00e9gimen de Promoci\u00f3n, por lo que la materia se considera aprobada, quedando exento de rendir examen final.<\/p>\n<p>En el R\u00e9gimen de Regularizaci\u00f3n de la materia los requisitos que se deben satisfacer son:<br \/>\n\u2022\tR\u00e9gimen de Asistencia: 80% de asistencia obligatoria.<br \/>\n\u2022\tNota m\u00ednima en evaluativos y trabajos grupales: 4 (cuatro)<br \/>\n\u2022\tNota m\u00ednima promedio para poder regularizar: 4 (cuatro)<\/p>\n<p>Cumplidos los pasos anteriores el alumno cumple con el R\u00e9gimen de Regularizaci\u00f3n, por lo que est\u00e1 en condiciones de efectuar el Examen Final para la Aprobaci\u00f3n de la Asignatura. <\/p>\n<p>En caso de tener desaprobado alg\u00fan evaluativo se rendir\u00e1 un examen recuperatorio integral.<\/p>\n<p>Reglamentaci\u00f3n Interna de las Actividades Acad\u00e9micas de Grado de la UNT:<\/p>\n<p>Capitulo VII &#8211; DE LA DEVOLUCI\u00d3N DE LAS ACTAS DE EXAMEN<br \/>\nArticulo 36.- El Profesor responsable de la Asignatura, deber\u00e1 remitir al Departamento correspondiente:<br \/>\n     a) La planilla de ausentes a la misma, dentro de un plazo que en ning\u00fan caso podr\u00e1 exceder las 12hs del d\u00eda siguiente al inicio de la mesa;<br \/>\n     b) Los tres juegos de cada Acta de Examen con las calificaciones obtenidas por los alumnos examinados y firmadas por todos los miembros del Tribunal, dentro de un plazo que en ning\u00fan caso podr\u00e1 exceder los dos d\u00edas h\u00e1biles posteriores a la finalizaci\u00f3n del acto. Los alumnos que estando presentes al inicio de la Mesa, no lo estuvieran en el momento de ser llamados para ser evaluados, tendr\u00e1n ausente, pero no el derecho de rendir en la mesa inmediata posterior en tanto \u00e9sta sea dependiente.<br \/>\n      El Departamento deber\u00e1 enviar esta documentaci\u00f3n a Direcci\u00f3n Alumnos en un plazo de un (1) d\u00eda h\u00e1bil, desde el momento de la recepci\u00f3n.<\/p>\n","protected":false},"excerpt":{"rendered":"<p>El cursado de la asignatura es de car\u00e1cter Promocional. Los requisitos que deben satisfacer los alumnos para aprobar la asignatura en forma directa (promoci\u00f3n) son los siguientes: \u2022 R\u00e9gimen de Asistencia: 80% de asistencia obligatoria. \u2022 Nota m\u00ednima en evaluativos y trabajos grupales: 6 (seis) \u2022 Nota m\u00ednima promedio para poder promocionar: 8 (ocho) Cumplidos [&hellip;]<\/p>\n","protected":false},"author":138,"featured_media":0,"parent":0,"menu_order":6,"comment_status":"closed","ping_status":"closed","template":"","meta":[],"_links":{"self":[{"href":"https:\/\/catedras.facet.unt.edu.ar\/organizacion\/wp-json\/wp\/v2\/pages\/135"}],"collection":[{"href":"https:\/\/catedras.facet.unt.edu.ar\/organizacion\/wp-json\/wp\/v2\/pages"}],"about":[{"href":"https:\/\/catedras.facet.unt.edu.ar\/organizacion\/wp-json\/wp\/v2\/types\/page"}],"author":[{"embeddable":true,"href":"https:\/\/catedras.facet.unt.edu.ar\/organizacion\/wp-json\/wp\/v2\/users\/138"}],"replies":[{"embeddable":true,"href":"https:\/\/catedras.facet.unt.edu.ar\/organizacion\/wp-json\/wp\/v2\/comments?post=135"}],"version-history":[{"count":6,"href":"https:\/\/catedras.facet.unt.edu.ar\/organizacion\/wp-json\/wp\/v2\/pages\/135\/revisions"}],"predecessor-version":[{"id":365,"href":"https:\/\/catedras.facet.unt.edu.ar\/organizacion\/wp-json\/wp\/v2\/pages\/135\/revisions\/365"}],"wp:attachment":[{"href":"https:\/\/catedras.facet.unt.edu.ar\/organizacion\/wp-json\/wp\/v2\/media?parent=135"}],"curies":[{"name":"wp","href":"https:\/\/api.w.org\/{rel}","templated":true}]}}