{"id":37,"date":"2014-08-12T11:49:09","date_gmt":"2014-08-12T14:49:09","guid":{"rendered":"https:\/\/catedras.facet.unt.edu.ar\/mn2\/home\/"},"modified":"2018-08-20T16:01:20","modified_gmt":"2018-08-20T19:01:20","slug":"home","status":"publish","type":"page","link":"https:\/\/catedras.facet.unt.edu.ar\/mn2\/","title":{"rendered":"HOME"},"content":{"rendered":"<div id=\"pl-37\"  class=\"panel-layout\" ><div id=\"pg-37-0\"  class=\"panel-grid panel-has-style\" ><div class=\"wide-grey panel-row-style panel-row-style-for-37-0\" ><div id=\"pgc-37-0-0\"  class=\"panel-grid-cell\" ><div id=\"panel-37-0-0-0\" class=\"so-panel widget widget_headline-widget panel-first-child panel-last-child\" data-index=\"0\" >\t\t<h1>CATEDRA DE METODOS NUMERICOS II <\/h1>\n\t\t<div class=\"decoration\"><div class=\"decoration-inside\"><\/div><\/div>\n\t\t<h3>Bienvenidos al sitio oficial de la c\u00e1tedra de M\u00e9todos Num\u00e9ricos II de la carrera de Licenciatura en inform\u00e1tica de la FACET-UNT. <\/h3>\n\t\t<\/div><\/div><\/div><\/div><div id=\"pg-37-1\"  class=\"panel-grid panel-no-style\" ><div id=\"pgc-37-1-0\"  class=\"panel-grid-cell\" ><div id=\"panel-37-1-0-0\" class=\"so-panel widget widget_circleicon-widget panel-first-child panel-last-child\" data-index=\"1\" >\t\t<div class=\"circle-icon-box circle-icon-position-right circle-icon-hide-box circle-icon-size-small\">\n\t\t\t<div class=\"circle-icon-wrapper\">\n\t\t\t\t\t\t\t\t<div class=\"circle-icon\" >\n\t\t\t\t\t<div class=\"fa fa-pencil-square-o\" ><\/div>\t\t\t\t<\/div>\n\t\t\t\t\t\t\t<\/div>\n\n\t\t\t\t\t\t<h4 >INFORMACION<\/h4>\t\t\t\n\t\t\t<p class=\"text\" >Inicio de clases:  Martes 20\/Agosto\/2018 - 15 hs - Lab Redes                                                                                              Aula extendida de la c\u00e1tedra<\/p>\t\t\t\t\t\t\t<a href=\"http:\/\/www.facetvirtual.unt.edu.ar\/\" class=\"more-button\" >http:\/\/www.facetvirtual.unt.edu.ar\/ <i><\/i><\/a>\n\t\t\t\t\t<\/div>\n\t\t<\/div><\/div><div id=\"pgc-37-1-1\"  class=\"panel-grid-cell panel-grid-cell-empty\" ><\/div><div id=\"pgc-37-1-2\"  class=\"panel-grid-cell\" ><div id=\"panel-37-1-2-0\" class=\"so-panel widget widget_circleicon-widget panel-first-child panel-last-child\" data-index=\"2\" >\t\t<div class=\"circle-icon-box circle-icon-position-right circle-icon-hide-box circle-icon-size-small\">\n\t\t\t<div class=\"circle-icon-wrapper\">\n\t\t\t\t\t\t\t\t<div class=\"circle-icon\" >\n\t\t\t\t\t<div class=\"fa fa-check-circle-o\" ><\/div>\t\t\t\t<\/div>\n\t\t\t\t\t\t\t<\/div>\n\n\t\t\t\t\t\t<h4 >HORARIOS<\/h4>\t\t\t\n\t\t\t<p class=\"text\" >MARTES 15- 19 hs - Lab de Redes.<\/p>\t\t\t\t\t<\/div>\n\t\t<\/div><\/div><\/div><div id=\"pg-37-2\"  class=\"panel-grid panel-no-style\" ><div id=\"pgc-37-2-0\"  class=\"panel-grid-cell\" ><div id=\"panel-37-2-0-0\" class=\"so-panel widget widget_siteorigin-panels-postloop panel-first-child panel-last-child\" data-index=\"3\" ><h3 class=\"widget-title\"><span class=\"vantage-carousel-title\"><span class=\"vantage-carousel-title-text\">Latest Posts<\/span><a href=\"#\" class=\"next\" title=\"Siguiente\"><span class=\"vantage-icon-arrow-right\"><\/span><\/a><a href=\"#\" class=\"previous\" title=\"Anterior\"><span class=\"vantage-icon-arrow-left\"><\/span><\/a><\/span><\/h3><div class=\"vantage-carousel-wrapper\">\n\n\t\n\t<ul class=\"vantage-carousel\" data-query=\"{&quot;post_type&quot;:&quot;post&quot;,&quot;posts_per_page&quot;:4,&quot;orderby&quot;:&quot;date&quot;,&quot;order&quot;:&quot;DESC&quot;,&quot;panels_info&quot;:{&quot;class&quot;:&quot;SiteOrigin_Panels_Widgets_PostLoop&quot;,&quot;raw&quot;:false,&quot;grid&quot;:2,&quot;cell&quot;:0,&quot;id&quot;:3,&quot;widget_id&quot;:&quot;f2764385-b66b-4865-90ef-b8d641477d1f&quot;,&quot;style&quot;:[],&quot;cell_index&quot;:0,&quot;widget_index&quot;:3},&quot;paged&quot;:1,&quot;post__not_in&quot;:[37],&quot;lazy_load_term_meta&quot;:true}\" data-ajax-url=\"https:\/\/catedras.facet.unt.edu.ar\/mn2\/wp-admin\/admin-ajax.php\">\n\t\t\t\t\t<li class=\"carousel-entry\">\n\t\t\t\t<div class=\"thumbnail\">\n\t\t\t\t\t\t\t\t\t\t\t\t\t\t\t\t<a href=\"https:\/\/catedras.facet.unt.edu.ar\/mn2\/2013\/11\/22\/hola-mundo\/\" style=\"background-image: url(https:\/\/catedras.facet.unt.edu.ar\/mn2\/wp-content\/uploads\/sites\/24\/2014\/08\/Matlab_Logo-272x182.png)\">\n\t\t\t\t\t\t\t<span class=\"sow-overlay\"><\/span>\n\t\t\t\t\t\t<\/a>\n\t\t\t\t\t\t\t\t\t<\/div>\n\t\t\t\t\t\t\t\t<h3><a href=\"https:\/\/catedras.facet.unt.edu.ar\/mn2\/2013\/11\/22\/hola-mundo\/\">Software Num\u00e9rico<\/a><\/h3>\n\t\t\t<\/li>\n\t\t\t<\/ul>\n<\/div>\n<\/div><\/div><div id=\"pgc-37-2-1\"  class=\"panel-grid-cell\" ><div id=\"panel-37-2-1-0\" class=\"so-panel widget widget_text panel-first-child panel-last-child\" data-index=\"4\" ><h3 class=\"widget-title\">MATERIAL PARA LA ASIGNATURA<\/h3>\t\t\t<div class=\"textwidget\"><p>El material (videos, trabajos pr\u00e1cticos, apuntes, etc) de c\u00e1tedra se encuentra publicado y subido al aula extendida de la c\u00e1tedra. Para tener ello es necesario acceder al portal http:\/\/www.facetvirtual.unt.edu.ar\/<br \/>\nCualquier consulta o duda contactarse con Lic. Leonardo Albarrac\u00edn (lalbarracin<wbr \/>@herrera.unt.edu.ar)<\/p>\n<\/div>\n\t\t<\/div><\/div><\/div><\/div>","protected":false},"excerpt":{"rendered":"","protected":false},"author":1,"featured_media":0,"parent":0,"menu_order":0,"comment_status":"closed","ping_status":"closed","template":"templates\/template-full-notitle.php","meta":[],"_links":{"self":[{"href":"https:\/\/catedras.facet.unt.edu.ar\/mn2\/wp-json\/wp\/v2\/pages\/37"}],"collection":[{"href":"https:\/\/catedras.facet.unt.edu.ar\/mn2\/wp-json\/wp\/v2\/pages"}],"about":[{"href":"https:\/\/catedras.facet.unt.edu.ar\/mn2\/wp-json\/wp\/v2\/types\/page"}],"author":[{"embeddable":true,"href":"https:\/\/catedras.facet.unt.edu.ar\/mn2\/wp-json\/wp\/v2\/users\/1"}],"replies":[{"embeddable":true,"href":"https:\/\/catedras.facet.unt.edu.ar\/mn2\/wp-json\/wp\/v2\/comments?post=37"}],"version-history":[{"count":25,"href":"https:\/\/catedras.facet.unt.edu.ar\/mn2\/wp-json\/wp\/v2\/pages\/37\/revisions"}],"predecessor-version":[{"id":101,"href":"https:\/\/catedras.facet.unt.edu.ar\/mn2\/wp-json\/wp\/v2\/pages\/37\/revisions\/101"}],"wp:attachment":[{"href":"https:\/\/catedras.facet.unt.edu.ar\/mn2\/wp-json\/wp\/v2\/media?parent=37"}],"curies":[{"name":"wp","href":"https:\/\/api.w.org\/{rel}","templated":true}]}}