{"id":257,"date":"2020-03-26T16:10:42","date_gmt":"2020-03-26T19:10:42","guid":{"rendered":"https:\/\/catedras.facet.unt.edu.ar\/maqeleci-ii\/?page_id=257"},"modified":"2020-03-27T11:03:44","modified_gmt":"2020-03-27T14:03:44","slug":"bibliografia","status":"publish","type":"page","link":"https:\/\/catedras.facet.unt.edu.ar\/maqeleci-ii\/bibliografia\/","title":{"rendered":"Bibliograf\u00eda"},"content":{"rendered":"<h1>M\u00e1quinas Sincr\u00f3nicas<\/h1>\n<ul>\n<li>\n<h5>\u00abTeor\u00eda de M\u00e1quinas El\u00e9ctricas Rotativas\u00bb, Tomo I, Segunda Edici\u00f3n- Ing. Ernesto Garat, F.A.C.E.T., U.N.T, 2009.<\/h5>\n<\/li>\n<li>\n<h5>\u00abTeor\u00eda y An\u00e1lisis de las M\u00e1quinas Electricas\u00bb, A.E.Fitzgerald , Charles Kingsley Jr, Alexander Kusko, Mc Graw-Hill\/ Editorial Hispano Europea, 1975<\/h5>\n<\/li>\n<li>\n<h5>\u00abM\u00e1quinas El\u00e9ctricas\u00bb, Quinta Edici\u00f3n, Jes\u00fas Fraile Mora, Mc Graw-Hill\/ Interamericana de Espa\u00f1a, 2003.<\/h5>\n<\/li>\n<li>\n<h5>\u00abLa M\u00e1quina Sincr\u00f3nica\u00bb, Dr. &#8211; Ing. Gottfried Gotter, Universidad Nacional de Tucum\u00e1n, 1962.<\/h5>\n<\/li>\n<\/ul>\n<h5 style=\"padding-left: 40px;\"><\/h5>\n","protected":false},"excerpt":{"rendered":"<p>M\u00e1quinas Sincr\u00f3nicas \u00abTeor\u00eda de M\u00e1quinas El\u00e9ctricas Rotativas\u00bb, Tomo I, Segunda Edici\u00f3n- Ing. Ernesto Garat, F.A.C.E.T., U.N.T, 2009. \u00abTeor\u00eda y An\u00e1lisis de las M\u00e1quinas Electricas\u00bb, A.E.Fitzgerald , Charles Kingsley Jr, Alexander Kusko, Mc Graw-Hill\/ Editorial Hispano Europea, 1975 \u00abM\u00e1quinas El\u00e9ctricas\u00bb, Quinta Edici\u00f3n, Jes\u00fas Fraile Mora, Mc Graw-Hill\/ Interamericana de Espa\u00f1a, 2003. \u00abLa M\u00e1quina Sincr\u00f3nica\u00bb, Dr. &#8211; [&hellip;]<\/p>\n","protected":false},"author":101881,"featured_media":159,"parent":0,"menu_order":0,"comment_status":"closed","ping_status":"closed","template":"","meta":[],"_links":{"self":[{"href":"https:\/\/catedras.facet.unt.edu.ar\/maqeleci-ii\/wp-json\/wp\/v2\/pages\/257"}],"collection":[{"href":"https:\/\/catedras.facet.unt.edu.ar\/maqeleci-ii\/wp-json\/wp\/v2\/pages"}],"about":[{"href":"https:\/\/catedras.facet.unt.edu.ar\/maqeleci-ii\/wp-json\/wp\/v2\/types\/page"}],"author":[{"embeddable":true,"href":"https:\/\/catedras.facet.unt.edu.ar\/maqeleci-ii\/wp-json\/wp\/v2\/users\/101881"}],"replies":[{"embeddable":true,"href":"https:\/\/catedras.facet.unt.edu.ar\/maqeleci-ii\/wp-json\/wp\/v2\/comments?post=257"}],"version-history":[{"count":12,"href":"https:\/\/catedras.facet.unt.edu.ar\/maqeleci-ii\/wp-json\/wp\/v2\/pages\/257\/revisions"}],"predecessor-version":[{"id":302,"href":"https:\/\/catedras.facet.unt.edu.ar\/maqeleci-ii\/wp-json\/wp\/v2\/pages\/257\/revisions\/302"}],"wp:featuredmedia":[{"embeddable":true,"href":"https:\/\/catedras.facet.unt.edu.ar\/maqeleci-ii\/wp-json\/wp\/v2\/media\/159"}],"wp:attachment":[{"href":"https:\/\/catedras.facet.unt.edu.ar\/maqeleci-ii\/wp-json\/wp\/v2\/media?parent=257"}],"curies":[{"name":"wp","href":"https:\/\/api.w.org\/{rel}","templated":true}]}}

Bibliografía

<h1>Máquinas Sincrónicas</h1>
<ul>
<li>
<h5>«Teoría de Máquinas Eléctricas Rotativas», Tomo I, Segunda Edición- Ing. Ernesto Garat, F.A.C.E.T., U.N.T, 2009.</h5>
</li>
<li>
<h5>«Teoría y Análisis de las Máquinas Electricas», A.E.Fitzgerald , Charles Kingsley Jr, Alexander Kusko, Mc Graw-Hill/ Editorial Hispano Europea, 1975</h5>
</li>
<li>
<h5>«Máquinas Eléctricas», Quinta Edición, Jesús Fraile Mora, Mc Graw-Hill/ Interamericana de España, 2003.</h5>
</li>
<li>
<h5>«La Máquina Sincrónica», Dr. &#8211; Ing. Gottfried Gotter, Universidad Nacional de Tucumán, 1962.</h5>
</li>
</ul>
<h5 style="padding-left: 40px;"></h5>

<p>Máquinas Sincrónicas «Teoría de Máquinas Eléctricas Rotativas», Tomo I, Segunda Edición- Ing. Ernesto Garat, F.A.C.E.T., U.N.T, 2009. «Teoría y Análisis de las Máquinas Electricas», A.E.Fitzgerald , Charles Kingsley Jr, Alexander Kusko, Mc Graw-Hill/ Editorial Hispano Europea, 1975 «Máquinas Eléctricas», Quinta Edición, Jesús Fraile Mora, Mc Graw-Hill/ Interamericana de España, 2003. «La Máquina Sincrónica», Dr. &#8211; [&hellip;]</p>
