{"id":103,"date":"2020-03-19T15:26:57","date_gmt":"2020-03-19T18:26:57","guid":{"rendered":"https:\/\/catedras.facet.unt.edu.ar\/maqeleci-ii\/?page_id=103"},"modified":"2020-03-26T13:54:52","modified_gmt":"2020-03-26T16:54:52","slug":"programas","status":"publish","type":"page","link":"https:\/\/catedras.facet.unt.edu.ar\/maqeleci-ii\/programas\/","title":{"rendered":"Programas"},"content":{"rendered":"<ul>\n<li>\n<h2><a href=\"https:\/\/catedras.facet.unt.edu.ar\/maqeleci-ii\/wp-content\/uploads\/sites\/138\/2020\/03\/Programa-Maquinas-I.pdf\"><strong>Programa M\u00e1quinas El\u00e9ctricas I<\/strong><\/a><\/h2>\n<\/li>\n<li>\n<h2><a href=\"https:\/\/catedras.facet.unt.edu.ar\/maqeleci-ii\/wp-content\/uploads\/sites\/138\/2020\/03\/Programa-Maquinas-II.pdf\"><strong>Programa M\u00e1quinas\u00a0 El\u00e9ctricas II<\/strong><\/a><\/h2>\n<\/li>\n<\/ul>\n","protected":false},"excerpt":{"rendered":"<p>Programa M\u00e1quinas El\u00e9ctricas I Programa M\u00e1quinas\u00a0 El\u00e9ctricas II<\/p>\n","protected":false},"author":101881,"featured_media":160,"parent":0,"menu_order":0,"comment_status":"closed","ping_status":"closed","template":"","meta":[],"_links":{"self":[{"href":"https:\/\/catedras.facet.unt.edu.ar\/maqeleci-ii\/wp-json\/wp\/v2\/pages\/103"}],"collection":[{"href":"https:\/\/catedras.facet.unt.edu.ar\/maqeleci-ii\/wp-json\/wp\/v2\/pages"}],"about":[{"href":"https:\/\/catedras.facet.unt.edu.ar\/maqeleci-ii\/wp-json\/wp\/v2\/types\/page"}],"author":[{"embeddable":true,"href":"https:\/\/catedras.facet.unt.edu.ar\/maqeleci-ii\/wp-json\/wp\/v2\/users\/101881"}],"replies":[{"embeddable":true,"href":"https:\/\/catedras.facet.unt.edu.ar\/maqeleci-ii\/wp-json\/wp\/v2\/comments?post=103"}],"version-history":[{"count":8,"href":"https:\/\/catedras.facet.unt.edu.ar\/maqeleci-ii\/wp-json\/wp\/v2\/pages\/103\/revisions"}],"predecessor-version":[{"id":240,"href":"https:\/\/catedras.facet.unt.edu.ar\/maqeleci-ii\/wp-json\/wp\/v2\/pages\/103\/revisions\/240"}],"wp:featuredmedia":[{"embeddable":true,"href":"https:\/\/catedras.facet.unt.edu.ar\/maqeleci-ii\/wp-json\/wp\/v2\/media\/160"}],"wp:attachment":[{"href":"https:\/\/catedras.facet.unt.edu.ar\/maqeleci-ii\/wp-json\/wp\/v2\/media?parent=103"}],"curies":[{"name":"wp","href":"https:\/\/api.w.org\/{rel}","templated":true}]}}