{"id":2299,"date":"2025-03-05T14:52:29","date_gmt":"2025-03-05T17:52:29","guid":{"rendered":"https:\/\/catedras.facet.unt.edu.ar\/labtel\/?page_id=2299"},"modified":"2025-03-05T15:22:51","modified_gmt":"2025-03-05T18:22:51","slug":"docentes-de-sistemas-de-comunicaciones","status":"publish","type":"page","link":"https:\/\/catedras.facet.unt.edu.ar\/labtel\/es\/docentes-de-sistemas-de-comunicaciones\/","title":{"rendered":"Docentes de Sistemas de Comunicaciones"},"content":{"rendered":"<div id=\"pl-2299\"  class=\"panel-layout\" ><div id=\"pg-2299-0\"  class=\"panel-grid panel-no-style\" ><div id=\"pgc-2299-0-0\"  class=\"panel-grid-cell\" ><div id=\"panel-2299-0-0-0\" class=\"so-panel widget widget_circleicon-widget panel-first-child panel-last-child\" data-index=\"0\" >\t\t<div class=\"circle-icon-box circle-icon-position-top circle-icon-hide-box circle-icon-size-large\">\n\t\t\t<div class=\"circle-icon-wrapper\">\n\t\t\t\t\t\t\t\t<div class=\"circle-icon icon-style-set\" style=\"background-image: url(https:\/\/catedras.facet.unt.edu.ar\/labtel\/wp-content\/uploads\/sites\/99\/2016\/09\/Juan-1.jpg)\">\n\t\t\t\t\t\t\t\t\t<\/div>\n\t\t\t\t\t\t\t<\/div>\n\n\t\t\t\t\t\t<h4 style=\"color: #000000\">Juan Eduardo Ise<\/h4>\t\t\t\n\t\t\t<p class=\"text\" style=\"color: #000000\">Ingeniero Electricista Or. Electr\u00f3nica, e-mail:jise@herrera.unt.edu.ar<\/p>\t\t\t\t\t<\/div>\n\t\t<\/div><\/div><div id=\"pgc-2299-0-1\"  class=\"panel-grid-cell\" ><div id=\"panel-2299-0-1-0\" class=\"so-panel widget widget_circleicon-widget panel-first-child panel-last-child\" data-index=\"1\" >\t\t<div class=\"circle-icon-box circle-icon-position-top circle-icon-hide-box circle-icon-size-large\">\n\t\t\t<div class=\"circle-icon-wrapper\">\n\t\t\t\t\t\t\t\t<div class=\"circle-icon icon-style-set\" style=\"background-image: url(https:\/\/catedras.facet.unt.edu.ar\/labtel\/wp-content\/uploads\/sites\/99\/2016\/09\/Jose-1.jpg)\">\n\t\t\t\t\t\t\t\t\t<\/div>\n\t\t\t\t\t\t\t<\/div>\n\n\t\t\t\t\t\t<h4 style=\"color: #000000\">Jos\u00e9 Ignacio Cangemi<\/h4>\t\t\t\n\t\t\t<p class=\"text\" style=\"color: #000000\">Ingeniero Electr\u00f3nico, e-mail: jcangemi@herrera.unt.edu.ar<\/p>\t\t\t\t\t<\/div>\n\t\t<\/div><\/div><div id=\"pgc-2299-0-2\"  class=\"panel-grid-cell\" ><div id=\"panel-2299-0-2-0\" class=\"so-panel widget widget_circleicon-widget panel-first-child panel-last-child\" data-index=\"2\" >\t\t<div class=\"circle-icon-box circle-icon-position-top circle-icon-hide-box circle-icon-size-large\">\n\t\t\t<div class=\"circle-icon-wrapper\">\n\t\t\t\t\t\t\t\t<div class=\"circle-icon icon-style-set\" style=\"background-image: url(https:\/\/catedras.facet.unt.edu.ar\/labtel\/wp-content\/uploads\/sites\/99\/2016\/09\/Fernando1.jpg)\">\n\t\t\t\t\t\t\t\t\t<\/div>\n\t\t\t\t\t\t\t<\/div>\n\n\t\t\t\t\t\t<h4 style=\"color: #000000\">Fernando Alberto Miranda Bonomi<\/h4>\t\t\t\n\t\t\t<p class=\"text\" style=\"color: #000000\">Dr. Ing. Electr\u00f3nico, e-mail: fmirandabonomi@herrera.unt.edu.ar<\/p>\t\t\t\t\t<\/div>\n\t\t<\/div><\/div><\/div><div id=\"pg-2299-1\"  class=\"panel-grid panel-no-style\" ><div id=\"pgc-2299-1-0\"  class=\"panel-grid-cell\" ><div id=\"panel-2299-1-0-0\" class=\"so-panel widget widget_circleicon-widget panel-first-child panel-last-child\" data-index=\"3\" >\t\t<div class=\"circle-icon-box circle-icon-position-top circle-icon-hide-box circle-icon-size-large\">\n\t\t\t<div class=\"circle-icon-wrapper\">\n\t\t\t\t\t\t\t\t<div class=\"circle-icon icon-style-set\" style=\"background-image: url(https:\/\/catedras.facet.unt.edu.ar\/labtel\/wp-content\/uploads\/sites\/99\/2017\/09\/Zenon-e1504926606277.jpg)\">\n\t\t\t\t\t\t\t\t\t<\/div>\n\t\t\t\t\t\t\t<\/div>\n\n\t\t\t\t\t\t<h4 style=\"color: #000000\">Zenon Saavedra<\/h4>\t\t\t\n\t\t\t<p class=\"text\" style=\"color: #000000\">Dr. Ing. Electr\u00f3nico, e-mail: zsaavedra@herrera.unt.edu.ar<\/p>\t\t\t\t\t<\/div>\n\t\t<\/div><\/div><div id=\"pgc-2299-1-1\"  class=\"panel-grid-cell\" ><div id=\"panel-2299-1-1-0\" class=\"so-panel widget widget_circleicon-widget panel-first-child panel-last-child\" data-index=\"4\" >\t\t<div class=\"circle-icon-box circle-icon-position-top circle-icon-hide-box circle-icon-size-large\">\n\t\t\t<div class=\"circle-icon-wrapper\">\n\t\t\t\t\t\t\t\t<div class=\"circle-icon icon-style-set\" style=\"background-image: url(https:\/\/catedras.facet.unt.edu.ar\/labtel\/wp-content\/uploads\/sites\/99\/2015\/07\/Mariano.jpg)\">\n\t\t\t\t\t\t\t\t\t<\/div>\n\t\t\t\t\t\t\t<\/div>\n\n\t\t\t\t\t\t<h4 style=\"color: #000000\">Mariano Fagre<\/h4>\t\t\t\n\t\t\t<p class=\"text\" style=\"color: #000000\">Dr. Ing. Electr\u00f3nico, e-mail: mfagre@herrera.unt.edu.ar<\/p>\t\t\t\t\t<\/div>\n\t\t<\/div><\/div><\/div><\/div>","protected":false},"excerpt":{"rendered":"<p>Juan Eduardo Ise Ingeniero Electricista Or. Electr\u00f3nica, e-mail:jise@herrera.unt.edu.ar Jos\u00e9 Ignacio Cangemi Ingeniero Electr\u00f3nico, e-mail: jcangemi@herrera.unt.edu.ar Fernando Alberto Miranda Bonomi Dr. Ing. Electr\u00f3nico, e-mail: fmirandabonomi@herrera.unt.edu.ar Zenon Saavedra Dr. Ing. Electr\u00f3nico, e-mail: zsaavedra@herrera.unt.edu.ar Mariano Fagre Dr. Ing. Electr\u00f3nico, e-mail: mfagre@herrera.unt.edu.ar<\/p>\n","protected":false},"author":437,"featured_media":0,"parent":0,"menu_order":0,"comment_status":"closed","ping_status":"closed","template":"","meta":[],"_links":{"self":[{"href":"https:\/\/catedras.facet.unt.edu.ar\/labtel\/wp-json\/wp\/v2\/pages\/2299"}],"collection":[{"href":"https:\/\/catedras.facet.unt.edu.ar\/labtel\/wp-json\/wp\/v2\/pages"}],"about":[{"href":"https:\/\/catedras.facet.unt.edu.ar\/labtel\/wp-json\/wp\/v2\/types\/page"}],"author":[{"embeddable":true,"href":"https:\/\/catedras.facet.unt.edu.ar\/labtel\/wp-json\/wp\/v2\/users\/437"}],"replies":[{"embeddable":true,"href":"https:\/\/catedras.facet.unt.edu.ar\/labtel\/wp-json\/wp\/v2\/comments?post=2299"}],"version-history":[{"count":7,"href":"https:\/\/catedras.facet.unt.edu.ar\/labtel\/wp-json\/wp\/v2\/pages\/2299\/revisions"}],"predecessor-version":[{"id":2318,"href":"https:\/\/catedras.facet.unt.edu.ar\/labtel\/wp-json\/wp\/v2\/pages\/2299\/revisions\/2318"}],"wp:attachment":[{"href":"https:\/\/catedras.facet.unt.edu.ar\/labtel\/wp-json\/wp\/v2\/media?parent=2299"}],"curies":[{"name":"wp","href":"https:\/\/api.w.org\/{rel}","templated":true}]}}