{"id":125,"date":"2015-05-04T20:06:33","date_gmt":"2015-05-04T23:06:33","guid":{"rendered":"https:\/\/catedras.facet.unt.edu.ar\/labtel\/?page_id=125"},"modified":"2015-05-21T09:24:21","modified_gmt":"2015-05-21T12:24:21","slug":"cursos-de-posgrado-dictados","status":"publish","type":"page","link":"https:\/\/catedras.facet.unt.edu.ar\/labtel\/formacion-de-recursos-humanos-rrhh\/cursos-de-posgrado-dictados\/","title":{"rendered":"Cursos de Posgrado Dictados"},"content":{"rendered":"<p><strong>\u201cGeomagnetismo y aplicaciones terrestres solares\u201d,<\/strong> Disertante: Dr. J. C. Gianibelli, UNLP, Diciembre 2013. Res: 1085\/13 FACET-UNT.<\/p>\n<p><strong>\u201cElementos de Meteorolog\u00eda Espacial<\/strong>\u201d, Disertante, Dr. Sergio Dasso, UBA-CONICET. Diciembre 2013. Res: 1063\/13 FACET-UNT.<\/p>\n<p><strong>\u201cProcesamiento de se\u00f1ales utilizando hardware reconfigurable aplicado a dise\u00f1o de radares para aplicaciones geof\u00edsicas\u201d<\/strong>, Disertante: James A. Baskaradas, MsC. (Bharathidasan University, India); PhD. (Nagpur University, India); Istituto Nazionale di Geof\u00edsica e Vulcanologia (INGV), Roma, Italia. Dicado en el DEEC-FACET-UNT, Noviembre 2011. Res: 1193\/2011, FACET-UNT<\/p>\n<p><strong>\u201cObservaci\u00f3n de la ionosfera con radiosondeos verticales\u201d,<\/strong> Disertante: Carlo Scotto, MSc. (La Sapienza a Roma), Investigador Senior del Istituto Nazionale di Geof\u00edsica e Vulcanologia (INGV), Roma, Italia. Dicado en el DEEC-FACET-UNT, Octubre 2011. Res: 1212\/2011, FACET-UNT.<\/p>\n<p><strong>\u201cVHDL para dise\u00f1o digital en CPLDs y FPGAs\u201d,<\/strong> Disertante: Ing. Jorge Scandaliaris, DEA, investigador del Programa de Doctorado de la Universidad Polit\u00e9cnica de Catalu\u00f1a, Espa\u00f1a. Fecha prevista Marzo 2012. Lugar DEEC-FACET-UNT. Res:1202\/2011, FACET-UNT<\/p>\n<p><strong>Trayecto Curricular sobre Geof\u00edsica Espacial\u201d<\/strong>, Dictado en el DEEC &#8211; FACET \u2013 UNT, Septiembre-Octubre, 2010, Resoluci\u00f3n 853\/2010, FACET \u2013 UNT. Cordinador: Dr. Miguel A. Cabrera.<\/p>\n<p><strong>\u00abPrincipios generales sobre Radares\u00bb<\/strong>, Disertante: Dr. Miguel A. Cabrera, DEEC-FACET-UNT. Res: 853\/2010. Setiembre 2010.<\/p>\n","protected":false},"excerpt":{"rendered":"<p>\u201cGeomagnetismo y aplicaciones terrestres solares\u201d, Disertante: Dr. J. C. Gianibelli, UNLP, Diciembre 2013. Res: 1085\/13 FACET-UNT. \u201cElementos de Meteorolog\u00eda Espacial\u201d, Disertante, Dr. Sergio Dasso, UBA-CONICET. Diciembre 2013. Res: 1063\/13 FACET-UNT. \u201cProcesamiento de se\u00f1ales utilizando hardware reconfigurable aplicado a dise\u00f1o de radares para aplicaciones geof\u00edsicas\u201d, Disertante: James A. Baskaradas, MsC. (Bharathidasan University, India); PhD. (Nagpur University, [&hellip;]<\/p>\n","protected":false},"author":435,"featured_media":0,"parent":115,"menu_order":0,"comment_status":"closed","ping_status":"closed","template":"","meta":[],"_links":{"self":[{"href":"https:\/\/catedras.facet.unt.edu.ar\/labtel\/wp-json\/wp\/v2\/pages\/125"}],"collection":[{"href":"https:\/\/catedras.facet.unt.edu.ar\/labtel\/wp-json\/wp\/v2\/pages"}],"about":[{"href":"https:\/\/catedras.facet.unt.edu.ar\/labtel\/wp-json\/wp\/v2\/types\/page"}],"author":[{"embeddable":true,"href":"https:\/\/catedras.facet.unt.edu.ar\/labtel\/wp-json\/wp\/v2\/users\/435"}],"replies":[{"embeddable":true,"href":"https:\/\/catedras.facet.unt.edu.ar\/labtel\/wp-json\/wp\/v2\/comments?post=125"}],"version-history":[{"count":3,"href":"https:\/\/catedras.facet.unt.edu.ar\/labtel\/wp-json\/wp\/v2\/pages\/125\/revisions"}],"predecessor-version":[{"id":178,"href":"https:\/\/catedras.facet.unt.edu.ar\/labtel\/wp-json\/wp\/v2\/pages\/125\/revisions\/178"}],"up":[{"embeddable":true,"href":"https:\/\/catedras.facet.unt.edu.ar\/labtel\/wp-json\/wp\/v2\/pages\/115"}],"wp:attachment":[{"href":"https:\/\/catedras.facet.unt.edu.ar\/labtel\/wp-json\/wp\/v2\/media?parent=125"}],"curies":[{"name":"wp","href":"https:\/\/api.w.org\/{rel}","templated":true}]}}