{"id":121,"date":"2015-05-04T20:05:13","date_gmt":"2015-05-04T23:05:13","guid":{"rendered":"https:\/\/catedras.facet.unt.edu.ar\/labtel\/?page_id=121"},"modified":"2015-06-13T20:09:43","modified_gmt":"2015-06-13T23:09:43","slug":"tesistas-de-posgrado","status":"publish","type":"page","link":"https:\/\/catedras.facet.unt.edu.ar\/labtel\/formacion-de-recursos-humanos-rrhh\/tesistas-de-posgrado\/","title":{"rendered":"Tesistas de Posgrado"},"content":{"rendered":"<p><strong>Tesis Concluida, Dic. 2013.<\/strong> Ing. Luis A. Scid\u00e1, \u201cModelado de la distribuci\u00f3n de la densidad de electrones libres entre dos puntos en la ion\u00f3sfera\u201d, Doctor en F\u00edsica (F\u00edsica de la Atm\u00f3sfera Superior), Universidad Nacional de Tucum\u00e1n, Exp.N\u00b060912\/2005; UNT. Concluida 20\/12\/2013; Res: N\u00b02991\/13, HCS-UNT. Director: Dr. Rodolfo G. Ezquer; Director Asociado: Dr. Miguel A. Cabrera<\/p>\n<p><strong>Ing. Juan E. Ise, Doctorado en Ciencias Exactas e Ingenier\u00eda, FACET-UNT, T\u00edtulo: \u00bb Modelado de arreglo de antenas con formaci\u00f3n electr\u00f3nico de haz\u201d, Expte: 60416- 2014, Admitido FACET, mayo 2014. Director: Dr. Miguel A. Cabrera<\/strong><\/p>\n<p><strong>Ing. Jose I. Cangemi, Doctorado en Ciencias Exactas e Ingenier\u00eda, FACET-UNT, T\u00edtulo: \u00bb Modelado y dise\u00f1o de metamateriales (MTM) y estructuras de banda prohibida electromagn\u00e9tica (EBG). Admitido FACET, mayo 2014. Director: Dr. Miguel A. Cabrera<\/strong><\/p>\n<p><strong>Lic. Mar\u00eda G. Molina, Doctorado en Ciencias Exactas e Ingenier\u00eda, FACET-UNT, T\u00edtulo: \u00bb Modelo de detecci\u00f3n autom\u00e1tica de ecos de radar\u201d. Expte. 61446-2012, Res. CP-UNT-N\u00b0 111\/14. Director: Dr. Miguel A. Cabrera<\/strong><\/p>\n<p><strong>Ing. Fernando A. Miranda Bonomi, Doctorado en Ciencias Exactas e Ingenier\u00eda, FACET-UNT, T\u00edtulo: \u00bb Modelado de Redes M\u00f3viles Cooperativas\u00bb. Expte: 60594\/2013, Res. CP-UNT-N\u00b0 110\/14. Director: Dr. Miguel A. Cabrera; Director Asociado: Dr. Marcos D. Katz, Oulu University, Finland.<\/strong><\/p>\n<p><strong>Ing. Silvina Grupalli, Doctorado en Ciencias Exactas e Ingenier\u00eda, FACET-UNT, T\u00edtulo: \u00bb Optimizaci\u00f3n conjunta de estrategias para el dise\u00f1o de un sistema de comunicaciones m\u00f3viles de alta eficiencia energ\u00e9tica\u00bb. Inscripta UNT, Res. CP-UNT-N\u00b0 202\/13. Director: Dr. Miguel A. Cabrera; Director Asociado Dr. Rodolfo Ezquer, CONICET-UTN.<\/strong><\/p>\n<p><b>Ing. Mariano Fagre,\u00a0<strong>Doctorado en Ciencias Exactas e Ingenier\u00eda, FACET-UNT, T\u00edtulo: \u00abAplicaciones en telecomunicaciones del modelado de perturbaciones ionosf\u00e9ricas\u00bb. En proceso de admisi\u00f3n. Director: Dra. Ana Georgina El\u00edas, UNT &#8211; CONICET; \u00a0Director Asociado, Dr. Jaroslav Chum, Instute of Upper Atmospheric Physics (IAP), Rep. Checa. Abril 2015.<\/strong><\/b><\/p>\n<p><a href=\"https:\/\/catedras.facet.unt.edu.ar\/labtel\/wp-content\/uploads\/sites\/99\/2015\/05\/Curriculum-Vitae-Fagre_Mariano.pdf\">Curriculum Vitae Fagre_Mariano<\/a><\/p>\n<p><b>Ing. Zen\u00f3n Saavedra,\u00a0<strong>Doctorado en Ciencias Exactas e Ingenier\u00eda, FACET-UNT, T\u00edtulo: \u00abDise\u00f1o y modelado de un sistema de Radar sobre Horizonte en banda de HF\u00bb. En proceso de admisi\u00f3n. Director: Dra. Ana Georgina El\u00edas, UNT &#8211; CONICET, Director Asociado, Dr. Luis A. Scid\u00e1, UNT. Abril 2015<\/strong><\/b><\/p>\n","protected":false},"excerpt":{"rendered":"<p>Tesis Concluida, Dic. 2013. Ing. Luis A. Scid\u00e1, \u201cModelado de la distribuci\u00f3n de la densidad de electrones libres entre dos puntos en la ion\u00f3sfera\u201d, Doctor en F\u00edsica (F\u00edsica de la Atm\u00f3sfera Superior), Universidad Nacional de Tucum\u00e1n, Exp.N\u00b060912\/2005; UNT. Concluida 20\/12\/2013; Res: N\u00b02991\/13, HCS-UNT. Director: Dr. Rodolfo G. Ezquer; Director Asociado: Dr. Miguel A. Cabrera Ing. [&hellip;]<\/p>\n","protected":false},"author":435,"featured_media":0,"parent":115,"menu_order":0,"comment_status":"closed","ping_status":"closed","template":"","meta":[],"_links":{"self":[{"href":"https:\/\/catedras.facet.unt.edu.ar\/labtel\/wp-json\/wp\/v2\/pages\/121"}],"collection":[{"href":"https:\/\/catedras.facet.unt.edu.ar\/labtel\/wp-json\/wp\/v2\/pages"}],"about":[{"href":"https:\/\/catedras.facet.unt.edu.ar\/labtel\/wp-json\/wp\/v2\/types\/page"}],"author":[{"embeddable":true,"href":"https:\/\/catedras.facet.unt.edu.ar\/labtel\/wp-json\/wp\/v2\/users\/435"}],"replies":[{"embeddable":true,"href":"https:\/\/catedras.facet.unt.edu.ar\/labtel\/wp-json\/wp\/v2\/comments?post=121"}],"version-history":[{"count":6,"href":"https:\/\/catedras.facet.unt.edu.ar\/labtel\/wp-json\/wp\/v2\/pages\/121\/revisions"}],"predecessor-version":[{"id":235,"href":"https:\/\/catedras.facet.unt.edu.ar\/labtel\/wp-json\/wp\/v2\/pages\/121\/revisions\/235"}],"up":[{"embeddable":true,"href":"https:\/\/catedras.facet.unt.edu.ar\/labtel\/wp-json\/wp\/v2\/pages\/115"}],"wp:attachment":[{"href":"https:\/\/catedras.facet.unt.edu.ar\/labtel\/wp-json\/wp\/v2\/media?parent=121"}],"curies":[{"name":"wp","href":"https:\/\/api.w.org\/{rel}","templated":true}]}}