{"id":43,"date":"2023-07-11T20:40:12","date_gmt":"2023-07-11T23:40:12","guid":{"rendered":"https:\/\/catedras.facet.unt.edu.ar\/laboratoriop07\/?page_id=43"},"modified":"2025-06-08T19:44:44","modified_gmt":"2025-06-08T22:44:44","slug":"nosotros","status":"publish","type":"page","link":"https:\/\/catedras.facet.unt.edu.ar\/laboratoriop07\/nosotros\/","title":{"rendered":"Nosotros"},"content":{"rendered":"<div id=\"pl-43\" class=\"panel-layout\">\n<div id=\"pg-43-0\" class=\"panel-grid panel-no-style\">\n<div id=\"pgc-43-0-0\" class=\"panel-grid-cell\" data-weight=\"1\">\n<div id=\"panel-43-0-0-0\" class=\"so-panel widget widget_sow-editor panel-first-child panel-last-child\" data-index=\"0\" data-style=\"{&quot;background_image_attachment&quot;:false,&quot;background_display&quot;:&quot;tile&quot;}\">\n<div class=\"so-widget-sow-editor so-widget-sow-editor-base\">\n<div class=\"siteorigin-widget-tinymce textwidget\">\n<h2><span style=\"color: #000000\">Miembros de la C\u00e1tedra<\/span><\/h2>\n<h3><span style=\"color: #000000\">Docente a Cargo<\/span><\/h3>\n<ul>\n<li><span style=\"color: #000000\">Myriam Ruiz<\/span><\/li>\n<\/ul>\n<h3><span style=\"color: #000000\">Jefe de Trabajos Pr\u00e1cticos<\/span><\/h3>\n<ul>\n<li><span style=\"color: #000000\">Juan Pablo Pepe<\/span><\/li>\n<\/ul>\n<h3><span style=\"color: #000000\">Docentes Auxiliares<\/span><\/h3>\n<ul>\n<li><span style=\"color: #000000\">C\u00e9sar Flores<\/span><\/li>\n<li><span style=\"color: #000000\">Daniel Singh<\/span><\/li>\n<\/ul>\n<h3><span style=\"color: #000000\">Ayudantes Estudiantiles<\/span><\/h3>\n<ul>\n<li><span style=\"color: #000000\">Mat\u00edas Medina<\/span><\/li>\n<li><span style=\"color: #000000\">Mat\u00edas Prado<\/span><\/li>\n<li><span style=\"color: #000000\">Tom\u00e1s Rivera<\/span><\/li>\n<li><span style=\"color: #000000\">Camila Sanchez<\/span><\/li>\n<\/ul>\n<\/div>\n<\/div>\n<\/div>\n<\/div>\n<\/div>\n<\/div>\n","protected":false},"excerpt":{"rendered":"<p>Miembros de la C\u00e1tedra Docente a Cargo Myriam Ruiz Jefe de Trabajos Pr\u00e1cticos Juan Pablo Pepe Docentes Auxiliares C\u00e9sar Flores Daniel Singh Ayudantes Estudiantiles Mat\u00edas Medina Mat\u00edas Prado Tom\u00e1s Rivera Camila Sanchez<\/p>\n","protected":false},"author":123725,"featured_media":0,"parent":0,"menu_order":0,"comment_status":"closed","ping_status":"closed","template":"","meta":[],"_links":{"self":[{"href":"https:\/\/catedras.facet.unt.edu.ar\/laboratoriop07\/wp-json\/wp\/v2\/pages\/43"}],"collection":[{"href":"https:\/\/catedras.facet.unt.edu.ar\/laboratoriop07\/wp-json\/wp\/v2\/pages"}],"about":[{"href":"https:\/\/catedras.facet.unt.edu.ar\/laboratoriop07\/wp-json\/wp\/v2\/types\/page"}],"author":[{"embeddable":true,"href":"https:\/\/catedras.facet.unt.edu.ar\/laboratoriop07\/wp-json\/wp\/v2\/users\/123725"}],"replies":[{"embeddable":true,"href":"https:\/\/catedras.facet.unt.edu.ar\/laboratoriop07\/wp-json\/wp\/v2\/comments?post=43"}],"version-history":[{"count":7,"href":"https:\/\/catedras.facet.unt.edu.ar\/laboratoriop07\/wp-json\/wp\/v2\/pages\/43\/revisions"}],"predecessor-version":[{"id":54,"href":"https:\/\/catedras.facet.unt.edu.ar\/laboratoriop07\/wp-json\/wp\/v2\/pages\/43\/revisions\/54"}],"wp:attachment":[{"href":"https:\/\/catedras.facet.unt.edu.ar\/laboratoriop07\/wp-json\/wp\/v2\/media?parent=43"}],"curies":[{"name":"wp","href":"https:\/\/api.w.org\/{rel}","templated":true}]}}

<div id="pl-43" class="panel-layout">
<div id="pg-43-0" class="panel-grid panel-no-style">
<div id="pgc-43-0-0" class="panel-grid-cell" data-weight="1">
<div id="panel-43-0-0-0" class="so-panel widget widget_sow-editor panel-first-child panel-last-child" data-index="0" data-style="{&quot;background_image_attachment&quot;:false,&quot;background_display&quot;:&quot;tile&quot;}">
<div class="so-widget-sow-editor so-widget-sow-editor-base">
<div class="siteorigin-widget-tinymce textwidget">
<h2><span style="color: #000000">Miembros de la Cátedra</span></h2>
<h3><span style="color: #000000">Docente a Cargo</span></h3>
<ul>
<li><span style="color: #000000">Myriam Ruiz</span></li>
</ul>
<h3><span style="color: #000000">Jefe de Trabajos Prácticos</span></h3>
<ul>
<li><span style="color: #000000">Juan Pablo Pepe</span></li>
</ul>
<h3><span style="color: #000000">Docentes Auxiliares</span></h3>
<ul>
<li><span style="color: #000000">César Flores</span></li>
<li><span style="color: #000000">Daniel Singh</span></li>
</ul>
<h3><span style="color: #000000">Ayudantes Estudiantiles</span></h3>
<ul>
<li><span style="color: #000000">Matías Medina</span></li>
<li><span style="color: #000000">Matías Prado</span></li>
<li><span style="color: #000000">Tomás Rivera</span></li>
<li><span style="color: #000000">Camila Sanchez</span></li>
</ul>
</div>
</div>
</div>
</div>
</div>
</div>

<p>Miembros de la Cátedra Docente a Cargo Myriam Ruiz Jefe de Trabajos Prácticos Juan Pablo Pepe Docentes Auxiliares César Flores Daniel Singh Ayudantes Estudiantiles Matías Medina Matías Prado Tomás Rivera Camila Sanchez</p>
