{"id":2,"date":"2013-11-22T14:58:07","date_gmt":"2013-11-22T14:58:07","guid":{"rendered":"https:\/\/catedras.facet.unt.edu.ar\/sitio1\/?page_id=2"},"modified":"2021-07-02T12:18:36","modified_gmt":"2021-07-02T15:18:36","slug":"objetivo","status":"publish","type":"page","link":"https:\/\/catedras.facet.unt.edu.ar\/laboratoriop03\/objetivo\/","title":{"rendered":"Objetivos"},"content":{"rendered":"<p><strong>OBJETIVOS<\/strong><\/p>\n<p>\u2022 Profundizar los conceptos de estructuraci\u00f3n de un sitio web informativo teniendo en cuenta los lenguajes de marca de \u00faltima tecnolog\u00eda.<br \/>\n\u2022 Adquirir conceptos y pr\u00e1ctica de separaci\u00f3n de dise\u00f1o y\u00a0contenido en un sitio web.<br \/>\n\u2022 Organizar y estructurar un sitio web, teniendo en cuenta los conceptos de accesibilidad a los contenidos de acuerdo a normas internacionales.<br \/>\n\u2022 Aprender a trabajar en equipo.<br \/>\n\u2022 Dise\u00f1ar y construir sitios web informativos de acuerdo a requerimientos del usuario.<\/p>\n<p><strong>CARGA HORARIA<\/strong><br \/>\n96 horas totales \u2013 5 horas por semana<br \/>\nClases te\u00f3rico-pr\u00e1cticas: 2 hs<br \/>\nClases Pr\u00e1cticas: 3 hs<br \/>\nClases de Consulta (tutor\u00edas): 1hs.<\/p>\n","protected":false},"excerpt":{"rendered":"<p>OBJETIVOS \u2022 Profundizar los conceptos de estructuraci\u00f3n de un sitio web informativo teniendo en cuenta los lenguajes de marca de \u00faltima tecnolog\u00eda. \u2022 Adquirir conceptos y pr\u00e1ctica de separaci\u00f3n de dise\u00f1o y\u00a0contenido en un sitio web. \u2022 Organizar y estructurar un sitio web, teniendo en cuenta los conceptos de accesibilidad a los contenidos de acuerdo [&hellip;]<\/p>\n","protected":false},"author":1,"featured_media":0,"parent":0,"menu_order":0,"comment_status":"closed","ping_status":"closed","template":"","meta":[],"_links":{"self":[{"href":"https:\/\/catedras.facet.unt.edu.ar\/laboratoriop03\/wp-json\/wp\/v2\/pages\/2"}],"collection":[{"href":"https:\/\/catedras.facet.unt.edu.ar\/laboratoriop03\/wp-json\/wp\/v2\/pages"}],"about":[{"href":"https:\/\/catedras.facet.unt.edu.ar\/laboratoriop03\/wp-json\/wp\/v2\/types\/page"}],"author":[{"embeddable":true,"href":"https:\/\/catedras.facet.unt.edu.ar\/laboratoriop03\/wp-json\/wp\/v2\/users\/1"}],"replies":[{"embeddable":true,"href":"https:\/\/catedras.facet.unt.edu.ar\/laboratoriop03\/wp-json\/wp\/v2\/comments?post=2"}],"version-history":[{"count":8,"href":"https:\/\/catedras.facet.unt.edu.ar\/laboratoriop03\/wp-json\/wp\/v2\/pages\/2\/revisions"}],"predecessor-version":[{"id":130,"href":"https:\/\/catedras.facet.unt.edu.ar\/laboratoriop03\/wp-json\/wp\/v2\/pages\/2\/revisions\/130"}],"wp:attachment":[{"href":"https:\/\/catedras.facet.unt.edu.ar\/laboratoriop03\/wp-json\/wp\/v2\/media?parent=2"}],"curies":[{"name":"wp","href":"https:\/\/api.w.org\/{rel}","templated":true}]}}