{"id":63,"date":"2016-07-28T20:03:54","date_gmt":"2016-07-28T23:03:54","guid":{"rendered":"https:\/\/catedras.facet.unt.edu.ar\/itd\/?page_id=63"},"modified":"2016-07-30T13:16:10","modified_gmt":"2016-07-30T16:16:10","slug":"programa-de-la-materia","status":"publish","type":"page","link":"https:\/\/catedras.facet.unt.edu.ar\/itd\/programa-de-la-materia\/","title":{"rendered":"Programa de la Materia"},"content":{"rendered":"<p><span style=\"color: #ff0000\"><strong>1.- Comunicaci\u00f3n de datos<\/strong><\/span>. Definiciones b\u00e1sicas. Modos de comunicaciones.<br \/>\n<strong><span style=\"color: #ff0000\">2.- Transmisi\u00f3n serie.<\/span><\/strong> Enlaces series sincr\u00f3nicos y asincr\u00f3nicos. Consideraciones te\u00f3ricas y pr\u00e1cticas para las comunicaciones serie.<br \/>\n<strong><span style=\"color: #ff0000\">3.- La norma RS232 para la comunicaci\u00f3n serie.<\/span><\/strong> Caracter\u00edsticas mec\u00e1nicas, el\u00e9ctricas y funcionales. C\u00e1lculo de distancia de enlace.<br \/>\n<span style=\"color: #ff0000\"><strong>4.- Interfaces series balanceadas y no balanceadas.<\/strong><\/span> Las normas RS422 , RS423. Distancias de enlace. La interfaz RS485 para sistemas multipuntos. La norma IEEE-1394<br \/>\n<strong><span style=\"color: #ff0000\">5.- M\u00f3dems.<\/span><\/strong> Tipos de modulaciones mas utilizadas, modulaci\u00f3n FSK, PSK, QPSK, QAM, TCM. Normas en uso. Principios de funcionamiento, componentes y operaci\u00f3n de un m\u00f3dem.<br \/>\n<strong><span style=\"color: #ff0000\">6.- Detecci\u00f3n de errores.<\/span><\/strong> Chequeo LRC y VRC. CRC (Ciclic Redundancy Checking). Generaci\u00f3n de FCS (Frame Check Sequence) Circuitos para la generaci\u00f3n de CRC..<br \/>\n<span style=\"color: #ff0000\"><strong>7.- Enlaces series sincr\u00f3nicos.<\/strong><\/span> Formatos de los paquetes sincr\u00f3nicos. Protocolos. Protocolos orientados a caracteres. Protocolos orientados a bit.<br \/>\n<span style=\"color: #ff0000\"><strong>8.- USB. Introducci\u00f3n.<\/strong> <\/span>Beneficios para Usuarios y Desarrolladores. Tipos. Arquitectura General. Topolog\u00eda f\u00edsica y l\u00f3gica. Conector. Host Controller Interface. Protocolo del Bus. Transferencias. EndPoints. Pipes. Transacciones. Formato de Paquetes. Tipos. Enumeraci\u00f3n. Descriptores. Clases de Dispositivos. Velocidad. Interfaz El\u00e9ctrica. Consumo de Energ\u00eda.<\/p>\n","protected":false},"excerpt":{"rendered":"<p>1.- Comunicaci\u00f3n de datos. Definiciones b\u00e1sicas. Modos de comunicaciones. 2.- Transmisi\u00f3n serie. Enlaces series sincr\u00f3nicos y asincr\u00f3nicos. Consideraciones te\u00f3ricas y pr\u00e1cticas para las comunicaciones serie. 3.- La norma RS232 para la comunicaci\u00f3n serie. Caracter\u00edsticas mec\u00e1nicas, el\u00e9ctricas y funcionales. C\u00e1lculo de distancia de enlace. 4.- Interfaces series balanceadas y no balanceadas. Las normas RS422 , RS423. [&hellip;]<\/p>\n","protected":false},"author":101022,"featured_media":0,"parent":0,"menu_order":0,"comment_status":"closed","ping_status":"closed","template":"","meta":[],"_links":{"self":[{"href":"https:\/\/catedras.facet.unt.edu.ar\/itd\/wp-json\/wp\/v2\/pages\/63"}],"collection":[{"href":"https:\/\/catedras.facet.unt.edu.ar\/itd\/wp-json\/wp\/v2\/pages"}],"about":[{"href":"https:\/\/catedras.facet.unt.edu.ar\/itd\/wp-json\/wp\/v2\/types\/page"}],"author":[{"embeddable":true,"href":"https:\/\/catedras.facet.unt.edu.ar\/itd\/wp-json\/wp\/v2\/users\/101022"}],"replies":[{"embeddable":true,"href":"https:\/\/catedras.facet.unt.edu.ar\/itd\/wp-json\/wp\/v2\/comments?post=63"}],"version-history":[{"count":3,"href":"https:\/\/catedras.facet.unt.edu.ar\/itd\/wp-json\/wp\/v2\/pages\/63\/revisions"}],"predecessor-version":[{"id":93,"href":"https:\/\/catedras.facet.unt.edu.ar\/itd\/wp-json\/wp\/v2\/pages\/63\/revisions\/93"}],"wp:attachment":[{"href":"https:\/\/catedras.facet.unt.edu.ar\/itd\/wp-json\/wp\/v2\/media?parent=63"}],"curies":[{"name":"wp","href":"https:\/\/api.w.org\/{rel}","templated":true}]}}