{"id":53,"date":"2018-08-09T08:01:17","date_gmt":"2018-08-09T11:01:17","guid":{"rendered":"https:\/\/catedras.facet.unt.edu.ar\/itd\/?page_id=53"},"modified":"2019-07-23T10:02:48","modified_gmt":"2019-07-23T13:02:48","slug":"horarios","status":"publish","type":"page","link":"https:\/\/catedras.facet.unt.edu.ar\/itd\/horarios\/","title":{"rendered":"Horarios"},"content":{"rendered":"<p><strong>Teor\u00eda:<\/strong><\/p>\n<ul>\n<li>Lunes de 14 a 16 hs<\/li>\n<li>Mi\u00e9rcoles de 14 a 16 hs<\/li>\n<\/ul>\n<p><strong>Pr\u00e1ctica\/Laboratorio:<\/strong><\/p>\n<ul>\n<li>Lunes de 16 a 18 hs<\/li>\n<\/ul>\n","protected":false},"excerpt":{"rendered":"<p>Teor\u00eda: Lunes de 14 a 16 hs Mi\u00e9rcoles de 14 a 16 hs Pr\u00e1ctica\/Laboratorio: Lunes de 16 a 18 hs<\/p>\n","protected":false},"author":101022,"featured_media":0,"parent":0,"menu_order":0,"comment_status":"closed","ping_status":"closed","template":"","meta":[],"_links":{"self":[{"href":"https:\/\/catedras.facet.unt.edu.ar\/itd\/wp-json\/wp\/v2\/pages\/53"}],"collection":[{"href":"https:\/\/catedras.facet.unt.edu.ar\/itd\/wp-json\/wp\/v2\/pages"}],"about":[{"href":"https:\/\/catedras.facet.unt.edu.ar\/itd\/wp-json\/wp\/v2\/types\/page"}],"author":[{"embeddable":true,"href":"https:\/\/catedras.facet.unt.edu.ar\/itd\/wp-json\/wp\/v2\/users\/101022"}],"replies":[{"embeddable":true,"href":"https:\/\/catedras.facet.unt.edu.ar\/itd\/wp-json\/wp\/v2\/comments?post=53"}],"version-history":[{"count":7,"href":"https:\/\/catedras.facet.unt.edu.ar\/itd\/wp-json\/wp\/v2\/pages\/53\/revisions"}],"predecessor-version":[{"id":495,"href":"https:\/\/catedras.facet.unt.edu.ar\/itd\/wp-json\/wp\/v2\/pages\/53\/revisions\/495"}],"wp:attachment":[{"href":"https:\/\/catedras.facet.unt.edu.ar\/itd\/wp-json\/wp\/v2\/media?parent=53"}],"curies":[{"name":"wp","href":"https:\/\/api.w.org\/{rel}","templated":true}]}}