{"id":100,"date":"2018-01-25T15:53:49","date_gmt":"2018-01-25T18:53:49","guid":{"rendered":"https:\/\/catedras.facet.unt.edu.ar\/instrumentacion\/?page_id=100"},"modified":"2018-01-25T17:09:34","modified_gmt":"2018-01-25T20:09:34","slug":"programa","status":"publish","type":"page","link":"https:\/\/catedras.facet.unt.edu.ar\/instrumentacion\/programa\/","title":{"rendered":"Programa de la Asignatura"},"content":{"rendered":"<h5><span style=\"font-family: verdana, geneva, sans-serif;\">UNIDAD TEM\u00c1TICA I: METROLOG\u00cdA<\/span><\/h5>\n<p><span style=\"font-family: verdana, geneva, sans-serif;\">Definiciones; campo de medida, alcance, precisi\u00f3n, error, zona muerta, sensibilidad, linealidad, hist\u00e9resis, repetibilidad. Incertidumbre. Elementos primarios. Indicadores y registradores. Transmisores neum\u00e1ticos y electr\u00f3nicos. Se\u00f1ales de comunicaci\u00f3n normalizadas, buses de campo.<\/span><\/p>\n<p>&nbsp;<\/p>\n<h5><span style=\"font-family: verdana, geneva, sans-serif;\">UNIDAD TEM\u00c1TICA II: MEDICI\u00d3N DE TEMPERATURA<\/span><\/h5>\n<p><span style=\"font-family: verdana, geneva, sans-serif;\">Sensores y transductores, campo de aplicaci\u00f3n de cada uno. L\u00edmites de trabajo. Montaje. Compensaci\u00f3n. Procedimientos de calibraci\u00f3n.<\/span><\/p>\n<p>&nbsp;<\/p>\n<h5><span style=\"font-family: verdana, geneva, sans-serif;\">UNIDAD TEM\u00c1TICA III: MEDICI\u00d3N DE PRESI\u00d3N<\/span><\/h5>\n<p><span style=\"font-family: verdana, geneva, sans-serif;\">Presi\u00f3n absoluta, relativa, diferencial. Unidades, errores. Medidores de presi\u00f3n. Principios utilizados, elementos sensores y transductores, especificaciones, normas. Procedimientos de calibraci\u00f3n.<\/span><\/p>\n<p>&nbsp;<\/p>\n<h5><span style=\"font-family: verdana, geneva, sans-serif;\">UNIDAD TEM\u00c1TICA IV: MEDICI\u00d3N DE NIVEL<\/span><\/h5>\n<p><span style=\"font-family: verdana, geneva, sans-serif;\">Medidores directos e indirectos. Recipientes abiertos y cerrados, recipientes presurizados. Correcciones. Medici\u00f3n de interfase entre dos fluidos. Medidores capacitivos, el\u00e9ctricos nucle\u00f3nicos. Medici\u00f3n de nivel de s\u00f3lido.<\/span><\/p>\n<p>&nbsp;<\/p>\n<h5><span style=\"font-family: verdana, geneva, sans-serif;\">UNIDAD TEM\u00c1TICA V: MEDICI\u00d3N DE CAUDAL<\/span><\/h5>\n<p><span style=\"font-family: verdana, geneva, sans-serif;\">Elementos sensores y transductores, revisi\u00f3n de los principios f\u00edsicos fundamentales. Medidores de \u00e1rea fija y presi\u00f3n variable y de presi\u00f3n fija y \u00e1rea variable. Medidores volum\u00e9tricos y m\u00e1sicos. Normas de montaje. Procedimientos de calibraci\u00f3n.<\/span><\/p>\n<p>&nbsp;<\/p>\n<h5><span style=\"font-family: verdana, geneva, sans-serif;\">UNIDAD TEM\u00c1TICA VI: MEDICI\u00d3N DE CARACTER\u00cdSTICAS FISICO QU\u00cdMICAS DE FLUIDOS<\/span><\/h5>\n<p><span style=\"font-family: verdana, geneva, sans-serif;\">Definiciones. Elementos sensores y transductores. Medici\u00f3n de pH. Conductividad, Turbidez, Viscosidad, Consistencia.<\/span><\/p>\n<p>&nbsp;<\/p>\n<h5><span style=\"font-family: verdana, geneva, sans-serif;\">UNIDAD TEM\u00c1TICA VII: MEDICI\u00d3N DE PAR\u00c1METROS MEC\u00c1NICOS<\/span><\/h5>\n<p><span style=\"font-family: verdana, geneva, sans-serif;\">Elementos sensores y transductores. Medici\u00f3n de velocidad, desplazamiento, deformaci\u00f3n, \u00e1ngulo, aceleraci\u00f3n. Celdas de carga. Actuadores. Usos y aplicaciones. Procedimientos de calibraci\u00f3n.<\/span><\/p>\n<p>&nbsp;<\/p>\n<h5><span style=\"font-family: verdana, geneva, sans-serif;\">UNIDAD TEM\u00c1TICA VIII: ELEMENTO FINAL DE CONTROL<\/span><\/h5>\n<p><span style=\"font-family: verdana, geneva, sans-serif;\">V\u00e1lvula de control. Tipos de cuerpos. Asientos. Curvas caracter\u00edsticas de trabajo. Flasheo. Cavitaci\u00f3n. Accionamientos el\u00e9ctricos, neum\u00e1ticos e hidr\u00e1ulicos. Posicionadores.<\/span><\/p>\n<p>&nbsp;<\/p>\n<h5><span style=\"font-family: verdana, geneva, sans-serif;\">UNIDAD TEM\u00c1TICA IX: CONTROLADORES DE PROCESO<\/span><\/h5>\n<p><span style=\"font-family: verdana, geneva, sans-serif;\">Controladores locales y remotos. Estaciones de mando. Acci\u00f3n proporcional, integrativa y derivativa. M\u00e9todos de sinton\u00eda de controladores PID. Aplicaciones t\u00edpicas.<\/span><\/p>\n<p>&nbsp;<\/p>\n","protected":false},"excerpt":{"rendered":"<p>UNIDAD TEM\u00c1TICA I: METROLOG\u00cdA Definiciones; campo de medida, alcance, precisi\u00f3n, error, zona muerta, sensibilidad, linealidad, hist\u00e9resis, repetibilidad. Incertidumbre. Elementos primarios. Indicadores y registradores. Transmisores neum\u00e1ticos y electr\u00f3nicos. Se\u00f1ales de comunicaci\u00f3n normalizadas, buses de campo. &nbsp; UNIDAD TEM\u00c1TICA II: MEDICI\u00d3N DE TEMPERATURA Sensores y transductores, campo de aplicaci\u00f3n de cada uno. L\u00edmites de trabajo. Montaje. Compensaci\u00f3n. [&hellip;]<\/p>\n","protected":false},"author":144,"featured_media":0,"parent":0,"menu_order":0,"comment_status":"closed","ping_status":"closed","template":"","meta":[],"_links":{"self":[{"href":"https:\/\/catedras.facet.unt.edu.ar\/instrumentacion\/wp-json\/wp\/v2\/pages\/100"}],"collection":[{"href":"https:\/\/catedras.facet.unt.edu.ar\/instrumentacion\/wp-json\/wp\/v2\/pages"}],"about":[{"href":"https:\/\/catedras.facet.unt.edu.ar\/instrumentacion\/wp-json\/wp\/v2\/types\/page"}],"author":[{"embeddable":true,"href":"https:\/\/catedras.facet.unt.edu.ar\/instrumentacion\/wp-json\/wp\/v2\/users\/144"}],"replies":[{"embeddable":true,"href":"https:\/\/catedras.facet.unt.edu.ar\/instrumentacion\/wp-json\/wp\/v2\/comments?post=100"}],"version-history":[{"count":7,"href":"https:\/\/catedras.facet.unt.edu.ar\/instrumentacion\/wp-json\/wp\/v2\/pages\/100\/revisions"}],"predecessor-version":[{"id":129,"href":"https:\/\/catedras.facet.unt.edu.ar\/instrumentacion\/wp-json\/wp\/v2\/pages\/100\/revisions\/129"}],"wp:attachment":[{"href":"https:\/\/catedras.facet.unt.edu.ar\/instrumentacion\/wp-json\/wp\/v2\/media?parent=100"}],"curies":[{"name":"wp","href":"https:\/\/api.w.org\/{rel}","templated":true}]}}