{"id":94,"date":"2014-01-12T22:30:31","date_gmt":"2014-01-13T01:30:31","guid":{"rendered":"https:\/\/catedras.facet.unt.edu.ar\/ingsoftware\/?page_id=94"},"modified":"2023-07-07T16:56:04","modified_gmt":"2023-07-07T19:56:04","slug":"condiciones-lbd","status":"publish","type":"page","link":"https:\/\/catedras.facet.unt.edu.ar\/ingsoftware\/lab-de-bases-de-datos\/condiciones-lbd\/","title":{"rendered":"Condiciones LBD"},"content":{"rendered":"<p>Para poder apro\u00adbar la asig\u00adna\u00adtu\u00adra, el alumno debe cum\u00adplir los si\u00adguien\u00adtes re\u00adqui\u00adsi\u00adtos:<\/p>\n<ul>\n<li>Ins\u00adcrip\u00adci\u00f3n Re\u00adgu\u00adlar en la Asig\u00adna\u00adtu\u00adra:\u00a029 ma\u00adte\u00adrias apro\u00adba\u00addas y Bases de Datos, In\u00adge\u00adnie\u00adr\u00eda de Soft\u00adwa\u00adre I y Prue\u00adba de Su\u00adfi\u00adcien\u00adcia de In\u00adgl\u00e9s apro\u00adba\u00addas.<\/li>\n<li>100% de asis\u00adten\u00adcia\u00a0a cla\u00adses pr\u00e1c\u00adti\u00adcas.<\/li>\n<li>100% de Tra\u00adba\u00adjos Pr\u00e1c\u00adti\u00adcos pre\u00adsen\u00adta\u00addos y apro\u00adba\u00addos. Cada Trabajo Pr\u00e1ctico se aprue\u00adba con nota &gt;= 70\/100<\/li>\n<li>Evaluaciones te\u00f3ricas parciales al finalizar cada unidad (se recuperan al final de la materia, s\u00f3lo por falta, con certificado y si se cumplen todas las otras condiciones). Se deben aprobar un 50% como m\u00ednimo<\/li>\n<li>Exa\u00admen Final apro\u00adba\u00addo con nota &gt;= 60\/100 (sin re\u00adcu\u00adpe\u00adra\u00adci\u00f3n).<\/li>\n<li>Tra\u00adba\u00adjo Final\u00a0pre\u00adsen\u00adta\u00addo y apro\u00adba\u00addo.<\/li>\n<li>Nota Final: se com\u00adpon\u00addr\u00e1 del 50% de la nota del exa\u00admen final, 30% del promedio de las notas de los Tra\u00adba\u00adjos Pr\u00e1c\u00adti\u00adcos y 20% de las evaluaciones te\u00f3ricas parciales.<\/li>\n<\/ul>\n<p>&nbsp;<\/p>\n<p>Del Tra\u00adba\u00adjo Final:\u00a0el tra\u00adba\u00adjo final ser\u00e1 gru\u00adpal (1 o 2 per\u00adso\u00adnas) y tra\u00adta\u00adr\u00e1 sobre el desa\u00adrro\u00adllo de un pro\u00adble\u00adma com\u00adple\u00adto. Parte de las eta\u00adpas de este pro\u00adyec\u00adto ser\u00e1n desa\u00adrro\u00adlla\u00addas como tra\u00adba\u00adjos pr\u00e1c\u00adti\u00adcos.<\/p>\n<p>&nbsp;<\/p>\n<p>IM\u00adPOR\u00adTAN\u00adTE<\/p>\n<p>Se hace cons\u00adtar que la ma\u00adte\u00adria es ne\u00adta\u00admen\u00adte pr\u00e1c\u00adti\u00adca y pre\u00adsen\u00adcial, por lo tanto se debe asis\u00adtir a todas las cla\u00adses pr\u00e1cticas, no per\u00admi\u00adti\u00e9n\u00addo\u00adse otro r\u00e9\u00adgi\u00admen de apro\u00adba\u00adci\u00f3n.<\/p>\n","protected":false},"excerpt":{"rendered":"<p>Para poder apro\u00adbar la asig\u00adna\u00adtu\u00adra, el alumno debe cum\u00adplir los si\u00adguien\u00adtes re\u00adqui\u00adsi\u00adtos: Ins\u00adcrip\u00adci\u00f3n Re\u00adgu\u00adlar en la Asig\u00adna\u00adtu\u00adra:\u00a029 ma\u00adte\u00adrias apro\u00adba\u00addas y Bases de Datos, In\u00adge\u00adnie\u00adr\u00eda de Soft\u00adwa\u00adre I y Prue\u00adba de Su\u00adfi\u00adcien\u00adcia de In\u00adgl\u00e9s apro\u00adba\u00addas. 100% de asis\u00adten\u00adcia\u00a0a cla\u00adses pr\u00e1c\u00adti\u00adcas. 100% de Tra\u00adba\u00adjos Pr\u00e1c\u00adti\u00adcos pre\u00adsen\u00adta\u00addos y apro\u00adba\u00addos. Cada Trabajo Pr\u00e1ctico se aprue\u00adba con nota &gt;= 70\/100 [&hellip;]<\/p>\n","protected":false},"author":2,"featured_media":0,"parent":22,"menu_order":1,"comment_status":"closed","ping_status":"closed","template":"","meta":[],"_links":{"self":[{"href":"https:\/\/catedras.facet.unt.edu.ar\/ingsoftware\/wp-json\/wp\/v2\/pages\/94"}],"collection":[{"href":"https:\/\/catedras.facet.unt.edu.ar\/ingsoftware\/wp-json\/wp\/v2\/pages"}],"about":[{"href":"https:\/\/catedras.facet.unt.edu.ar\/ingsoftware\/wp-json\/wp\/v2\/types\/page"}],"author":[{"embeddable":true,"href":"https:\/\/catedras.facet.unt.edu.ar\/ingsoftware\/wp-json\/wp\/v2\/users\/2"}],"replies":[{"embeddable":true,"href":"https:\/\/catedras.facet.unt.edu.ar\/ingsoftware\/wp-json\/wp\/v2\/comments?post=94"}],"version-history":[{"count":10,"href":"https:\/\/catedras.facet.unt.edu.ar\/ingsoftware\/wp-json\/wp\/v2\/pages\/94\/revisions"}],"predecessor-version":[{"id":1712,"href":"https:\/\/catedras.facet.unt.edu.ar\/ingsoftware\/wp-json\/wp\/v2\/pages\/94\/revisions\/1712"}],"up":[{"embeddable":true,"href":"https:\/\/catedras.facet.unt.edu.ar\/ingsoftware\/wp-json\/wp\/v2\/pages\/22"}],"wp:attachment":[{"href":"https:\/\/catedras.facet.unt.edu.ar\/ingsoftware\/wp-json\/wp\/v2\/media?parent=94"}],"curies":[{"name":"wp","href":"https:\/\/api.w.org\/{rel}","templated":true}]}}