{"id":35,"date":"2014-01-04T14:10:58","date_gmt":"2014-01-04T17:10:58","guid":{"rendered":"https:\/\/catedras.facet.unt.edu.ar\/ingsoftware\/?page_id=35"},"modified":"2024-02-27T11:37:32","modified_gmt":"2024-02-27T14:37:32","slug":"horarios-de-ing-de-software-i","status":"publish","type":"page","link":"https:\/\/catedras.facet.unt.edu.ar\/ingsoftware\/ing-de-software-i\/horarios-de-ing-de-software-i\/","title":{"rendered":"Horarios IS I"},"content":{"rendered":"<p><b style=\"line-height: 1.5em\">Teor\u00eda:<\/b><span style=\"line-height: 1.5em\">\u00a0lunes y mi\u00e9rcoles de 10 a 12 hs.<\/span><\/p>\n<p><b>Pr\u00e1ctica:<\/b>\u00a0viernes de 10 a 12 hs.<\/p>\n<p><b>Lugar:<\/b>\u00a0Aula 1-3-02.<\/p>\n<p><b>Consultas: consultar en web principal, en la secci\u00f3n\u00a0de\u00a0Post de la C\u00e1tedra.<\/b><\/p>\n<p><b>Carga Horaria:<\/b><\/p>\n<p><span style=\"font-weight: 400\">Perteneciente al Bloque de Tecnolog\u00edas Aplicadas, m\u00f3dulo VII del cuarto a\u00f1o de la carrera de Ingenier\u00eda en Computaci\u00f3n, la asignatura tiene una carga horaria de 96 horas, a saber:<\/span><\/p>\n<ul>\n<li style=\"font-weight: 400\"><span style=\"font-weight: 400\">Clases te\u00f3ricas: 43 horas<\/span><\/li>\n<li style=\"font-weight: 400\"><span style=\"font-weight: 400\">Clases pr\u00e1cticas: 31 horas<\/span><\/li>\n<li style=\"font-weight: 400\"><span style=\"font-weight: 400\">Proyectuales: 8 horas<\/span><\/li>\n<li style=\"font-weight: 400\"><span style=\"font-weight: 400\">Laboratorios: 10 horas<\/span><\/li>\n<li style=\"font-weight: 400\"><span style=\"font-weight: 400\">Ex\u00e1menes: 4 horas<\/span><\/li>\n<li>R\u00e9gimen de recuperaci\u00f3n: 24 horas<\/li>\n<\/ul>\n","protected":false},"excerpt":{"rendered":"<p>Teor\u00eda:\u00a0lunes y mi\u00e9rcoles de 10 a 12 hs. Pr\u00e1ctica:\u00a0viernes de 10 a 12 hs. Lugar:\u00a0Aula 1-3-02. Consultas: consultar en web principal, en la secci\u00f3n\u00a0de\u00a0Post de la C\u00e1tedra. Carga Horaria: Perteneciente al Bloque de Tecnolog\u00edas Aplicadas, m\u00f3dulo VII del cuarto a\u00f1o de la carrera de Ingenier\u00eda en Computaci\u00f3n, la asignatura tiene una carga horaria de 96 [&hellip;]<\/p>\n","protected":false},"author":2,"featured_media":0,"parent":18,"menu_order":3,"comment_status":"closed","ping_status":"closed","template":"","meta":[],"_links":{"self":[{"href":"https:\/\/catedras.facet.unt.edu.ar\/ingsoftware\/wp-json\/wp\/v2\/pages\/35"}],"collection":[{"href":"https:\/\/catedras.facet.unt.edu.ar\/ingsoftware\/wp-json\/wp\/v2\/pages"}],"about":[{"href":"https:\/\/catedras.facet.unt.edu.ar\/ingsoftware\/wp-json\/wp\/v2\/types\/page"}],"author":[{"embeddable":true,"href":"https:\/\/catedras.facet.unt.edu.ar\/ingsoftware\/wp-json\/wp\/v2\/users\/2"}],"replies":[{"embeddable":true,"href":"https:\/\/catedras.facet.unt.edu.ar\/ingsoftware\/wp-json\/wp\/v2\/comments?post=35"}],"version-history":[{"count":20,"href":"https:\/\/catedras.facet.unt.edu.ar\/ingsoftware\/wp-json\/wp\/v2\/pages\/35\/revisions"}],"predecessor-version":[{"id":1720,"href":"https:\/\/catedras.facet.unt.edu.ar\/ingsoftware\/wp-json\/wp\/v2\/pages\/35\/revisions\/1720"}],"up":[{"embeddable":true,"href":"https:\/\/catedras.facet.unt.edu.ar\/ingsoftware\/wp-json\/wp\/v2\/pages\/18"}],"wp:attachment":[{"href":"https:\/\/catedras.facet.unt.edu.ar\/ingsoftware\/wp-json\/wp\/v2\/media?parent=35"}],"curies":[{"name":"wp","href":"https:\/\/api.w.org\/{rel}","templated":true}]}}