{"id":22,"date":"2014-01-04T13:06:30","date_gmt":"2014-01-04T16:06:30","guid":{"rendered":"https:\/\/catedras.facet.unt.edu.ar\/ingsoftware\/?page_id=22"},"modified":"2014-01-12T23:43:30","modified_gmt":"2014-01-13T02:43:30","slug":"lab-de-bases-de-datos","status":"publish","type":"page","link":"https:\/\/catedras.facet.unt.edu.ar\/ingsoftware\/lab-de-bases-de-datos\/","title":{"rendered":"Lab. de Bases de Datos"},"content":{"rendered":"<p>Bienvenido a la p\u00e1gina de la materia electiva EBB Laboratorio de Bases de Datos del plan 2004 y 2001 de la carrera Ingenier\u00eda en Computaci\u00f3n de la Facultad de Ciencias Exactas y Tecnolog\u00eda de la Universidad Nacional de Tucum\u00e1n.<\/p>\n<p>En esta p\u00e1gina encontrar\u00e1 informaci\u00f3n respecto al cursado de la asignatura, horarios, condiciones, bibliograf\u00eda, documentos relevantes y novedades.<\/p>\n<p>Nos interesa su opini\u00f3n para seguir mejorando. Por favor\u00a0escr\u00edbanos.<\/p>\n<ul>\n<li>Documentos de Laboratorio de Bases de Datos ( S\u00f3lo usuarios registrados )<\/li>\n<\/ul>\n<p>&nbsp;<\/p>\n","protected":false},"excerpt":{"rendered":"<p>Bienvenido a la p\u00e1gina de la materia electiva EBB Laboratorio de Bases de Datos del plan 2004 y 2001 de la carrera Ingenier\u00eda en Computaci\u00f3n de la Facultad de Ciencias Exactas y Tecnolog\u00eda de la Universidad Nacional de Tucum\u00e1n. En esta p\u00e1gina encontrar\u00e1 informaci\u00f3n respecto al cursado de la asignatura, horarios, condiciones, bibliograf\u00eda, documentos relevantes [&hellip;]<\/p>\n","protected":false},"author":2,"featured_media":0,"parent":0,"menu_order":0,"comment_status":"closed","ping_status":"closed","template":"","meta":[],"_links":{"self":[{"href":"https:\/\/catedras.facet.unt.edu.ar\/ingsoftware\/wp-json\/wp\/v2\/pages\/22"}],"collection":[{"href":"https:\/\/catedras.facet.unt.edu.ar\/ingsoftware\/wp-json\/wp\/v2\/pages"}],"about":[{"href":"https:\/\/catedras.facet.unt.edu.ar\/ingsoftware\/wp-json\/wp\/v2\/types\/page"}],"author":[{"embeddable":true,"href":"https:\/\/catedras.facet.unt.edu.ar\/ingsoftware\/wp-json\/wp\/v2\/users\/2"}],"replies":[{"embeddable":true,"href":"https:\/\/catedras.facet.unt.edu.ar\/ingsoftware\/wp-json\/wp\/v2\/comments?post=22"}],"version-history":[{"count":3,"href":"https:\/\/catedras.facet.unt.edu.ar\/ingsoftware\/wp-json\/wp\/v2\/pages\/22\/revisions"}],"predecessor-version":[{"id":103,"href":"https:\/\/catedras.facet.unt.edu.ar\/ingsoftware\/wp-json\/wp\/v2\/pages\/22\/revisions\/103"}],"wp:attachment":[{"href":"https:\/\/catedras.facet.unt.edu.ar\/ingsoftware\/wp-json\/wp\/v2\/media?parent=22"}],"curies":[{"name":"wp","href":"https:\/\/api.w.org\/{rel}","templated":true}]}}