{"id":53,"date":"2014-08-28T10:35:49","date_gmt":"2014-08-28T13:35:49","guid":{"rendered":"https:\/\/catedras.facet.unt.edu.ar\/infoa\/?page_id=53"},"modified":"2015-08-10T09:39:24","modified_gmt":"2015-08-10T12:39:24","slug":"programa","status":"publish","type":"page","link":"https:\/\/catedras.facet.unt.edu.ar\/infoa\/programa\/","title":{"rendered":"Programa"},"content":{"rendered":"<p>La asignatura cuenta con las siguientes unidades de estudio:<\/p>\n<p><strong>Unidad 1: Introducci\u00f3n a los conceptos inform\u00e1ticos<\/strong><br \/>\nNaturaleza de la informaci\u00f3n. Inform\u00e1tica: <em>definici\u00f3n<\/em>. Dato e informaci\u00f3n. Estructura de la informaci\u00f3n. Tipos de datos. Expresiones: <em>tipos de expresiones, jerarqu\u00eda, resoluci\u00f3n de problemas<\/em>. Estructura del computador: <em>perspectiva hist\u00f3rica, modelo de Von Newman.<\/em> C\u00f3mo se mide la\u00a0 informaci\u00f3n. Sistemas de Numeraci\u00f3n: <em>conversi\u00f3n entre sistemas, operaciones, complemento a la base<\/em>. Terminolog\u00eda inform\u00e1tica.<\/p>\n<p><strong>Unidad 2: La programaci\u00f3n como metodolog\u00eda de resoluci\u00f3n de problemas<\/strong><br \/>\nProblemas de inter\u00e9s inform\u00e1tico. Etapas en la soluci\u00f3n de problemas. Concepto de algoritmo. Caracter\u00edsticas de un algoritmo inform\u00e1tico. Programaci\u00f3n modular. Programaci\u00f3n estructurada: <em>teorema fundamental, estructuras b\u00e1sicas<\/em>. Lenguaje de dise\u00f1o. Dise\u00f1o de algoritmos. Representaci\u00f3n gr\u00e1fica: <em>diagrama de flujo<\/em>. Variables: <em>concepto<\/em>. Operaci\u00f3n de asignaci\u00f3n.<\/p>\n<p><strong>Unidad 3:<\/strong><\/p>\n<p><strong>Sistemas operativos:<\/strong><br \/>\nDefinici\u00f3n, clasificaci\u00f3n, funciones principales: <em>ejecuci\u00f3n de programas, administraci\u00f3n de hardware, administraci\u00f3n de archivos<\/em>. Sistema operativo Linux.<\/p>\n<p><strong>Software de aplicaci\u00f3n:<\/strong><br \/>\nEditor y procesador de textos: mcedit y Write (LibreOffice). Planilla de c\u00e1lculo: Calc (LibreOffice). Redes de computadoras: definici\u00f3n, clasificaci\u00f3n. Internet.<\/p>\n<p><strong>Unidad 4: Lenguajes de programaci\u00f3n<\/strong><br \/>\nLenguaje: <em>concepto<\/em>. Tipos de lenguaje desde el punto de vista inform\u00e1tico. Evoluci\u00f3n de los lenguajes de programaci\u00f3n. Los paradigmas de la programaci\u00f3n. Introducci\u00f3n al Lenguaje C: <em>estructura general de un programa en lenguaje C<\/em>: tipos primitivos de datos, operadores y estructuras b\u00e1sicas de control de programa.<\/p>\n<p>&nbsp;<\/p>\n","protected":false},"excerpt":{"rendered":"<p>La asignatura cuenta con las siguientes unidades de estudio: Unidad 1: Introducci\u00f3n a los conceptos inform\u00e1ticos Naturaleza de la informaci\u00f3n. Inform\u00e1tica: definici\u00f3n. Dato e informaci\u00f3n. Estructura de la informaci\u00f3n. Tipos de datos. Expresiones: tipos de expresiones, jerarqu\u00eda, resoluci\u00f3n de problemas. Estructura del computador: perspectiva hist\u00f3rica, modelo de Von Newman. C\u00f3mo se mide la\u00a0 informaci\u00f3n. Sistemas [&hellip;]<\/p>\n","protected":false},"author":61,"featured_media":0,"parent":0,"menu_order":0,"comment_status":"closed","ping_status":"closed","template":"","meta":[],"_links":{"self":[{"href":"https:\/\/catedras.facet.unt.edu.ar\/infoa\/wp-json\/wp\/v2\/pages\/53"}],"collection":[{"href":"https:\/\/catedras.facet.unt.edu.ar\/infoa\/wp-json\/wp\/v2\/pages"}],"about":[{"href":"https:\/\/catedras.facet.unt.edu.ar\/infoa\/wp-json\/wp\/v2\/types\/page"}],"author":[{"embeddable":true,"href":"https:\/\/catedras.facet.unt.edu.ar\/infoa\/wp-json\/wp\/v2\/users\/61"}],"replies":[{"embeddable":true,"href":"https:\/\/catedras.facet.unt.edu.ar\/infoa\/wp-json\/wp\/v2\/comments?post=53"}],"version-history":[{"count":3,"href":"https:\/\/catedras.facet.unt.edu.ar\/infoa\/wp-json\/wp\/v2\/pages\/53\/revisions"}],"predecessor-version":[{"id":288,"href":"https:\/\/catedras.facet.unt.edu.ar\/infoa\/wp-json\/wp\/v2\/pages\/53\/revisions\/288"}],"wp:attachment":[{"href":"https:\/\/catedras.facet.unt.edu.ar\/infoa\/wp-json\/wp\/v2\/media?parent=53"}],"curies":[{"name":"wp","href":"https:\/\/api.w.org\/{rel}","templated":true}]}}