{"id":213,"date":"2018-08-23T11:07:48","date_gmt":"2018-08-23T14:07:48","guid":{"rendered":"https:\/\/catedras.facet.unt.edu.ar\/iidpr\/?page_id=213"},"modified":"2025-08-14T13:29:30","modified_gmt":"2025-08-14T16:29:30","slug":"tp-experimental","status":"publish","type":"page","link":"https:\/\/catedras.facet.unt.edu.ar\/iidpr\/tp-experimental\/","title":{"rendered":"TRABAJOS PR\u00c1CTICOS EXPERIMENTALES"},"content":{"rendered":"<h2 style=\"text-align: center\"><span style=\"color: #008000\"><strong>TRABAJOS PR\u00c1CTICOS EXPERIMENTALES<\/strong><\/span><\/h2>\n<p><strong>TRABAJO PR\u00c1CTICO EXPERIMENTAL 1:<\/strong> Medici\u00f3n de nivel. Conexionado de instrumentos de un lazo de control<\/p>\n<p><strong>TRABAJO PR\u00c1CTICO EXPERIMENTAL 2:<\/strong> Medici\u00f3n de temperatura. Conexionado de instrumentos de un lazo de temperatura<\/p>\n<p><strong>TRABAJO PR\u00c1CTICO EXPERIMENTAL 3:<\/strong> Comparaci\u00f3n de instrumentos de medici\u00f3n de caudal<\/p>\n<p><strong>TRABAJO PR\u00c1CTICO EXPERIMENTAL 4:<\/strong> Caracter\u00edstica de flujo de v\u00e1lvulas de control<\/p>\n<p><strong>TRABAJO PR\u00c1CTICO EXPERIMENTAL 5:<\/strong> Sintonizaci\u00f3n de un lazo de control<\/p>\n<p>&nbsp;<\/p>\n<p>&nbsp;<\/p>\n","protected":false},"excerpt":{"rendered":"<p>TRABAJOS PR\u00c1CTICOS EXPERIMENTALES TRABAJO PR\u00c1CTICO EXPERIMENTAL 1: Medici\u00f3n de nivel. Conexionado de instrumentos de un lazo de control TRABAJO PR\u00c1CTICO EXPERIMENTAL 2: Medici\u00f3n de temperatura. Conexionado de instrumentos de un lazo de temperatura TRABAJO PR\u00c1CTICO EXPERIMENTAL 3: Comparaci\u00f3n de instrumentos de medici\u00f3n de caudal TRABAJO PR\u00c1CTICO EXPERIMENTAL 4: Caracter\u00edstica de flujo de v\u00e1lvulas de control [&hellip;]<\/p>\n","protected":false},"author":184,"featured_media":0,"parent":0,"menu_order":0,"comment_status":"closed","ping_status":"closed","template":"","meta":[],"_links":{"self":[{"href":"https:\/\/catedras.facet.unt.edu.ar\/iidpr\/wp-json\/wp\/v2\/pages\/213"}],"collection":[{"href":"https:\/\/catedras.facet.unt.edu.ar\/iidpr\/wp-json\/wp\/v2\/pages"}],"about":[{"href":"https:\/\/catedras.facet.unt.edu.ar\/iidpr\/wp-json\/wp\/v2\/types\/page"}],"author":[{"embeddable":true,"href":"https:\/\/catedras.facet.unt.edu.ar\/iidpr\/wp-json\/wp\/v2\/users\/184"}],"replies":[{"embeddable":true,"href":"https:\/\/catedras.facet.unt.edu.ar\/iidpr\/wp-json\/wp\/v2\/comments?post=213"}],"version-history":[{"count":15,"href":"https:\/\/catedras.facet.unt.edu.ar\/iidpr\/wp-json\/wp\/v2\/pages\/213\/revisions"}],"predecessor-version":[{"id":385,"href":"https:\/\/catedras.facet.unt.edu.ar\/iidpr\/wp-json\/wp\/v2\/pages\/213\/revisions\/385"}],"wp:attachment":[{"href":"https:\/\/catedras.facet.unt.edu.ar\/iidpr\/wp-json\/wp\/v2\/media?parent=213"}],"curies":[{"name":"wp","href":"https:\/\/api.w.org\/{rel}","templated":true}]}}