{"id":141,"date":"2014-03-13T13:31:00","date_gmt":"2014-03-13T16:31:00","guid":{"rendered":"https:\/\/catedras.facet.unt.edu.ar\/geofisica\/?page_id=141"},"modified":"2014-03-19T19:43:08","modified_gmt":"2014-03-19T22:43:08","slug":"programas","status":"publish","type":"page","link":"https:\/\/catedras.facet.unt.edu.ar\/geofisica\/programas\/","title":{"rendered":"Programas"},"content":{"rendered":"<div class=\"content_box\">\n<h6><strong>Ingeniero Agrimensor<\/strong> (Plan 1998 &#8211; Modif. 2004)<strong>:<\/strong><\/h6>\n<table width=\"70%\" align=\"center\">\n<tbody>\n<tr>\n<td align=\"right\" valign=\"middle\" width=\"8%\" height=\"20\"><img loading=\"lazy\" alt=\"\" src=\"https:\/\/catedras.facet.unt.edu.ar\/geofisica\/wp-content\/uploads\/sites\/4\/2014\/02\/pdf_icono.jpg\" width=\"30\" height=\"32\" \/><\/td>\n<td valign=\"middle\" width=\"87%\">\n<p class=\"style2\"><a class=\"style5\" href=\"https:\/\/catedras.facet.unt.edu.ar\/geofisica\/wp-content\/uploads\/sites\/4\/2014\/02\/Programa-Geofisica-y-Geomorfologia-2013.pdf\" target=\"_blank\"> Geof\u00edsica y Geomorfolog\u00eda<\/a><\/p>\n<\/td>\n<\/tr>\n<\/tbody>\n<\/table>\n<h6><\/h6>\n<h6><strong>Ge\u00f3logo<\/strong> (Plan 2012)<strong>:<\/strong><\/h6>\n<table width=\"70%\" align=\"center\">\n<tbody>\n<tr>\n<td align=\"right\" valign=\"middle\" width=\"8%\" height=\"35\"><img loading=\"lazy\" alt=\"\" src=\"https:\/\/catedras.facet.unt.edu.ar\/geofisica\/wp-content\/uploads\/sites\/4\/2014\/02\/pdf_icono.jpg\" width=\"30\" height=\"32\" \/><\/td>\n<td valign=\"middle\" width=\"69%\">\n<p class=\"style2\"><a class=\"style5\" href=\"https:\/\/catedras.facet.unt.edu.ar\/geofisica\/wp-content\/uploads\/sites\/4\/2014\/02\/Programa-Geofisica-2013.pdf\" target=\"_blank\"> Geof\u00edsica para Ge\u00f3logos<\/a><\/p>\n<\/td>\n<\/tr>\n<\/tbody>\n<\/table>\n<h6><\/h6>\n<h6><strong>Ingeniero Geodesta y Geof\u00edsico <\/strong>(Plan 1957)<strong>:<\/strong><\/h6>\n<table width=\"70%\" align=\"center\">\n<tbody>\n<tr>\n<td align=\"right\" valign=\"middle\" width=\"8%\" height=\"20\"><img loading=\"lazy\" alt=\"\" src=\"https:\/\/catedras.facet.unt.edu.ar\/geofisica\/wp-content\/uploads\/sites\/4\/2014\/02\/pdf_icono.jpg\" width=\"30\" height=\"32\" \/><\/td>\n<td valign=\"middle\" width=\"88%\">\n<p class=\"style2\"><a class=\"style5\" href=\"https:\/\/catedras.facet.unt.edu.ar\/geofisica\/wp-content\/uploads\/sites\/4\/2014\/02\/Programa-Geofisica-Geomorfologia-y-Oceanografia-2013.pdf\" target=\"_blank\"> Geof\u00edsica, Geomorfolog\u00eda y Oceanograf\u00eda<\/a><\/p>\n<\/td>\n<\/tr>\n<tr>\n<td align=\"right\" valign=\"middle\" height=\"20\"><img loading=\"lazy\" alt=\"\" src=\"https:\/\/catedras.facet.unt.edu.ar\/geofisica\/wp-content\/uploads\/sites\/4\/2014\/02\/pdf_icono.jpg\" width=\"30\" height=\"32\" \/><\/td>\n<td valign=\"middle\">\n<p class=\"style2\"><a class=\"style5\" href=\"https:\/\/catedras.facet.unt.edu.ar\/geofisica\/wp-content\/uploads\/sites\/4\/2014\/02\/Programa-Geofisica-Aplicada-2013.pdf\" target=\"_blank\"> Geof\u00edsica Aplicada (Prospecci\u00f3n Geof\u00edsica)<\/a><\/p>\n<\/td>\n<\/tr>\n<\/tbody>\n<\/table>\n<h6><\/h6>\n<h6><strong>Ingeniero Geodesta y Geof\u00edsico <\/strong>(Plan 2007)<strong>:<\/strong><\/h6>\n<table width=\"70%\" align=\"center\">\n<tbody>\n<tr>\n<td align=\"right\" valign=\"middle\" width=\"8%\" height=\"20\"><img loading=\"lazy\" alt=\"\" src=\"https:\/\/catedras.facet.unt.edu.ar\/geofisica\/wp-content\/uploads\/sites\/4\/2014\/02\/pdf_icono.jpg\" width=\"30\" height=\"32\" \/><\/td>\n<td valign=\"middle\" width=\"72%\">\n<p class=\"style2\"><a class=\"style5\" href=\"https:\/\/catedras.facet.unt.edu.ar\/geofisica\/wp-content\/uploads\/sites\/4\/2014\/02\/Programa-Geografia-Fisica-y-Geomorfologia-2013.pdf\" target=\"_blank\"> Geograf\u00eda F\u00edsica y Geomorfolog\u00eda<\/a><\/p>\n<\/td>\n<\/tr>\n<tr>\n<td align=\"right\" valign=\"middle\" height=\"20\"><img loading=\"lazy\" alt=\"\" src=\"https:\/\/catedras.facet.unt.edu.ar\/geofisica\/wp-content\/uploads\/sites\/4\/2014\/02\/pdf_icono.jpg\" width=\"30\" height=\"32\" \/><\/td>\n<td valign=\"middle\">\n<p class=\"style2\"><a class=\"style5\" href=\"https:\/\/catedras.facet.unt.edu.ar\/geofisica\/wp-content\/uploads\/sites\/4\/2014\/02\/Programa-Geofisica-General-2013.pdf\" target=\"_blank\"> Geof\u00edsica General<\/a><\/p>\n<\/td>\n<\/tr>\n<tr>\n<td align=\"right\" valign=\"middle\" height=\"20\"><img loading=\"lazy\" alt=\"\" src=\"https:\/\/catedras.facet.unt.edu.ar\/geofisica\/wp-content\/uploads\/sites\/4\/2014\/02\/pdf_icono.jpg\" width=\"30\" height=\"32\" \/><\/td>\n<td valign=\"middle\">\n<p class=\"style2\"><a class=\"style5\" href=\"https:\/\/catedras.facet.unt.edu.ar\/geofisica\/wp-content\/uploads\/sites\/4\/2014\/02\/Programa-Prospeccion-Sismica-2013.pdf\" target=\"_blank\"> Prospecci\u00f3n S\u00edsmica<\/a><\/p>\n<\/td>\n<\/tr>\n<tr>\n<td align=\"right\" valign=\"middle\" height=\"35\"><img loading=\"lazy\" alt=\"\" src=\"https:\/\/catedras.facet.unt.edu.ar\/geofisica\/wp-content\/uploads\/sites\/4\/2014\/02\/pdf_icono.jpg\" width=\"30\" height=\"32\" \/><\/td>\n<td valign=\"middle\">\n<p class=\"style2\"><a class=\"style5\" href=\"https:\/\/catedras.facet.unt.edu.ar\/geofisica\/wp-content\/uploads\/sites\/4\/2014\/02\/Programa-Gravimetrica-y-Magnetica-2013.pdf\" target=\"_blank\"> Prospecci\u00f3n Gravim\u00e9trica y Magnetica<\/a><\/p>\n<\/td>\n<\/tr>\n<tr>\n<td align=\"right\" valign=\"middle\" height=\"20\"><img loading=\"lazy\" alt=\"\" src=\"https:\/\/catedras.facet.unt.edu.ar\/geofisica\/wp-content\/uploads\/sites\/4\/2014\/02\/pdf_icono.jpg\" width=\"30\" height=\"32\" \/><\/td>\n<td valign=\"middle\">\n<p class=\"style2\"><a class=\"style5\" href=\"https:\/\/catedras.facet.unt.edu.ar\/geofisica\/wp-content\/uploads\/sites\/4\/2014\/02\/Programa-Prospeccion-Geoelectrica-2013.pdf\" target=\"_blank\">Prospecci\u00f3n Geoel\u00e9ctrica<\/a><\/p>\n<\/td>\n<\/tr>\n<\/tbody>\n<\/table>\n<div class=\"content_box last_box\"><\/div>\n<\/div>\n","protected":false},"excerpt":{"rendered":"<p>Ingeniero Agrimensor (Plan 1998 &#8211; Modif. 2004): Geof\u00edsica y Geomorfolog\u00eda Ge\u00f3logo (Plan 2012): Geof\u00edsica para Ge\u00f3logos Ingeniero Geodesta y Geof\u00edsico (Plan 1957): Geof\u00edsica, Geomorfolog\u00eda y Oceanograf\u00eda Geof\u00edsica Aplicada (Prospecci\u00f3n Geof\u00edsica) Ingeniero Geodesta y Geof\u00edsico (Plan 2007): Geograf\u00eda F\u00edsica y Geomorfolog\u00eda Geof\u00edsica General Prospecci\u00f3n S\u00edsmica Prospecci\u00f3n Gravim\u00e9trica y Magnetica Prospecci\u00f3n Geoel\u00e9ctrica<\/p>\n","protected":false},"author":6,"featured_media":0,"parent":0,"menu_order":0,"comment_status":"closed","ping_status":"closed","template":"","meta":[],"_links":{"self":[{"href":"https:\/\/catedras.facet.unt.edu.ar\/geofisica\/wp-json\/wp\/v2\/pages\/141"}],"collection":[{"href":"https:\/\/catedras.facet.unt.edu.ar\/geofisica\/wp-json\/wp\/v2\/pages"}],"about":[{"href":"https:\/\/catedras.facet.unt.edu.ar\/geofisica\/wp-json\/wp\/v2\/types\/page"}],"author":[{"embeddable":true,"href":"https:\/\/catedras.facet.unt.edu.ar\/geofisica\/wp-json\/wp\/v2\/users\/6"}],"replies":[{"embeddable":true,"href":"https:\/\/catedras.facet.unt.edu.ar\/geofisica\/wp-json\/wp\/v2\/comments?post=141"}],"version-history":[{"count":10,"href":"https:\/\/catedras.facet.unt.edu.ar\/geofisica\/wp-json\/wp\/v2\/pages\/141\/revisions"}],"predecessor-version":[{"id":244,"href":"https:\/\/catedras.facet.unt.edu.ar\/geofisica\/wp-json\/wp\/v2\/pages\/141\/revisions\/244"}],"wp:attachment":[{"href":"https:\/\/catedras.facet.unt.edu.ar\/geofisica\/wp-json\/wp\/v2\/media?parent=141"}],"curies":[{"name":"wp","href":"https:\/\/api.w.org\/{rel}","templated":true}]}}