{"id":47,"date":"2014-06-24T07:44:03","date_gmt":"2014-06-24T10:44:03","guid":{"rendered":"https:\/\/catedras.facet.unt.edu.ar\/fundamentosredes\/?page_id=47"},"modified":"2017-08-14T18:49:29","modified_gmt":"2017-08-14T21:49:29","slug":"reglamento","status":"publish","type":"page","link":"https:\/\/catedras.facet.unt.edu.ar\/fundamentosredes\/descripcion-general\/reglamento\/","title":{"rendered":"REGLAMENTO"},"content":{"rendered":"<p><strong>Condiciones de Regularidad:<\/strong><br \/>\nAprobaci\u00f3n de Parciales con un m\u00ednimo de 40\/100.<br \/>\nAsistencia a clases pr\u00e1cticas y laboratorios de un 80%.<\/p>\n<p><strong>Condiciones de Promoci\u00f3n:<\/strong><br \/>\nPromedio de Parciales: <strong>70\/100<\/strong><\/p>\n<p><strong>Condiciones para Recuperaci\u00f3n Parciales:<\/strong><br \/>\nAquellos alumnos cuya nota del parcial sea al menos de 30\/100\u00a0<strong>\u00a0y<\/strong>\u00a0 promedio en los quizzes <strong>y<\/strong> evaluativos de pr\u00e1cticos superior al 50%, podr\u00e1n participar de la recuperaci\u00f3n del mismo.<\/p>\n<p><strong>Nota Final<\/strong>:<br \/>\nPromedio Ponderado entre:<br \/>\nQuizes: 15%<br \/>\nEvaluativo de Pr\u00e1cticos: 10%<br \/>\nParcial : 30%<br \/>\nFinal (integral): 45%.<\/p>\n","protected":false},"excerpt":{"rendered":"<p>Condiciones de Regularidad: Aprobaci\u00f3n de Parciales con un m\u00ednimo de 40\/100. Asistencia a clases pr\u00e1cticas y laboratorios de un 80%. Condiciones de Promoci\u00f3n: Promedio de Parciales: 70\/100 Condiciones para Recuperaci\u00f3n Parciales: Aquellos alumnos cuya nota del parcial sea al menos de 30\/100\u00a0\u00a0y\u00a0 promedio en los quizzes y evaluativos de pr\u00e1cticos superior al 50%, podr\u00e1n participar [&hellip;]<\/p>\n","protected":false},"author":68,"featured_media":0,"parent":40,"menu_order":0,"comment_status":"closed","ping_status":"closed","template":"","meta":[],"_links":{"self":[{"href":"https:\/\/catedras.facet.unt.edu.ar\/fundamentosredes\/wp-json\/wp\/v2\/pages\/47"}],"collection":[{"href":"https:\/\/catedras.facet.unt.edu.ar\/fundamentosredes\/wp-json\/wp\/v2\/pages"}],"about":[{"href":"https:\/\/catedras.facet.unt.edu.ar\/fundamentosredes\/wp-json\/wp\/v2\/types\/page"}],"author":[{"embeddable":true,"href":"https:\/\/catedras.facet.unt.edu.ar\/fundamentosredes\/wp-json\/wp\/v2\/users\/68"}],"replies":[{"embeddable":true,"href":"https:\/\/catedras.facet.unt.edu.ar\/fundamentosredes\/wp-json\/wp\/v2\/comments?post=47"}],"version-history":[{"count":4,"href":"https:\/\/catedras.facet.unt.edu.ar\/fundamentosredes\/wp-json\/wp\/v2\/pages\/47\/revisions"}],"predecessor-version":[{"id":108,"href":"https:\/\/catedras.facet.unt.edu.ar\/fundamentosredes\/wp-json\/wp\/v2\/pages\/47\/revisions\/108"}],"up":[{"embeddable":true,"href":"https:\/\/catedras.facet.unt.edu.ar\/fundamentosredes\/wp-json\/wp\/v2\/pages\/40"}],"wp:attachment":[{"href":"https:\/\/catedras.facet.unt.edu.ar\/fundamentosredes\/wp-json\/wp\/v2\/media?parent=47"}],"curies":[{"name":"wp","href":"https:\/\/api.w.org\/{rel}","templated":true}]}}