{"id":54,"date":"2015-09-09T03:04:58","date_gmt":"2015-09-09T06:04:58","guid":{"rendered":"https:\/\/catedras.facet.unt.edu.ar\/energiasrenovables\/?page_id=54"},"modified":"2017-05-02T15:05:31","modified_gmt":"2017-05-02T18:05:31","slug":"trabajos-practicos","status":"publish","type":"page","link":"https:\/\/catedras.facet.unt.edu.ar\/energiasrenovables\/trabajos-practicos\/","title":{"rendered":"Trabajos Pr\u00e1cticos"},"content":{"rendered":"<ul>\n<li>Trabajo Pr\u00e1ctico N\u00b0 1:<\/li>\n<\/ul>\n<p>Situaci\u00f3n Energ\u00e9tica &#8211; Investigaci\u00f3n:\u00a0<a href=\"https:\/\/catedras.facet.unt.edu.ar\/energiasrenovables\/wp-content\/uploads\/sites\/21\/2015\/09\/TP-1-Introducci\u00f3n-2017.pdf\">TP 1 &#8211; Introducci\u00f3n (2017)<\/a><\/p>\n<ul>\n<li>Trabajo Pr\u00e1ctico N\u00b0 2:<\/li>\n<\/ul>\n<ul>\n<li>Trabajo Pr\u00e1ctico N\u00b0 3:<\/li>\n<\/ul>\n<p>Energ\u00eda Fotovoltaica:\u00a0<a href=\"https:\/\/catedras.facet.unt.edu.ar\/energiasrenovables\/wp-content\/uploads\/sites\/21\/2015\/09\/TP-3-Energ\u00eda-Fotovoltaica-2017.pdf\">TP 3 &#8211; Energ\u00eda Fotovoltaica (2017)<\/a><\/p>\n<ul>\n<li>Trabajo Pr\u00e1ctico N\u00b0 4:<\/li>\n<\/ul>\n<ul>\n<li>Trabajo Pr\u00e1ctico N\u00b0 5:<\/li>\n<\/ul>\n<ul>\n<li>Trabajo Pr\u00e1ctico N\u00b0 6:<\/li>\n<\/ul>\n","protected":false},"excerpt":{"rendered":"<p>Trabajo Pr\u00e1ctico N\u00b0 1: Situaci\u00f3n Energ\u00e9tica &#8211; Investigaci\u00f3n:\u00a0TP 1 &#8211; Introducci\u00f3n (2017) Trabajo Pr\u00e1ctico N\u00b0 2: Trabajo Pr\u00e1ctico N\u00b0 3: Energ\u00eda Fotovoltaica:\u00a0TP 3 &#8211; Energ\u00eda Fotovoltaica (2017) Trabajo Pr\u00e1ctico N\u00b0 4: Trabajo Pr\u00e1ctico N\u00b0 5: Trabajo Pr\u00e1ctico N\u00b0 6:<\/p>\n","protected":false},"author":131,"featured_media":0,"parent":0,"menu_order":0,"comment_status":"closed","ping_status":"closed","template":"","meta":[],"_links":{"self":[{"href":"https:\/\/catedras.facet.unt.edu.ar\/energiasrenovables\/wp-json\/wp\/v2\/pages\/54"}],"collection":[{"href":"https:\/\/catedras.facet.unt.edu.ar\/energiasrenovables\/wp-json\/wp\/v2\/pages"}],"about":[{"href":"https:\/\/catedras.facet.unt.edu.ar\/energiasrenovables\/wp-json\/wp\/v2\/types\/page"}],"author":[{"embeddable":true,"href":"https:\/\/catedras.facet.unt.edu.ar\/energiasrenovables\/wp-json\/wp\/v2\/users\/131"}],"replies":[{"embeddable":true,"href":"https:\/\/catedras.facet.unt.edu.ar\/energiasrenovables\/wp-json\/wp\/v2\/comments?post=54"}],"version-history":[{"count":8,"href":"https:\/\/catedras.facet.unt.edu.ar\/energiasrenovables\/wp-json\/wp\/v2\/pages\/54\/revisions"}],"predecessor-version":[{"id":90,"href":"https:\/\/catedras.facet.unt.edu.ar\/energiasrenovables\/wp-json\/wp\/v2\/pages\/54\/revisions\/90"}],"wp:attachment":[{"href":"https:\/\/catedras.facet.unt.edu.ar\/energiasrenovables\/wp-json\/wp\/v2\/media?parent=54"}],"curies":[{"name":"wp","href":"https:\/\/api.w.org\/{rel}","templated":true}]}}