{"id":176,"date":"2017-02-04T12:22:54","date_gmt":"2017-02-04T15:22:54","guid":{"rendered":"https:\/\/catedras.facet.unt.edu.ar\/electromagnetismo_optica\/?page_id=176"},"modified":"2017-02-04T12:22:54","modified_gmt":"2017-02-04T15:22:54","slug":"programa-ondas-electromagneticas-y-optica","status":"publish","type":"page","link":"https:\/\/catedras.facet.unt.edu.ar\/electromagnetismo_optica\/programa-y-condiciones\/programa-ondas-electromagneticas-y-optica\/","title":{"rendered":"Programa Ondas Electromagn\u00e9ticas y \u00d3ptica"},"content":{"rendered":"<p>El programa de la materia puede bajarse desde esta direcci\u00f3n<a href=\"https:\/\/catedras.facet.unt.edu.ar\/electromagnetismo_optica\/wp-content\/uploads\/sites\/113\/2017\/02\/iceberg.png\"><img loading=\"lazy\" class=\"alignright wp-image-171\" src=\"https:\/\/catedras.facet.unt.edu.ar\/electromagnetismo_optica\/wp-content\/uploads\/sites\/113\/2017\/02\/iceberg-150x150.png\" width=\"73\" height=\"73\" \/><\/a><\/p>\n<p><a href=\"https:\/\/catedras.facet.unt.edu.ar\/electromagnetismo_optica\/wp-content\/uploads\/sites\/113\/2017\/02\/Lic-BUF-y-Prof-Fisica-programa-Ondas-EM-y-Optica.pdf\">Lic BUF y Prof Fisica programa Ondas EM y Optica<\/a><\/p>\n<p>&nbsp;<\/p>\n<p>Los temas que trataremos en el cuatrimestre tienen que ver con la INTERACCI\u00d3N DE LOS CAMPOS EM CON MEDIOS MATERIALES<\/p>\n<p>\u00d3ptica Geom\u00e9trica y \u00d3ptica Ondulatoria.<\/p>\n<ul>\n<li>Leyes y principios. Fermat, Huygens, Snell, reflexi\u00f3n y refracci\u00f3n. \u00cdndice de refracci\u00f3n.<\/li>\n<li>El ojo. Reflexi\u00f3n y refracci\u00f3n en superficies planas y curvas. Cuerpos limitados por superficies planas y curvas: Prismas y Lentes.<\/li>\n<li>Sistemas de lentes. Instrumentos \u00f3pticos b\u00e1sicos.<\/li>\n<li>Superposici\u00f3n de ondas electromagn\u00e9ticas. Difracci\u00f3n e Interferencia por sistemas de ranuras. Interferencia en pel\u00edculas delgadas. Espectros de Intensidades.<\/li>\n<li>Polarizaci\u00f3n de la luz. Luz lineal, circular y el\u00edpticamente polarizada. Producci\u00f3n de luz polarizada.<\/li>\n<\/ul>\n","protected":false},"excerpt":{"rendered":"<p>El programa de la materia puede bajarse desde esta direcci\u00f3n Lic BUF y Prof Fisica programa Ondas EM y Optica &nbsp; Los temas que trataremos en el cuatrimestre tienen que ver con la INTERACCI\u00d3N DE LOS CAMPOS EM CON MEDIOS MATERIALES \u00d3ptica Geom\u00e9trica y \u00d3ptica Ondulatoria. Leyes y principios. Fermat, Huygens, Snell, reflexi\u00f3n y refracci\u00f3n. [&hellip;]<\/p>\n","protected":false},"author":101119,"featured_media":0,"parent":60,"menu_order":0,"comment_status":"closed","ping_status":"closed","template":"","meta":[],"_links":{"self":[{"href":"https:\/\/catedras.facet.unt.edu.ar\/electromagnetismo_optica\/wp-json\/wp\/v2\/pages\/176"}],"collection":[{"href":"https:\/\/catedras.facet.unt.edu.ar\/electromagnetismo_optica\/wp-json\/wp\/v2\/pages"}],"about":[{"href":"https:\/\/catedras.facet.unt.edu.ar\/electromagnetismo_optica\/wp-json\/wp\/v2\/types\/page"}],"author":[{"embeddable":true,"href":"https:\/\/catedras.facet.unt.edu.ar\/electromagnetismo_optica\/wp-json\/wp\/v2\/users\/101119"}],"replies":[{"embeddable":true,"href":"https:\/\/catedras.facet.unt.edu.ar\/electromagnetismo_optica\/wp-json\/wp\/v2\/comments?post=176"}],"version-history":[{"count":1,"href":"https:\/\/catedras.facet.unt.edu.ar\/electromagnetismo_optica\/wp-json\/wp\/v2\/pages\/176\/revisions"}],"predecessor-version":[{"id":178,"href":"https:\/\/catedras.facet.unt.edu.ar\/electromagnetismo_optica\/wp-json\/wp\/v2\/pages\/176\/revisions\/178"}],"up":[{"embeddable":true,"href":"https:\/\/catedras.facet.unt.edu.ar\/electromagnetismo_optica\/wp-json\/wp\/v2\/pages\/60"}],"wp:attachment":[{"href":"https:\/\/catedras.facet.unt.edu.ar\/electromagnetismo_optica\/wp-json\/wp\/v2\/media?parent=176"}],"curies":[{"name":"wp","href":"https:\/\/api.w.org\/{rel}","templated":true}]}}