{"id":112,"date":"2017-03-21T12:01:21","date_gmt":"2017-03-21T15:01:21","guid":{"rendered":"https:\/\/catedras.facet.unt.edu.ar\/e1\/?page_id=112"},"modified":"2020-03-13T16:31:12","modified_gmt":"2020-03-13T19:31:12","slug":"docentes","status":"publish","type":"page","link":"https:\/\/catedras.facet.unt.edu.ar\/e1\/docentes\/","title":{"rendered":"Docentes"},"content":{"rendered":"<p>El cuerpo Docente de nuestra c\u00e1tedra es:<\/p>\n<p>&nbsp;<\/p>\n<table style=\"height: 123px;\" width=\"289\">\n<tbody>\n<tr>\n<td><strong>Ing. A\u00edda OLMOS<a href=\"mailto:aolmos@herrera.unt.edu.ar\"><br \/>\naolmos@herrera.unt.edu.ar<\/a> <\/strong><strong><br \/>\nProfesor Titular<\/strong><\/td>\n<\/tr>\n<\/tbody>\n<\/table>\n<p>&nbsp;<\/p>\n<table width=\"100%\">\n<tbody>\n<tr>\n<td><strong>Ing. Carlos IVAN<a href=\"mailto:ing_caivan@yahoo.com.ar\"><br \/>\ncivan@herrera.unt.edu.ar<\/a> <\/strong><strong><br \/>\nProfesor Adjunto<br \/>\n<\/strong><\/td>\n<\/tr>\n<\/tbody>\n<\/table>\n<p>&nbsp;<\/p>\n<table width=\"100%\">\n<tbody>\n<tr>\n<td><strong>Ing. Mart\u00edn JU\u00c1REZ<a href=\"mailto:mjuarez@herrera.unt.edu.ar\"><br \/>\nmjuarez@herrera.unt.edu.ar<\/a><\/strong><strong><br \/>\nJefe de Trabajas Pr\u00e1cticos<br \/>\n<\/strong><\/td>\n<\/tr>\n<\/tbody>\n<\/table>\n<p>&nbsp;<\/p>\n<table width=\"100%\">\n<tbody>\n<tr>\n<td><strong>Ing. Eugenio NANNI<a href=\"mailto:mjuarez@herrera.unt.edu.ar\"><br \/>\nenanni@herrera.unt.edu.ar<\/a><\/strong><strong><br \/>\nJefe de Trabajas Pr\u00e1cticos<\/strong><\/td>\n<\/tr>\n<\/tbody>\n<\/table>\n<p>&nbsp;<\/p>\n<table width=\"100%\">\n<tbody>\n<tr>\n<td><strong>Ing. Mariano FAGRE<a href=\"mailto:mjuarez@herrera.unt.edu.ar\"><br \/>\nmfagre@herrera.unt.edu.ar<\/a><\/strong><strong><br \/>\nAuxiliar Docente Graduado<\/strong><\/td>\n<\/tr>\n<\/tbody>\n<\/table>\n<p>&nbsp;<\/p>\n<table width=\"100%\">\n<tbody>\n<tr>\n<td>\n<table width=\"100%\">\n<tbody>\n<tr>\n<td><strong>Sr. CASTILLO DELACROIX, Lucas Ezequiel.<\/strong><\/p>\n<p><strong style=\"font-family: inherit; font-size: inherit;\">Ayudante Estudiantil<\/strong><\/td>\n<\/tr>\n<\/tbody>\n<\/table>\n<\/td>\n<\/tr>\n<\/tbody>\n<\/table>\n<p>&nbsp;<\/p>\n<table width=\"100%\">\n<tbody>\n<tr>\n<td><strong>Sr. GARCIA, Luis Gabriel<\/strong><\/p>\n<p><strong>Ayudante Estudiantil<\/strong><\/td>\n<\/tr>\n<\/tbody>\n<\/table>\n<p>&nbsp;<\/p>\n<table width=\"100%\">\n<tbody>\n<tr>\n<td><strong>Sr. FERNANDEZ, Diego Gabriel.<\/strong><\/p>\n<p><strong>Ayudante Estudiantil<\/strong><\/td>\n<\/tr>\n<\/tbody>\n<\/table>\n","protected":false},"excerpt":{"rendered":"<p>El cuerpo Docente de nuestra c\u00e1tedra es: &nbsp; Ing. A\u00edda OLMOS aolmos@herrera.unt.edu.ar Profesor Titular &nbsp; Ing. Carlos IVAN civan@herrera.unt.edu.ar Profesor Adjunto &nbsp; Ing. Mart\u00edn JU\u00c1REZ mjuarez@herrera.unt.edu.ar Jefe de Trabajas Pr\u00e1cticos &nbsp; Ing. Eugenio NANNI enanni@herrera.unt.edu.ar Jefe de Trabajas Pr\u00e1cticos &nbsp; Ing. Mariano FAGRE mfagre@herrera.unt.edu.ar Auxiliar Docente Graduado &nbsp; Sr. CASTILLO DELACROIX, Lucas Ezequiel. Ayudante Estudiantil [&hellip;]<\/p>\n","protected":false},"author":101201,"featured_media":0,"parent":0,"menu_order":0,"comment_status":"closed","ping_status":"closed","template":"","meta":[],"_links":{"self":[{"href":"https:\/\/catedras.facet.unt.edu.ar\/e1\/wp-json\/wp\/v2\/pages\/112"}],"collection":[{"href":"https:\/\/catedras.facet.unt.edu.ar\/e1\/wp-json\/wp\/v2\/pages"}],"about":[{"href":"https:\/\/catedras.facet.unt.edu.ar\/e1\/wp-json\/wp\/v2\/types\/page"}],"author":[{"embeddable":true,"href":"https:\/\/catedras.facet.unt.edu.ar\/e1\/wp-json\/wp\/v2\/users\/101201"}],"replies":[{"embeddable":true,"href":"https:\/\/catedras.facet.unt.edu.ar\/e1\/wp-json\/wp\/v2\/comments?post=112"}],"version-history":[{"count":14,"href":"https:\/\/catedras.facet.unt.edu.ar\/e1\/wp-json\/wp\/v2\/pages\/112\/revisions"}],"predecessor-version":[{"id":681,"href":"https:\/\/catedras.facet.unt.edu.ar\/e1\/wp-json\/wp\/v2\/pages\/112\/revisions\/681"}],"wp:attachment":[{"href":"https:\/\/catedras.facet.unt.edu.ar\/e1\/wp-json\/wp\/v2\/media?parent=112"}],"curies":[{"name":"wp","href":"https:\/\/api.w.org\/{rel}","templated":true}]}}