{"id":142,"date":"2016-02-19T13:50:29","date_gmt":"2016-02-19T16:50:29","guid":{"rendered":"https:\/\/catedras.facet.unt.edu.ar\/controldeprocesos\/?page_id=142"},"modified":"2022-02-08T17:21:14","modified_gmt":"2022-02-08T20:21:14","slug":"enlaces-utiles","status":"publish","type":"page","link":"https:\/\/catedras.facet.unt.edu.ar\/controldeprocesos\/enlaces-utiles\/","title":{"rendered":"Enlaces \u00datiles"},"content":{"rendered":"<h1 class=\"entry-title\" style=\"text-align: center\"><span style=\"color: #3459c7\"><strong>ENLACES \u00daTILES<\/strong><\/span><\/h1>\n<p>El abundante material disponible en Internet representa la contribuci\u00f3n generosa de mucha gente. Entre los Cursos de Universidades hay importante material complementario\u00a0 para esta asignatura en:<\/p>\n<ul>\n<li><strong><span style=\"color: #3459c7\">M\u00f3dulos de Control de Procesos del Prof. Thomas Marlin de la Universidad de McMaster de Canad\u00e1.<\/span><\/strong>(<strong><a href=\"http:\/\/www.pc-education.mcmaster.ca\/LearningSupport%20Page.htm\" target=\"_blank\" rel=\"noopener noreferrer\">http:\/\/www.pc-education.mcmaster.ca<\/a><\/strong>). Es un excelente material basado en el libro del Prof. Marlin, muy \u00fatil para fijar conceptos.<\/li>\n<li><strong><span style=\"color: #3459c7\">Instrumentaci\u00f3n de los Procesos tambi\u00e9n elaborado por el Prof. Marlin en un sitio asociado al anterior<\/span><\/strong> (<strong><em><a href=\"http:\/\/www.pc-education.mcmaster.ca\/Instrumentation\/go_inst.htm\" target=\"_blank\" rel=\"noopener noreferrer\">http:\/\/www.pc-education.mcmaster.ca\/Instrumentation\/go_inst.htm<\/a>)<\/em><\/strong> que incluye elementos primarios de medici\u00f3n, v\u00e1lvulas de control, terminolog\u00eda empleada en instrumentaci\u00f3n industrial as\u00ed como problemas resueltos.<\/li>\n<\/ul>\n<p>Entre las diversas instituciones vinculadas al Control Autom\u00e1tico se pueden destacar:<\/p>\n<ul>\n<li><span style=\"color: #3459c7\"><strong>Asociaci\u00f3n Argentina de Control Autom\u00e1tico &#8211; AADECA <\/strong>\u00a0 <span style=\"color: #000000\">(<\/span><\/span><em><strong><a href=\"http:\/\/www.aadeca.org\" target=\"_blank\" rel=\"noopener noreferrer\">http:\/\/www.aadeca.org<\/a><\/strong><\/em>). es una asociaci\u00f3n\u00a0 sin fines de lucro, que tiene como objetivo nuclear a cient\u00edficos, t\u00e9cnicos, empresas e instituciones interesadas en alguna forma de Control Autom\u00e1tico y sus aplicaciones, para contribuir al mejor conocimiento de esta importante \u00e1rea cient\u00edfico-t\u00e9cnica, y difundir las posibilidades que brindan las aplicaciones de la automatizaci\u00f3n.<\/li>\n<li><strong><span style=\"color: #3459c7\">International Federation of Automatic Control &#8211; IFAC<\/span><\/strong> (<a href=\"http:\/\/www.ifac-control.org\" target=\"_blank\" rel=\"noopener noreferrer\"><em><strong>http:\/\/www.ifac-control.or<\/strong><\/em>g<\/a>) es la correspondiente asociaci\u00f3n internacional.<\/li>\n<li><strong><span style=\"color: #3459c7\">The Instrumentation, Systems and Automation Society\u00a0 &#8211; ISA<\/span><\/strong> (<em><strong><a href=\"http:\/\/www.isa.org\" target=\"_blank\" rel=\"noopener noreferrer\">http:\/\/www.isa.org<\/a><\/strong><\/em>). Es una de las m\u00e1s importantes asociaciones profesionales del mundo<\/li>\n<\/ul>\n<p>En nuestra Facultad hay informaci\u00f3n de inter\u00e9s en el sitio:<\/p>\n<ul>\n<li><strong><span style=\"color: #3459c7\">Automatizaci\u00f3n y Control de Procesos<\/span> (<a href=\"https:\/\/catedras.facet.unt.edu.ar\/aycp\" target=\"_blank\" rel=\"noopener noreferrer\">https:\/\/catedras.facet.unt.edu.ar\/aycp<\/a>).<\/strong>\u00a0Corresponde a la materia de la carrera de Ingenier\u00eda Industrial con material de inter\u00e9s en el campo del Control L\u00f3gico y Secuencial.<\/li>\n<li><span style=\"color: #3459c7\"><strong>E-books de la Biblioteca de la FACET<\/strong><\/span> (<strong><a href=\"https:\/\/elibro.net\/es\/lc\/facet\/login_usuario\/?next=\/es\/lc\/facet\/inicio\" target=\"_blank\" rel=\"noopener noreferrer\">https:\/\/elibro.net\/es\/lc\/facet\/login_usuario\/?next=\/es\/lc\/facet\/inicio<\/a><\/strong>). Con el carn\u00e9 de alumno puede acceder a un gran n\u00famero de libros en formato digital.<\/li>\n<\/ul>\n<p>&nbsp;<\/p>\n","protected":false},"excerpt":{"rendered":"<p>ENLACES \u00daTILES El abundante material disponible en Internet representa la contribuci\u00f3n generosa de mucha gente. Entre los Cursos de Universidades hay importante material complementario\u00a0 para esta asignatura en: M\u00f3dulos de Control de Procesos del Prof. Thomas Marlin de la Universidad de McMaster de Canad\u00e1.(http:\/\/www.pc-education.mcmaster.ca). Es un excelente material basado en el libro del Prof. Marlin, [&hellip;]<\/p>\n","protected":false},"author":184,"featured_media":0,"parent":0,"menu_order":6,"comment_status":"closed","ping_status":"closed","template":"","meta":[],"_links":{"self":[{"href":"https:\/\/catedras.facet.unt.edu.ar\/controldeprocesos\/wp-json\/wp\/v2\/pages\/142"}],"collection":[{"href":"https:\/\/catedras.facet.unt.edu.ar\/controldeprocesos\/wp-json\/wp\/v2\/pages"}],"about":[{"href":"https:\/\/catedras.facet.unt.edu.ar\/controldeprocesos\/wp-json\/wp\/v2\/types\/page"}],"author":[{"embeddable":true,"href":"https:\/\/catedras.facet.unt.edu.ar\/controldeprocesos\/wp-json\/wp\/v2\/users\/184"}],"replies":[{"embeddable":true,"href":"https:\/\/catedras.facet.unt.edu.ar\/controldeprocesos\/wp-json\/wp\/v2\/comments?post=142"}],"version-history":[{"count":21,"href":"https:\/\/catedras.facet.unt.edu.ar\/controldeprocesos\/wp-json\/wp\/v2\/pages\/142\/revisions"}],"predecessor-version":[{"id":1067,"href":"https:\/\/catedras.facet.unt.edu.ar\/controldeprocesos\/wp-json\/wp\/v2\/pages\/142\/revisions\/1067"}],"wp:attachment":[{"href":"https:\/\/catedras.facet.unt.edu.ar\/controldeprocesos\/wp-json\/wp\/v2\/media?parent=142"}],"curies":[{"name":"wp","href":"https:\/\/api.w.org\/{rel}","templated":true}]}}