{"id":46,"date":"2017-04-10T20:33:23","date_gmt":"2017-04-10T23:33:23","guid":{"rendered":"https:\/\/catedras.facet.unt.edu.ar\/compsci\/?page_id=46"},"modified":"2019-10-07T06:59:42","modified_gmt":"2019-10-07T09:59:42","slug":"aorlando","status":"publish","type":"page","link":"https:\/\/catedras.facet.unt.edu.ar\/compsci\/aorlando\/","title":{"rendered":"Antonio ORLANDO"},"content":{"rendered":"<h1>Antonio Orlando, MSc, DIC, PhD<\/h1>\n<p><a href=\"https:\/\/catedras.facet.unt.edu.ar\/compsci\/wp-content\/uploads\/sites\/126\/2017\/04\/aored.jpg\"><img loading=\"lazy\" class=\"wp-image-56 alignright\" src=\"https:\/\/catedras.facet.unt.edu.ar\/compsci\/wp-content\/uploads\/sites\/126\/2018\/08\/IMG_1083.jpg\" alt=\"\" width=\"520\" height=\"650\" \/><\/a><\/p>\n<h2>Contact<\/h2>\n<div style=\"text-align: left;\"><a href=\"https:\/\/www.facet.unt.edu.ar\/ingbiomedica\/\">Departamento de Bioingenier\u00eda<\/a><br \/>\nFacultad de Ciencias Exactas y Tecnolog\u00eda<br \/>\nUniversidad Nacional de Tucum\u00e1n<br \/>\nAv. Independencia 1800<br \/>\nSan Miguel de Tucum\u00e1n, Argentina<br \/>\ne-mail: aorlando at herrera dot unt dot edu dot ar<\/p>\n<p><a href=\"https:\/\/en.wikipedia.org\/wiki\/Erd%C5%91s_number\">Erd\u00f6s Number<\/a>: 4<\/div>\n<h2 style=\"text-align: left;\">Degrees<\/h2>\n<div style=\"text-align: left;\">02\/2003 Doctor of Philosophy, <a href=\"http:\/\/www.swansea.ac.uk\/\" target=\"blank\" rel=\"noopener noreferrer\">Swansea University<\/a>, UK<br \/>\n09\/1998 Master of Science, <a href=\"http:\/\/www3.imperial.ac.uk\/\" target=\"blank\" rel=\"noopener noreferrer\">Imperial College<\/a>, London, UK<br \/>\n10\/1996 First Degree in Civil Engineering Suma Cum Laude (Average Mark of all the subjects: 9.69\/10), <a href=\"http:\/\/www.unina.it\/\" target=\"blank\" rel=\"noopener noreferrer\">Universit\u00e0 degli Studi di Napoli &#8211; Federico II<\/a>, Italy<\/div>\n<h2 style=\"text-align: left;\">Positions<\/h2>\n<div style=\"text-align: left;\">09\/2017 &#8211; to date: Associate Professor,\u00a0Departamento de Bioingenier\u00eda, Facultad de Ciencias Exactas y Tecnolog\u00eda, Universidad Nacional de Tucum\u00e1n<br \/>\n03\/2016 &#8211; to date Investigador Independiente, <a href=\"http:\/\/www.conicet.gov.ar\/\">CONICET<\/a>, Argentina<br \/>\n03\/2015 &#8211; 02\/2016 Investigador Independiente Extranjero, Contratado, CONICET, Argentina<br \/>\n08\/2010 &#8211; 08\/2017 Associate Professor,\u00a0Instituto de Estructuras, Facultad de Ciencias Exactas y Tecnolog\u00eda, Universidad Nacional de Tucum\u00e1n<br \/>\n08\/2006 &#8211; 08\/2010 Lecturer, permanent position, Civil &amp; Computational Engineering Centre, Swansea University, UK<br \/>\n11\/2003 &#8211; 07\/2006 Postdoctor Research Assistant, Institute f\u00fcr Mathematik, <a href=\"http:\/\/www.hu-berlin.de\/\" target=\"blank\" rel=\"noopener noreferrer\">Humboldt-Universit\u00e4t zu Berlin<\/a>, Germany<br \/>\n11\/2003 &#8211; 12\/2004 Member of the DFG Research Center MATHEON, Berlin, Germany<br \/>\n01\/2003 &#8211; 06\/2003 Finite Element Analyst\u00a0for ARPA (Agency of Research and Advanced Production), Universit\u00e0 degli Studi di Napoli &#8211; Federico II, Italy<br \/>\n11\/2002 &#8211; 10\/2003 Research Assistant, DAPS, Universit\u00e0 degli Studi di Napoli &#8211; Federico II, Italy<\/div>\n<h2 style=\"text-align: left;\">Awards, Scholarships &amp; Affiliations<\/h2>\n<div style=\"text-align: left;\">12\/10\/2015 Award of \u00abLidere Acad\u00e9mico\u00bb by the <a href=\"https:\/\/tec.mx\/\" target=\"blank\" rel=\"noopener noreferrer\">Tecnol\u00f3gico de Monterrey<\/a>, Campus Puebla, M\u00e9xico<br \/>\n01\/2006 &#8211; to date: Member of the SIAM Activity Group on Computational Science and Engineering<br \/>\n04\/2005 &#8211; 12\/2010 Member of the Gesellschaft f\u00fcr Angewandte Mathematik und Mechanik (GAMM)<br \/>\n01\/2000 &#8211; to date: Member of the Society for Industrial and Applied Mathematics (SIAM)<br \/>\n01\/2000 &#8211; 12\/2005 Member of the SIAM Activity Group on Optimization<br \/>\n10\/1998 &#8211; 11\/1999 Rotary Ambassadorial Scholar of the Rotary Foundation<br \/>\n10\/1996 &#8211; 10\/1997 EPSRC scholarship to undertake MSc at the Imperial College, London, UK<br \/>\n07\/1997 &#8211; to date: Fellow of the Institution of Engineers of the Province of Naples, Italy. Chartered Engineer<\/div>\n<h2 style=\"text-align: left;\">Editorial Duties<\/h2>\n<div style=\"text-align: left;\">Editorial Board Member<br \/>\n<a href=\"http:\/\/www.journals.elsevier.com\/applied-mathematical-modelling\/\" target=\"blank\" rel=\"noopener noreferrer\">Applied Mathematical Modeling<\/a>.<br \/>\nInternational Subject Editor for: Continuum Mechanics &amp; Image Processing.<\/div>\n<h2 style=\"text-align: left;\">Publications<\/h2>\n<p>K. Zhang, A. Orlando, E.C.M. Crooks,<br \/>\n<a href=\"https:\/\/arxiv.org\/abs\/1907.02286\">Compensated Convexity on Bounded Domains, Mixed Moreau Envelopes and Computational Methods. <\/a> ArXiv e-print archive, Cornell University Library, (2019).<\/p>\n<p>M. Luege, A. Orlando, M. E. Almenar, Elvio A. Pilotta,<br \/>\nAn energetic formulation of a gradient damage model for concrete and its numerical implementation. International Journal of Solids and Structures, 155 (2018) 160-184. DOI: <a href=\"https:\/\/doi.org\/10.1016\/j.ijsolstr.2018.07.017\">10.1016\/j.ijsolstr.2018.07.017<\/a><\/p>\n<p>K. Zhang, E.C.M. Crooks, A. Orlando,<br \/>\nCompensated convexity methods for approximations and interpolations of sampled functions in Euclidean spaces: Applications to contour lines, sparse data and inpainting. SIAM Journal on Imaging Sciences, 11 (2018) 2368\u20132428. DOI: <a href=\"https:\/\/doi.org\/10.1137\/17M116152X\">10.1137\/17M116152X<\/a><\/p>\n<p>K. Zhang, E.C.M. Crooks, A. Orlando,<br \/>\nCompensated convexity methods for approximations and interpolations of sampled functions in Euclidean spaces: Theoretical foundations. SIAM Journal on Mathematical Analysis, 48 (2016) 4126-4154.\u00a0DOI: <a href=\"https:\/\/doi.org\/10.1137\/15M1045673\">10.1137\/15M1045673<\/a><\/p>\n<p>K. Zhang, E.C.M. Crooks, A. Orlando,<br \/>\nCompensated convex transforms and geometric singularity extraction from semiconvex functions (in Chinese).<br \/>\nSCIENTIA SINICA Mathematica 46 (2016) 1\u201322.\u00a0DOI: <a href=\"https:\/\/doi.org\/10.1360\/N012015-00339\">10.1360\/N012015-00339<\/a><\/p>\n<p>K. Zhang, E.C.M. Crooks, A. Orlando,<br \/>\n<a href=\"https:\/\/arxiv.org\/pdf\/1610.01451.pdf\">Compensated convex transforms and geometric singularity extraction from semiconvex functions (revised English version of the Chinese one).<\/a> ArXiv e-print archive, Cornell University Library.<\/p>\n<p>M. Luege, J.B. Lucero, M.C. Torrijo, A. Orlando,<br \/>\nCoupled mechanical and fluid flow analysis in fractured saturated porous media using the XFEM.<br \/>\nApplied Mathematical Modelling 40 (2016) 4480\u20134504.\u00a0DOI: <a href=\"https:\/\/doi.org\/10.1016\/j.apm.2015.11.032\">10.1016\/j.apm.2015.11.032<\/a><\/p>\n<p>K. Zhang, E.C.M. Crooks, A. Orlando,<br \/>\nCompensated convexity, multiscale medial axis maps and sharp regularity of the squared distance function.<br \/>\nSIAM Journal on Mathematical Analysis 47 (2015) 4289-4331.\u00a0DOI: <a href=\"https:\/\/doi.org\/10.1137\/140993223\">10.1137\/140993223<\/a><\/p>\n<p>K. Zhang, A. Orlando, E. Crooks,<br \/>\nCompensated convexity and Hausdorff stable extraction of intersections for smooth manifolds.<br \/>\nMathematical Models and Methods in Applied Sciences 25 (2015) 839-874.\u00a0DOI: <a href=\"https:\/\/doi.org\/10.1142\/S0218202515500207\">10.1142\/S0218202515500207<\/a><\/p>\n<p>K. Zhang, A. Orlando, E. Crooks,<br \/>\nCompensated convexity and Hausdorff stable geometric singularity extractions.<br \/>\nMathematical Models and Methods in Applied Sciences 25 (2015) 747-801.\u00a0DOI: <a href=\"https:\/\/doi.org\/10.1142\/S0218202515500189\">10.1142\/S0218202515500189<\/a><\/p>\n<p>M. Luege, A. Orlando, J. Sienz,<br \/>\nA finite strain contact model for mixed lubricated surfaces in forming processes.<br \/>\nApplied Mathematical Modelling 37 (2013) 9985-10006.\u00a0DOI: <a href=\"https:\/\/doi.org\/10.1016\/j.apm.2013.06.003\">10.1016\/j.apm.2013.06.003<\/a><\/p>\n<p>C. Carstensen, S. Conti, A. Orlando,<br \/>\nMixed analytical-numerical relaxation in single-slip crystal plasticity.<br \/>\nCont. Mech. &amp; Thermod. 20 (2008) 275-301.\u00a0DOI: <a href=\"https:\/\/doi.org\/10.1007\/s00161-008-0082-0\">10.1007\/s00161-008-0082-0<\/a><br \/>\n<a href=\"http:\/\/www.ams.org\/mathscinet\/search\/publdoc.html?pg1=IID&amp;s1=738118&amp;vfpref=html&amp;r=1&amp;mx-pid=2461717\" target=\"_blank\" rel=\"noopener noreferrer\">MR2461717<\/a><\/p>\n<p>C. Carstensen, Jun Hu, A. Orlando,<br \/>\nFramework for the a posteriori error analysis of nonconforming finite elements.<br \/>\nSIAM J. Numer. Anal. 45 (2007) 68-82.\u00a0DOI: <a href=\"https:\/\/doi.org\/10.1137\/050628854\">10.1137\/050628854<\/a><br \/>\n<a href=\"http:\/\/www.ams.org\/mathscinet\/search\/publdoc.html?pg1=IID&amp;s1=738118&amp;vfpref=html&amp;r=2&amp;mx-pid=2285845\" target=\"_blank\" rel=\"noopener noreferrer\">MR2285845<\/a><\/p>\n<p>S. Bartels, C. Carstensen, S. Conti, K. Hackl, U. Hoppe, A. Orlando,<br \/>\nRelaxation and the computation of effective energies and microstructures in solid mechanics.<br \/>\nIn A. Mielke (Ed): Analisys, Modeling and Simulation of Multiphase Problems, Springer, Berlin 2006, 199-226. DOI: <a href=\"https:\/\/doi.org\/10.1007\/3-540-35657-6_8\">10.1007\/3-540-35657-6_8<\/a><br \/>\n<a href=\"http:\/\/www.ams.org\/mathscinet\/search\/publdoc.html?pg1=IID&amp;s1=738118&amp;r=2&amp;mx-pid=2275163\">MR2275163<\/a><\/p>\n<p>C. Carstensen,\u00a0K. Hackl, U. Hoppe, A. Orlando,<br \/>\nComputational microstructures in phase transition solids and finite-strain elastoplasticity.<br \/>\nGAMM-Mitteilungen 29 (2006) 215-246. DOI: <a href=\"https:\/\/doi.org\/10.1002\/gamm.201490031\">10.1002\/gamm.201490031<\/a><br \/>\n<a href=\"http:\/\/www.ams.org\/mathscinet\/search\/publdoc.html?pg1=IID&amp;s1=738118&amp;r=3&amp;mx-pid=2268767\" target=\"_blank\" rel=\"noopener noreferrer\">MR2268767<\/a><\/p>\n<p>C. Carstensen, A. Orlando, J. Valdman,<br \/>\nA convergent adaptive finite element method for the primal problem of elastoplasticity.<br \/>\nInt. J. Num. Meth. Engrg. 67 (2006) 1851-1887. DOI: <a href=\"https:\/\/doi.org\/10.1002\/nme.1686\">10.1002\/nme.1686<\/a><br \/>\n<a href=\"http:\/\/www.ams.org\/mathscinet\/search\/publdoc.html?pg1=IID&amp;s1=738118&amp;r=4&amp;mx-pid=2260632\" target=\"_blank\" rel=\"noopener noreferrer\">MR2260632<\/a><\/p>\n<p>C. Carstensen, R. Klose, A. Orlando,<br \/>\nReliable and efficient equilibrated a posteriori FE error control in elasto- and elastoviscoplasticity with hardening.<br \/>\nComput. Methods Appl. Mech. Engrg. 195 (2006) 2574-2598. DOI: <a href=\"https:\/\/doi.org\/10.1016\/j.cma.2005.05.016\">10.1016\/j.cma.2005.05.016<\/a><br \/>\n<a href=\"http:\/\/www.ams.org\/mathscinet\/search\/publdoc.html?pg1=IID&amp;s1=738118&amp;r=5&amp;mx-pid=2207482\" target=\"_blank\" rel=\"noopener noreferrer\">MR2207482<\/a><\/p>\n<p>A. Orlando, D. Peric,<br \/>\nAnalysis of transfer procedures in elastoplasticity based on the error in the constitutive equations: Theory and numerical illustration. Int. J. Num. Meth. Engrg. 60 (2004) 1595-1631. DOI: <a href=\"https:\/\/doi.org\/10.1002\/nme.1021\">10.1002\/nme.1021<\/a><br \/>\n<a href=\"http:\/\/www.ams.org\/mathscinet\/search\/publdoc.html?pg1=IID&amp;s1=738118&amp;r=6&amp;mx-pid=2068928\" target=\"_blank\" rel=\"noopener noreferrer\">MR2068928<br \/>\n<\/a><\/p>\n<h3 style=\"text-align: left;\">Theses<\/h3>\n<p>A. Orlando,<br \/>\n<a href=\"https:\/\/catedras.facet.unt.edu.ar\/compsci\/wp-content\/uploads\/sites\/126\/2017\/05\/2002PHD_AO.pdf\">Analysis of adaptive finite element solutions in elastoplasticity with reference to transfer operation techniques.<\/a><br \/>\nPh.D. Thesis, Swansea university, Swansea, UK, 2003<\/p>\n<p>A. Orlando,<br \/>\n<a href=\"https:\/\/catedras.facet.unt.edu.ar\/compsci\/wp-content\/uploads\/sites\/126\/2017\/05\/1998MSc_AO.pdf\">Identification of response mechanisms in RC beam-column connections.<\/a><br \/>\nM.Sc. Dissertation, Imperial College, London, UK, 1998<\/p>\n<p>A. Orlando,<br \/>\n<a href=\"https:\/\/catedras.facet.unt.edu.ar\/compsci\/wp-content\/uploads\/sites\/126\/2017\/05\/Graduate-thesis.zip\">The local buckling of FRP pultruded beams: Theory and numerical analysis by FEM.<\/a><br \/>\nDegree Thesis, Universit\u00e0 degli Studi di Napoli &#8211; Federico II, 1996<\/p>\n<h2 style=\"text-align: left;\">Patent<\/h2>\n<p><a href=\"https:\/\/www.ipo.gov.uk\/p-ipsum\/Case\/PublicationNumber\/GB2488294\">Image and data set processing<\/a>.<br \/>\nInventores: Kewei Zhang, Antonio Orlando, Elaine Crooks.<br \/>\nPatent Number:\u00a0GB2488294<br \/>\nStatus:\u00a0Granted.<br \/>\nFiling Date: 15 December 2010<br \/>\nLodged Date:\u00a08 June 2012<br \/>\nPublication Date:\u00a022 August 2012<br \/>\nGrant Date:\u00a029 September 2015<br \/>\nPublication of notice in the Patents and Designs Journal (Section 25(1)): 28 October 2015.<\/p>\n<h2 style=\"text-align: left;\">Teaching<\/h2>\n<p><em><strong>Undergraduate modules:<\/strong><\/em><br \/>\nInstrumentaci\u00f3n Biom\u00e9dica.<br \/>\nIngenier\u00eda Cl\u00ednica II.<\/p>\n<p><em><strong>Postgraduate modules:<\/strong><\/em><br \/>\n<a href=\"https:\/\/catedras.facet.unt.edu.ar\/compsci\/cursos\/oe\/\">Structural and Material Optimization<\/a>. Doctorado en Ingenier\u00eda.<br \/>\n<a href=\"https:\/\/catedras.facet.unt.edu.ar\/compsci\/cursos\/mnc2\/\">Advanced Finite Element Methods<\/a>.. Doctorado en Ingenier\u00eda.<br \/>\n<a href=\"https:\/\/catedras.facet.unt.edu.ar\/compsci\/cursos\/m4i\/\">Mathematical Methods for Engineers<\/a>. Doctorado en Ingenier\u00eda.<br \/>\n<a href=\"https:\/\/catedras.facet.unt.edu.ar\/compsci\/tc\/\">Fundamentos de los M\u00e9todos de Reconstrucci\u00f3n de Im\u00e1genes de Tomograf\u00eda Computada<\/a>. Doctorado en Ciencias Exactas e Ingenier\u00eda.<\/p>\n<h2 style=\"text-align: left;\">Research Interests<\/h2>\n<p>A posteriori error estimation and adaptivity in the finite element method<br \/>\nComputational material science<br \/>\nImage and data processing and analysis (for applications, please visit the <a href=\"https:\/\/www.maths.nottingham.ac.uk\/plp\/pmzkz\/\" target=\"blank\" rel=\"noopener noreferrer\">link<\/a>)<br \/>\nComputational geometry and shape interrogation (for applications, please visit the <a href=\"https:\/\/www.maths.nottingham.ac.uk\/plp\/pmzkz\/\" target=\"blank\" rel=\"noopener noreferrer\">link<\/a>)<br \/>\n&nbsp;<\/p>\n<p><!-- Start of StatCounter Code for Default Guide --><br \/>\n<script type=\"text\/javascript\">\nvar sc_project=11346328; \nvar sc_invisible=1; \nvar sc_security=\"4afe774f\"; \nvar scJsHost = ((\"https:\" == document.location.protocol) ?\n\"https:\/\/secure.\" : \"http:\/\/www.\");\ndocument.write(\"<sc\"+\"ript type='text\/javascript' src='\" + scJsHost+ \"statcounter.com\/counter\/counter.js'><\/\"+\"script>\");\n<\/script><br \/>\n<noscript><\/p>\n<div class=\"statcounter\"><a title=\"website statistics\" href=\"http:\/\/statcounter.com\/\" target=\"_blank\" rel=\"noopener noreferrer\"><img class=\"statcounter\" src=\"\/\/c.statcounter.com\/11346328\/0\/4afe774f\/1\/\" alt=\"website statistics\"><\/a><\/div>\n<p><\/noscript><br \/>\n<!-- End of StatCounter Code for Default Guide --><\/p>\n","protected":false},"excerpt":{"rendered":"<p>Antonio Orlando, MSc, DIC, PhD Contact Departamento de Bioingenier\u00eda Facultad de Ciencias Exactas y Tecnolog\u00eda Universidad Nacional de Tucum\u00e1n Av. Independencia 1800 San Miguel de Tucum\u00e1n, Argentina e-mail: aorlando at herrera dot unt dot edu dot ar Erd\u00f6s Number: 4 Degrees 02\/2003 Doctor of Philosophy, Swansea University, UK 09\/1998 Master of Science, Imperial College, London, [&hellip;]<\/p>\n","protected":false},"author":101460,"featured_media":0,"parent":0,"menu_order":0,"comment_status":"closed","ping_status":"closed","template":"","meta":[],"_links":{"self":[{"href":"https:\/\/catedras.facet.unt.edu.ar\/compsci\/wp-json\/wp\/v2\/pages\/46"}],"collection":[{"href":"https:\/\/catedras.facet.unt.edu.ar\/compsci\/wp-json\/wp\/v2\/pages"}],"about":[{"href":"https:\/\/catedras.facet.unt.edu.ar\/compsci\/wp-json\/wp\/v2\/types\/page"}],"author":[{"embeddable":true,"href":"https:\/\/catedras.facet.unt.edu.ar\/compsci\/wp-json\/wp\/v2\/users\/101460"}],"replies":[{"embeddable":true,"href":"https:\/\/catedras.facet.unt.edu.ar\/compsci\/wp-json\/wp\/v2\/comments?post=46"}],"version-history":[{"count":101,"href":"https:\/\/catedras.facet.unt.edu.ar\/compsci\/wp-json\/wp\/v2\/pages\/46\/revisions"}],"predecessor-version":[{"id":379,"href":"https:\/\/catedras.facet.unt.edu.ar\/compsci\/wp-json\/wp\/v2\/pages\/46\/revisions\/379"}],"wp:attachment":[{"href":"https:\/\/catedras.facet.unt.edu.ar\/compsci\/wp-json\/wp\/v2\/media?parent=46"}],"curies":[{"name":"wp","href":"https:\/\/api.w.org\/{rel}","templated":true}]}}