{"id":183,"date":"2015-08-26T15:46:18","date_gmt":"2015-08-26T18:46:18","guid":{"rendered":"https:\/\/catedras.facet.unt.edu.ar\/centraleselectricas\/?page_id=183"},"modified":"2015-08-27T11:00:16","modified_gmt":"2015-08-27T14:00:16","slug":"horarios","status":"publish","type":"page","link":"https:\/\/catedras.facet.unt.edu.ar\/centraleselectricas\/horarios\/","title":{"rendered":"Horarios"},"content":{"rendered":"<p>Clases te\u00f3ricas y pr\u00e1cticas:<\/p>\n<p>Lunes y Mi\u00e9rcoles: De 15:15 a 18:00 hs.<\/p>\n<p>Consultas Ing. Gonz\u00e1lez:<\/p>\n<p>Consultas Ing. Vargas:<\/p>\n<p>Consultas Ing. Campos:<\/p>\n","protected":false},"excerpt":{"rendered":"<p>Clases te\u00f3ricas y pr\u00e1cticas: Lunes y Mi\u00e9rcoles: De 15:15 a 18:00 hs. Consultas Ing. Gonz\u00e1lez: Consultas Ing. Vargas: Consultas Ing. Campos:<\/p>\n","protected":false},"author":131,"featured_media":0,"parent":0,"menu_order":0,"comment_status":"closed","ping_status":"closed","template":"","meta":[],"_links":{"self":[{"href":"https:\/\/catedras.facet.unt.edu.ar\/centraleselectricas\/wp-json\/wp\/v2\/pages\/183"}],"collection":[{"href":"https:\/\/catedras.facet.unt.edu.ar\/centraleselectricas\/wp-json\/wp\/v2\/pages"}],"about":[{"href":"https:\/\/catedras.facet.unt.edu.ar\/centraleselectricas\/wp-json\/wp\/v2\/types\/page"}],"author":[{"embeddable":true,"href":"https:\/\/catedras.facet.unt.edu.ar\/centraleselectricas\/wp-json\/wp\/v2\/users\/131"}],"replies":[{"embeddable":true,"href":"https:\/\/catedras.facet.unt.edu.ar\/centraleselectricas\/wp-json\/wp\/v2\/comments?post=183"}],"version-history":[{"count":1,"href":"https:\/\/catedras.facet.unt.edu.ar\/centraleselectricas\/wp-json\/wp\/v2\/pages\/183\/revisions"}],"predecessor-version":[{"id":184,"href":"https:\/\/catedras.facet.unt.edu.ar\/centraleselectricas\/wp-json\/wp\/v2\/pages\/183\/revisions\/184"}],"wp:attachment":[{"href":"https:\/\/catedras.facet.unt.edu.ar\/centraleselectricas\/wp-json\/wp\/v2\/media?parent=183"}],"curies":[{"name":"wp","href":"https:\/\/api.w.org\/{rel}","templated":true}]}}