{"id":89,"date":"2016-09-10T22:48:14","date_gmt":"2016-09-11T01:48:14","guid":{"rendered":"https:\/\/catedras.facet.unt.edu.ar\/calidadyprocesos\/?page_id=89"},"modified":"2017-05-26T11:27:53","modified_gmt":"2017-05-26T14:27:53","slug":"formacion","status":"publish","type":"page","link":"https:\/\/catedras.facet.unt.edu.ar\/calidadyprocesos\/formacion\/","title":{"rendered":"Formaci\u00f3n"},"content":{"rendered":"<div id=\"pl-89\"  class=\"panel-layout\" ><div id=\"pg-89-0\"  class=\"panel-grid panel-no-style\" ><div id=\"pgc-89-0-0\"  class=\"panel-grid-cell\" ><div id=\"panel-89-0-0-0\" class=\"so-panel widget widget_headline-widget panel-first-child panel-last-child\" data-index=\"0\" ><div class=\"so-parallax panel-widget-style panel-widget-style-for-89-0-0-0\" ><img width=\"768\" height=\"432\" src=\"https:\/\/catedras.facet.unt.edu.ar\/calidadyprocesos\/wp-content\/uploads\/sites\/14\/2016\/09\/formacion.jpg\" class=\"attachment-full size-full\" alt=\"\" loading=\"eager\" data-siteorigin-parallax=\"true\" srcset=\"https:\/\/catedras.facet.unt.edu.ar\/calidadyprocesos\/wp-content\/uploads\/sites\/14\/2016\/09\/formacion.jpg 768w, https:\/\/catedras.facet.unt.edu.ar\/calidadyprocesos\/wp-content\/uploads\/sites\/14\/2016\/09\/formacion-300x169.jpg 300w\" sizes=\"(max-width: 768px) 100vw, 768px\" \/>\t\t<h1>Cursos de Formaci\u00f3n <\/h1>\n\t\t<div class=\"decoration\"><div class=\"decoration-inside\"><\/div><\/div>\n\t\t<h3><\/h3>\n\t\t<\/div><\/div><\/div><\/div><div id=\"pg-89-1\"  class=\"panel-grid panel-no-style\" ><div id=\"pgc-89-1-0\"  class=\"panel-grid-cell\" ><div id=\"panel-89-1-0-0\" class=\"so-panel widget widget_circleicon-widget panel-first-child panel-last-child\" data-index=\"1\" >\t\t<div class=\"circle-icon-box circle-icon-position-top circle-icon-hide-box circle-icon-size-small\">\n\t\t\t<div class=\"circle-icon-wrapper\">\n\t\t\t\t<a href=\"https:\/\/catedras.facet.unt.edu.ar\/calidadyprocesos\/electiva\/\" class=\"link-icon\" >\t\t\t\t<div class=\"circle-icon\" >\n\t\t\t\t\t<div class=\"fa fa-cubes\" ><\/div>\t\t\t\t<\/div>\n\t\t\t\t<\/a>\t\t\t<\/div>\n\n\t\t\t<a href=\"https:\/\/catedras.facet.unt.edu.ar\/calidadyprocesos\/electiva\/\" class=\"link-title\" >\t\t\t<h4 >Calidad y Procesos<\/h4>\t\t\t<\/a>\n\t\t\t<p class=\"text\" >Materia Electiva para alumnos de la carrera de Dise\u00f1ador de Iluminaci\u00f3n de la FACET- UNT.<\/p>\t\t\t\t\t\t\t<a href=\"https:\/\/catedras.facet.unt.edu.ar\/calidadyprocesos\/electiva\/\" class=\"more-button\" >Ver Contenido <i><\/i><\/a>\n\t\t\t\t\t<\/div>\n\t\t<\/div><\/div><div id=\"pgc-89-1-1\"  class=\"panel-grid-cell\" ><div id=\"panel-89-1-1-0\" class=\"so-panel widget widget_circleicon-widget panel-first-child panel-last-child\" data-index=\"2\" >\t\t<div class=\"circle-icon-box circle-icon-position-top circle-icon-hide-box circle-icon-size-small\">\n\t\t\t<div class=\"circle-icon-wrapper\">\n\t\t\t\t<a href=\"https:\/\/catedras.facet.unt.edu.ar\/calidadyprocesos\/sistemas-de-aseguramiento-de-la-calidad\" class=\"link-icon\" >\t\t\t\t<div class=\"circle-icon\" >\n\t\t\t\t\t<div class=\"fa fa-certificate\" ><\/div>\t\t\t\t<\/div>\n\t\t\t\t<\/a>\t\t\t<\/div>\n\n\t\t\t<a href=\"https:\/\/catedras.facet.unt.edu.ar\/calidadyprocesos\/sistemas-de-aseguramiento-de-la-calidad\" class=\"link-title\" >\t\t\t<h4 >Sistemas de Aseguramiento de la Calidad<\/h4>\t\t\t<\/a>\n\t\t\t<p class=\"text\" >Materia perteneciente m\u00f3dulo III de la Especializaci\u00f3n en Gesti\u00f3n Industrial de la UNT<\/p>\t\t\t\t\t\t\t<a href=\"https:\/\/catedras.facet.unt.edu.ar\/calidadyprocesos\/sistemas-de-aseguramiento-de-la-calidad\" class=\"more-button\" >M\u00e1s informaci\u00f3n <i><\/i><\/a>\n\t\t\t\t\t<\/div>\n\t\t<\/div><\/div><div id=\"pgc-89-1-2\"  class=\"panel-grid-cell\" ><div id=\"panel-89-1-2-0\" class=\"so-panel widget widget_circleicon-widget panel-first-child panel-last-child\" data-index=\"3\" >\t\t<div class=\"circle-icon-box circle-icon-position-top circle-icon-hide-box circle-icon-size-small\">\n\t\t\t<div class=\"circle-icon-wrapper\">\n\t\t\t\t\t\t\t\t<div class=\"circle-icon\" >\n\t\t\t\t\t<div class=\"fa fa-star\" ><\/div>\t\t\t\t<\/div>\n\t\t\t\t\t\t\t<\/div>\n\n\t\t\t\t\t\t<h4 >Actualizaci\u00f3n Profesional<\/h4>\t\t\t\n\t\t\t<p class=\"text\" >Oferta de cursos de actualizaci\u00f3n profesional<\/p>\t\t\t\t\t<\/div>\n\t\t<\/div><\/div><\/div><\/div>","protected":false},"excerpt":{"rendered":"<p>Cursos de Formaci\u00f3n Calidad y Procesos Materia Electiva para alumnos de la carrera de Dise\u00f1ador de Iluminaci\u00f3n de la FACET- UNT. Ver Contenido Sistemas de Aseguramiento de la Calidad Materia perteneciente m\u00f3dulo III de la Especializaci\u00f3n en Gesti\u00f3n Industrial de la UNT M\u00e1s informaci\u00f3n Actualizaci\u00f3n Profesional Oferta de cursos de actualizaci\u00f3n profesional<\/p>\n","protected":false},"author":72,"featured_media":0,"parent":0,"menu_order":1,"comment_status":"closed","ping_status":"closed","template":"templates\/template-full-notitle.php","meta":[],"_links":{"self":[{"href":"https:\/\/catedras.facet.unt.edu.ar\/calidadyprocesos\/wp-json\/wp\/v2\/pages\/89"}],"collection":[{"href":"https:\/\/catedras.facet.unt.edu.ar\/calidadyprocesos\/wp-json\/wp\/v2\/pages"}],"about":[{"href":"https:\/\/catedras.facet.unt.edu.ar\/calidadyprocesos\/wp-json\/wp\/v2\/types\/page"}],"author":[{"embeddable":true,"href":"https:\/\/catedras.facet.unt.edu.ar\/calidadyprocesos\/wp-json\/wp\/v2\/users\/72"}],"replies":[{"embeddable":true,"href":"https:\/\/catedras.facet.unt.edu.ar\/calidadyprocesos\/wp-json\/wp\/v2\/comments?post=89"}],"version-history":[{"count":20,"href":"https:\/\/catedras.facet.unt.edu.ar\/calidadyprocesos\/wp-json\/wp\/v2\/pages\/89\/revisions"}],"predecessor-version":[{"id":212,"href":"https:\/\/catedras.facet.unt.edu.ar\/calidadyprocesos\/wp-json\/wp\/v2\/pages\/89\/revisions\/212"}],"wp:attachment":[{"href":"https:\/\/catedras.facet.unt.edu.ar\/calidadyprocesos\/wp-json\/wp\/v2\/media?parent=89"}],"curies":[{"name":"wp","href":"https:\/\/api.w.org\/{rel}","templated":true}]}}

Formación

<div id="pl-89"  class="panel-layout" ><div id="pg-89-0"  class="panel-grid panel-no-style" ><div id="pgc-89-0-0"  class="panel-grid-cell" ><div id="panel-89-0-0-0" class="so-panel widget widget_headline-widget panel-first-child panel-last-child" data-index="0" ><div class="so-parallax panel-widget-style panel-widget-style-for-89-0-0-0" ><img width="768" height="432" src="https://catedras.facet.unt.edu.ar/calidadyprocesos/wp-content/uploads/sites/14/2016/09/formacion.jpg" class="attachment-full size-full" alt="" loading="eager" data-siteorigin-parallax="true" srcset="https://catedras.facet.unt.edu.ar/calidadyprocesos/wp-content/uploads/sites/14/2016/09/formacion.jpg 768w, https://catedras.facet.unt.edu.ar/calidadyprocesos/wp-content/uploads/sites/14/2016/09/formacion-300x169.jpg 300w" sizes="(max-width: 768px) 100vw, 768px" />		<h1>Cursos de Formación </h1>
		<div class="decoration"><div class="decoration-inside"></div></div>
		<h3></h3>
		</div></div></div></div><div id="pg-89-1"  class="panel-grid panel-no-style" ><div id="pgc-89-1-0"  class="panel-grid-cell" ><div id="panel-89-1-0-0" class="so-panel widget widget_circleicon-widget panel-first-child panel-last-child" data-index="1" >		<div class="circle-icon-box circle-icon-position-top circle-icon-hide-box circle-icon-size-small">
			<div class="circle-icon-wrapper">
				<a href="https://catedras.facet.unt.edu.ar/calidadyprocesos/electiva/" class="link-icon" >				<div class="circle-icon" >
					<div class="fa fa-cubes" ></div>				</div>
				</a>			</div>

			<a href="https://catedras.facet.unt.edu.ar/calidadyprocesos/electiva/" class="link-title" >			<h4 >Calidad y Procesos</h4>			</a>
			<p class="text" >Materia Electiva para alumnos de la carrera de Diseñador de Iluminación de la FACET- UNT.</p>							<a href="https://catedras.facet.unt.edu.ar/calidadyprocesos/electiva/" class="more-button" >Ver Contenido <i></i></a>
					</div>
		</div></div><div id="pgc-89-1-1"  class="panel-grid-cell" ><div id="panel-89-1-1-0" class="so-panel widget widget_circleicon-widget panel-first-child panel-last-child" data-index="2" >		<div class="circle-icon-box circle-icon-position-top circle-icon-hide-box circle-icon-size-small">
			<div class="circle-icon-wrapper">
				<a href="https://catedras.facet.unt.edu.ar/calidadyprocesos/sistemas-de-aseguramiento-de-la-calidad" class="link-icon" >				<div class="circle-icon" >
					<div class="fa fa-certificate" ></div>				</div>
				</a>			</div>

			<a href="https://catedras.facet.unt.edu.ar/calidadyprocesos/sistemas-de-aseguramiento-de-la-calidad" class="link-title" >			<h4 >Sistemas de Aseguramiento de la Calidad</h4>			</a>
			<p class="text" >Materia perteneciente módulo III de la Especialización en Gestión Industrial de la UNT</p>							<a href="https://catedras.facet.unt.edu.ar/calidadyprocesos/sistemas-de-aseguramiento-de-la-calidad" class="more-button" >Más información <i></i></a>
					</div>
		</div></div><div id="pgc-89-1-2"  class="panel-grid-cell" ><div id="panel-89-1-2-0" class="so-panel widget widget_circleicon-widget panel-first-child panel-last-child" data-index="3" >		<div class="circle-icon-box circle-icon-position-top circle-icon-hide-box circle-icon-size-small">
			<div class="circle-icon-wrapper">
								<div class="circle-icon" >
					<div class="fa fa-star" ></div>				</div>
							</div>

						<h4 >Actualización Profesional</h4>			
			<p class="text" >Oferta de cursos de actualización profesional</p>					</div>
		</div></div></div></div>

<p>Cursos de Formación Calidad y Procesos Materia Electiva para alumnos de la carrera de Diseñador de Iluminación de la FACET- UNT. Ver Contenido Sistemas de Aseguramiento de la Calidad Materia perteneciente módulo III de la Especialización en Gestión Industrial de la UNT Más información Actualización Profesional Oferta de cursos de actualización profesional</p>
