{"id":51,"date":"2016-09-07T10:22:49","date_gmt":"2016-09-07T13:22:49","guid":{"rendered":"https:\/\/catedras.facet.unt.edu.ar\/calidadyprocesos\/?page_id=51"},"modified":"2016-09-07T10:22:49","modified_gmt":"2016-09-07T13:22:49","slug":"programa","status":"publish","type":"page","link":"https:\/\/catedras.facet.unt.edu.ar\/calidadyprocesos\/programa\/","title":{"rendered":"Programa"},"content":{"rendered":"<table>\n<tbody>\n<tr>\n<td width=\"102\"><strong>UNIDAD I<\/strong><\/td>\n<td width=\"497\">Procesos. Tipos de procesos. Visi\u00f3n de Procesos. Concepto cliente \u2013 proveedor.<\/p>\n<p>Gesti\u00f3n de procesos. Ciclo PDCA. Planificaci\u00f3n. Control.<\/p>\n<p>Medici\u00f3n y seguimiento. Acciones correctivas y preventivas.<\/p>\n<p>&nbsp;<\/td>\n<\/tr>\n<tr>\n<td width=\"102\"><strong>UNIDAD II<\/strong><\/td>\n<td width=\"497\">Concepto de calidad. Evoluci\u00f3n.<\/p>\n<p>Control de calidad. Aseguramiento de la calidad. Mejora cont\u00ednua.<\/p>\n<p>Pol\u00edtica de la calidad. Objetivos de la calidad. Plan de la calidad.<\/p>\n<p>Documentaci\u00f3n. Procedimientos. Registros.<\/p>\n<p>&nbsp;<\/td>\n<\/tr>\n<tr>\n<td width=\"102\"><strong>UNIDAD III<\/strong><\/td>\n<td width=\"497\">Normas y Normalizaci\u00f3n. Organismos de normalizaci\u00f3n.<\/p>\n<p>Certificaci\u00f3n y acreditaci\u00f3n. Organismos de certificaci\u00f3n y de acreditaci\u00f3n.<\/p>\n<p>Norma ISO 9001. Norma ISO 14001. Norma ISO 17025. ISO 19011. ISO 22000. Otras normas. Requisitos. Sistemas integrados. Pol\u00edticas nacionales e internacionales. Instrumentos de financiamiento.<\/p>\n<p>&nbsp;<\/td>\n<\/tr>\n<tr>\n<td width=\"102\"><strong>UNIDAD IV<\/strong><\/td>\n<td width=\"497\">Implementaci\u00f3n de un sistema de gesti\u00f3n de la calidad en una organizaci\u00f3n.<\/p>\n<p>Planificaci\u00f3n. Fases de dise\u00f1o.<\/p>\n<p>Responsabilidades. Rol de responsable de la calidad. Rol de la Direcci\u00f3n.<\/p>\n<p>Herramientas de la calidad. Diagrama de Paretto. Diagrama de Ishikawa (causa-efecto). Gr\u00e1ficos de control.<\/p>\n<p>&nbsp;<\/td>\n<\/tr>\n<\/tbody>\n<\/table>\n","protected":false},"excerpt":{"rendered":"<p>UNIDAD I Procesos. Tipos de procesos. Visi\u00f3n de Procesos. Concepto cliente \u2013 proveedor. Gesti\u00f3n de procesos. Ciclo PDCA. Planificaci\u00f3n. Control. Medici\u00f3n y seguimiento. Acciones correctivas y preventivas. &nbsp; UNIDAD II Concepto de calidad. Evoluci\u00f3n. Control de calidad. Aseguramiento de la calidad. Mejora cont\u00ednua. Pol\u00edtica de la calidad. Objetivos de la calidad. Plan de la calidad. [&hellip;]<\/p>\n","protected":false},"author":72,"featured_media":0,"parent":0,"menu_order":0,"comment_status":"closed","ping_status":"closed","template":"","meta":[],"_links":{"self":[{"href":"https:\/\/catedras.facet.unt.edu.ar\/calidadyprocesos\/wp-json\/wp\/v2\/pages\/51"}],"collection":[{"href":"https:\/\/catedras.facet.unt.edu.ar\/calidadyprocesos\/wp-json\/wp\/v2\/pages"}],"about":[{"href":"https:\/\/catedras.facet.unt.edu.ar\/calidadyprocesos\/wp-json\/wp\/v2\/types\/page"}],"author":[{"embeddable":true,"href":"https:\/\/catedras.facet.unt.edu.ar\/calidadyprocesos\/wp-json\/wp\/v2\/users\/72"}],"replies":[{"embeddable":true,"href":"https:\/\/catedras.facet.unt.edu.ar\/calidadyprocesos\/wp-json\/wp\/v2\/comments?post=51"}],"version-history":[{"count":2,"href":"https:\/\/catedras.facet.unt.edu.ar\/calidadyprocesos\/wp-json\/wp\/v2\/pages\/51\/revisions"}],"predecessor-version":[{"id":53,"href":"https:\/\/catedras.facet.unt.edu.ar\/calidadyprocesos\/wp-json\/wp\/v2\/pages\/51\/revisions\/53"}],"wp:attachment":[{"href":"https:\/\/catedras.facet.unt.edu.ar\/calidadyprocesos\/wp-json\/wp\/v2\/media?parent=51"}],"curies":[{"name":"wp","href":"https:\/\/api.w.org\/{rel}","templated":true}]}}