{"id":41,"date":"2016-09-07T10:04:09","date_gmt":"2016-09-07T13:04:09","guid":{"rendered":"https:\/\/catedras.facet.unt.edu.ar\/calidadyprocesos\/?page_id=41"},"modified":"2016-09-07T10:04:09","modified_gmt":"2016-09-07T13:04:09","slug":"bibliografia","status":"publish","type":"page","link":"https:\/\/catedras.facet.unt.edu.ar\/calidadyprocesos\/bibliografia\/","title":{"rendered":"Bibliograf\u00eda"},"content":{"rendered":"<p>Ishikawa, Kaoru<\/p>\n<p><b>Introducci\u00f3n al control de calidad<\/b>,<\/p>\n<p>Ed. D\u00edaz de Santos, Madrid, 1989<\/p>\n<p>&nbsp;<\/p>\n<p>Evans James R., Lindsay William M.<\/p>\n<p><b>Administraci\u00f3n y control de la calidad <\/b><\/p>\n<p>6a. Ed., Thomson, M\u00e9xico,2005<\/p>\n<p>&nbsp;<\/p>\n<p>Joseph M. Juran, A. BlantonGodfrey, Robert E. Hoogstoel y Edward G. Schilling<\/p>\n<p><b>Manual de calidad de Juran <\/b><\/p>\n<p>5a. Ed., McGraw-Hill Madrid, 2001<\/p>\n<p>&nbsp;<\/p>\n<p>Mercado, Eugenio<\/p>\n<p><b>La integraci\u00f3n de los sistemas de gesti\u00f3n de la calidad y medio ambiente ISO 9000\/ISO 14000 <\/b><\/p>\n<p>Ed Universidad Nacional Tucum\u00e1n, 1997<\/p>\n","protected":false},"excerpt":{"rendered":"<p>Ishikawa, Kaoru Introducci\u00f3n al control de calidad, Ed. D\u00edaz de Santos, Madrid, 1989 &nbsp; Evans James R., Lindsay William M. Administraci\u00f3n y control de la calidad 6a. Ed., Thomson, M\u00e9xico,2005 &nbsp; Joseph M. Juran, A. BlantonGodfrey, Robert E. Hoogstoel y Edward G. Schilling Manual de calidad de Juran 5a. Ed., McGraw-Hill Madrid, 2001 &nbsp; Mercado, [&hellip;]<\/p>\n","protected":false},"author":72,"featured_media":0,"parent":0,"menu_order":0,"comment_status":"closed","ping_status":"closed","template":"","meta":[],"_links":{"self":[{"href":"https:\/\/catedras.facet.unt.edu.ar\/calidadyprocesos\/wp-json\/wp\/v2\/pages\/41"}],"collection":[{"href":"https:\/\/catedras.facet.unt.edu.ar\/calidadyprocesos\/wp-json\/wp\/v2\/pages"}],"about":[{"href":"https:\/\/catedras.facet.unt.edu.ar\/calidadyprocesos\/wp-json\/wp\/v2\/types\/page"}],"author":[{"embeddable":true,"href":"https:\/\/catedras.facet.unt.edu.ar\/calidadyprocesos\/wp-json\/wp\/v2\/users\/72"}],"replies":[{"embeddable":true,"href":"https:\/\/catedras.facet.unt.edu.ar\/calidadyprocesos\/wp-json\/wp\/v2\/comments?post=41"}],"version-history":[{"count":1,"href":"https:\/\/catedras.facet.unt.edu.ar\/calidadyprocesos\/wp-json\/wp\/v2\/pages\/41\/revisions"}],"predecessor-version":[{"id":42,"href":"https:\/\/catedras.facet.unt.edu.ar\/calidadyprocesos\/wp-json\/wp\/v2\/pages\/41\/revisions\/42"}],"wp:attachment":[{"href":"https:\/\/catedras.facet.unt.edu.ar\/calidadyprocesos\/wp-json\/wp\/v2\/media?parent=41"}],"curies":[{"name":"wp","href":"https:\/\/api.w.org\/{rel}","templated":true}]}}