{"id":1068,"date":"2015-05-19T11:31:21","date_gmt":"2015-05-19T14:31:21","guid":{"rendered":"http:\/\/www1.herrera.unt.edu.ar\/faceyt\/calculoiii\/?page_id=159"},"modified":"2025-08-20T10:03:58","modified_gmt":"2025-08-20T13:03:58","slug":"horarios-de-clases-2","status":"publish","type":"page","link":"https:\/\/catedras.facet.unt.edu.ar\/calculoiii\/horarios-de-consulta\/horarios-de-clases-2\/","title":{"rendered":"CLASES 2do CUATRIMESTRE 2025"},"content":{"rendered":"<ul>\n<li>\n<p dir=\"ltr\" role=\"presentation\"><strong>INICIO:<\/strong>\u00a0LUNES 18 DE AGOSTO.<\/p>\n<\/li>\n<li>\n<p dir=\"ltr\" role=\"presentation\"><strong>INSCRIPCI\u00d3N:<\/strong>\u00a0\u00a0en el SIU Guaran\u00ed en la fecha fijada por Departamento Alumnos.<\/p>\n<\/li>\n<\/ul>\n<p dir=\"ltr\"><strong>Si ingresaste en el a\u00f1o 2024:\u00a0 NO SE ACEPTAN ALUMNOS CONDICIONALES<\/strong>.\u00a0Debes tener\u00a0 \u00a0<strong>aprobadas<\/strong>\u00a0C\u00e1lculo I, \u00c1lgebra y Geometr\u00eda Anal\u00edtica, C\u00e1lculo II, Elementos de \u00c1lgebra Lineal.<\/p>\n<p dir=\"ltr\"><strong><span class=\"\">Si ingresaste antes\u00a0<\/span><\/strong><strong><span class=\"\">del a\u00f1o\u00a0 2024<\/span>:\u00a0<\/strong>\u00a0debes tener regulares\u00a0 C\u00e1lculo I, \u00c1lgebra y Geometr\u00eda Anal\u00edtica, C\u00e1lculo II, Elementos de \u00c1lgebra Lineal.<\/p>\n<p dir=\"ltr\"><strong>Modalidad del cursado:\u00a0<\/strong><\/p>\n<p dir=\"ltr\">Ser\u00e1 1 clase de 2 horas por semana con asistencia obligatoria.<\/p>\n<p dir=\"ltr\">Para inscribirse en la comisi\u00f3n de pr\u00e1ctica deben hacerlo a trav\u00e9s de la facet virtual, eligiendo un horario fijo en el cual se tomar\u00e1 asistencia. Las inscripciones comienzan el 13\/08\/2025 y finaliza el 29\/08\/2025 a las 23:59 hs.<\/p>\n<p dir=\"ltr\"><strong>Material de Trabajo<\/strong><\/p>\n<p dir=\"ltr\">Se trabajar\u00e1 con una cartilla de teor\u00eda y pr\u00e1ctica\u00a0 (Consultar en Oficina 2-1-18). Es la misma que se utiliz\u00f3 en el primer cuatrimestre.<\/p>\n<p dir=\"ltr\"><strong>\u00a0CONDICIONES PARA APROBAR LA MATERIA:<\/strong><\/p>\n<p dir=\"ltr\">75% de asistencia a clases.<\/p>\n<p dir=\"ltr\">Se tomar\u00e1n tres parciales presenciales.\u00a0Dos parciales de pr\u00e1ctica y un tercer parcial de teor\u00eda.<br \/>\nSe debe aprobar cada parcial con nota mayor o igual a 4.<\/p>\n<ul>\n<li>\n<p dir=\"ltr\" role=\"presentation\">Primer parcial de pr\u00e1ctica: desde Tema 1: Funciones hasta Tema 7: Valores Extremos de funciones reales (incluido).<\/p>\n<\/li>\n<li>\n<p dir=\"ltr\" role=\"presentation\">Segundo parcial de pr\u00e1ctica: desde Tema 8: Integrales Param\u00e9tricas hasta Tema 13: Integrales Curvil\u00edneas de campos vectoriales (incluido).<\/p>\n<\/li>\n<li>\n<p dir=\"ltr\" role=\"presentation\">Tercer parcial: es te\u00f3rico y abarca el contenido de toda la materia.<\/p>\n<\/li>\n<\/ul>\n<p dir=\"ltr\">En caso de desaprobar alguno de los parciales, tendr\u00e1n derecho a una \u00fanica recuperaci\u00f3n de cada parcial desaprobado.<\/p>\n<p dir=\"ltr\">No es obligaci\u00f3n la asistencia a un parcial para tener derecho a su recuperaci\u00f3n.<\/p>\n<p id=\"yui_3_17_2_1_1709648192641_664\" align=\"center\">\n","protected":false},"excerpt":{"rendered":"<p>INICIO:\u00a0LUNES 18 DE AGOSTO. INSCRIPCI\u00d3N:\u00a0\u00a0en el SIU Guaran\u00ed en la fecha fijada por Departamento Alumnos. Si ingresaste en el a\u00f1o 2024:\u00a0 NO SE ACEPTAN ALUMNOS CONDICIONALES.\u00a0Debes tener\u00a0 \u00a0aprobadas\u00a0C\u00e1lculo I, \u00c1lgebra y Geometr\u00eda Anal\u00edtica, C\u00e1lculo II, Elementos de \u00c1lgebra Lineal. Si ingresaste antes\u00a0del a\u00f1o\u00a0 2024:\u00a0\u00a0debes tener regulares\u00a0 C\u00e1lculo I, \u00c1lgebra y Geometr\u00eda Anal\u00edtica, C\u00e1lculo II, Elementos [&hellip;]<\/p>\n","protected":false},"author":175,"featured_media":0,"parent":72,"menu_order":0,"comment_status":"closed","ping_status":"closed","template":"","meta":[],"_links":{"self":[{"href":"https:\/\/catedras.facet.unt.edu.ar\/calculoiii\/wp-json\/wp\/v2\/pages\/1068"}],"collection":[{"href":"https:\/\/catedras.facet.unt.edu.ar\/calculoiii\/wp-json\/wp\/v2\/pages"}],"about":[{"href":"https:\/\/catedras.facet.unt.edu.ar\/calculoiii\/wp-json\/wp\/v2\/types\/page"}],"author":[{"embeddable":true,"href":"https:\/\/catedras.facet.unt.edu.ar\/calculoiii\/wp-json\/wp\/v2\/users\/175"}],"replies":[{"embeddable":true,"href":"https:\/\/catedras.facet.unt.edu.ar\/calculoiii\/wp-json\/wp\/v2\/comments?post=1068"}],"version-history":[{"count":92,"href":"https:\/\/catedras.facet.unt.edu.ar\/calculoiii\/wp-json\/wp\/v2\/pages\/1068\/revisions"}],"predecessor-version":[{"id":3787,"href":"https:\/\/catedras.facet.unt.edu.ar\/calculoiii\/wp-json\/wp\/v2\/pages\/1068\/revisions\/3787"}],"up":[{"embeddable":true,"href":"https:\/\/catedras.facet.unt.edu.ar\/calculoiii\/wp-json\/wp\/v2\/pages\/72"}],"wp:attachment":[{"href":"https:\/\/catedras.facet.unt.edu.ar\/calculoiii\/wp-json\/wp\/v2\/media?parent=1068"}],"curies":[{"name":"wp","href":"https:\/\/api.w.org\/{rel}","templated":true}]}}