{"id":43,"date":"2018-03-11T08:00:23","date_gmt":"2018-03-11T11:00:23","guid":{"rendered":"http:\/\/www1.herrera.unt.edu.ar\/faceyt\/analisismii\/?page_id=43"},"modified":"2024-11-16T11:32:08","modified_gmt":"2024-11-16T14:32:08","slug":"enunciados-de-practicos","status":"publish","type":"page","link":"https:\/\/catedras.facet.unt.edu.ar\/analisismii\/material-de-interes\/enunciados-de-practicos\/","title":{"rendered":"Enunciados de pr\u00e1cticos"},"content":{"rendered":"<p>Los pr\u00e1cticos \u00a0estar\u00e1n disponibles semana a semana en el aula virtual \u00abAn\u00e1lisis Matem\u00e1tico II\u00bb<\/p>\n<p>Clave de matriculaci\u00f3n para acceder al aula virtual: <strong>am2<\/strong><\/p>\n<p><strong><span style=\"text-decoration: underline\">Para el 1er cuatrimestre de An\u00e1lisis Matem\u00e1tico II y para C\u00e1lculo Nivel III<\/span><\/strong><\/p>\n<p><a href=\"https:\/\/catedras.facet.unt.edu.ar\/analisismii\/wp-content\/uploads\/sites\/73\/2019\/04\/Definiciones-para-Trabajo-Pr\u00e1ctico-n\u00ba-6-1.pdf\" target=\"_blank\" rel=\"noopener noreferrer\">Definiciones para TP6(<span style=\"color: #ff0000\">desde el a\u00f1o 2021 est\u00e1n\u00a0 incorporadas al pdf de teor\u00eda<\/span>)<\/a><\/p>\n<p><strong><span style=\"text-decoration: underline\">Para el 2do cuatrimestre de An\u00e1lisis Matem\u00e1tico II y para C\u00e1lculo Nivel IV <\/span><\/strong><\/p>\n<p><a href=\"https:\/\/catedras.facet.unt.edu.ar\/analisismii\/wp-content\/uploads\/sites\/73\/2017\/10\/20171011_203755.jpg\" target=\"_blank\" rel=\"noopener noreferrer\">F\u00f3mulas de aplicaciones de integral doble a la F\u00edsica<\/a><\/p>\n<p><a href=\"https:\/\/catedras.facet.unt.edu.ar\/analisismii\/wp-content\/uploads\/sites\/73\/2017\/10\/20171011_204809.jpg\" target=\"_blank\" rel=\"noopener noreferrer\">F\u00f3mulas de aplicaciones de integral triple a la F\u00edsica<\/a><\/p>\n<p>&nbsp;<\/p>\n<p>&nbsp;<\/p>\n<p>&nbsp;<\/p>\n","protected":false},"excerpt":{"rendered":"<p>Los pr\u00e1cticos \u00a0estar\u00e1n disponibles semana a semana en el aula virtual \u00abAn\u00e1lisis Matem\u00e1tico II\u00bb Clave de matriculaci\u00f3n para acceder al aula virtual: am2 Para el 1er cuatrimestre de An\u00e1lisis Matem\u00e1tico II y para C\u00e1lculo Nivel III Definiciones para TP6(desde el a\u00f1o 2021 est\u00e1n\u00a0 incorporadas al pdf de teor\u00eda) Para el 2do cuatrimestre de An\u00e1lisis Matem\u00e1tico [&hellip;]<\/p>\n","protected":false},"author":175,"featured_media":0,"parent":17,"menu_order":20,"comment_status":"closed","ping_status":"closed","template":"","meta":[],"_links":{"self":[{"href":"https:\/\/catedras.facet.unt.edu.ar\/analisismii\/wp-json\/wp\/v2\/pages\/43"}],"collection":[{"href":"https:\/\/catedras.facet.unt.edu.ar\/analisismii\/wp-json\/wp\/v2\/pages"}],"about":[{"href":"https:\/\/catedras.facet.unt.edu.ar\/analisismii\/wp-json\/wp\/v2\/types\/page"}],"author":[{"embeddable":true,"href":"https:\/\/catedras.facet.unt.edu.ar\/analisismii\/wp-json\/wp\/v2\/users\/175"}],"replies":[{"embeddable":true,"href":"https:\/\/catedras.facet.unt.edu.ar\/analisismii\/wp-json\/wp\/v2\/comments?post=43"}],"version-history":[{"count":169,"href":"https:\/\/catedras.facet.unt.edu.ar\/analisismii\/wp-json\/wp\/v2\/pages\/43\/revisions"}],"predecessor-version":[{"id":1717,"href":"https:\/\/catedras.facet.unt.edu.ar\/analisismii\/wp-json\/wp\/v2\/pages\/43\/revisions\/1717"}],"up":[{"embeddable":true,"href":"https:\/\/catedras.facet.unt.edu.ar\/analisismii\/wp-json\/wp\/v2\/pages\/17"}],"wp:attachment":[{"href":"https:\/\/catedras.facet.unt.edu.ar\/analisismii\/wp-json\/wp\/v2\/media?parent=43"}],"curies":[{"name":"wp","href":"https:\/\/api.w.org\/{rel}","templated":true}]}}

Enunciados de prácticos

<p>Los prácticos  estarán disponibles semana a semana en el aula virtual «Análisis Matemático II»</p>
<p>Clave de matriculación para acceder al aula virtual: <strong>am2</strong></p>
<p><strong><span style="text-decoration: underline">Para el 1er cuatrimestre de Análisis Matemático II y para Cálculo Nivel III</span></strong></p>
<p><a href="https://catedras.facet.unt.edu.ar/analisismii/wp-content/uploads/sites/73/2019/04/Definiciones-para-Trabajo-Práctico-nº-6-1.pdf" target="_blank" rel="noopener noreferrer">Definiciones para TP6(<span style="color: #ff0000">desde el año 2021 están  incorporadas al pdf de teoría</span>)</a></p>
<p><strong><span style="text-decoration: underline">Para el 2do cuatrimestre de Análisis Matemático II y para Cálculo Nivel IV </span></strong></p>
<p><a href="https://catedras.facet.unt.edu.ar/analisismii/wp-content/uploads/sites/73/2017/10/20171011_203755.jpg" target="_blank" rel="noopener noreferrer">Fómulas de aplicaciones de integral doble a la Física</a></p>
<p><a href="https://catedras.facet.unt.edu.ar/analisismii/wp-content/uploads/sites/73/2017/10/20171011_204809.jpg" target="_blank" rel="noopener noreferrer">Fómulas de aplicaciones de integral triple a la Física</a></p>
<p>&nbsp;</p>
<p>&nbsp;</p>
<p>&nbsp;</p>

<p>Los prácticos  estarán disponibles semana a semana en el aula virtual «Análisis Matemático II» Clave de matriculación para acceder al aula virtual: am2 Para el 1er cuatrimestre de Análisis Matemático II y para Cálculo Nivel III Definiciones para TP6(desde el año 2021 están  incorporadas al pdf de teoría) Para el 2do cuatrimestre de Análisis Matemático [&hellip;]</p>
