{"id":1080,"date":"2019-08-14T01:06:27","date_gmt":"2019-08-14T04:06:27","guid":{"rendered":"https:\/\/catedras.facet.unt.edu.ar\/analisismii\/?page_id=1080"},"modified":"2026-03-20T21:31:39","modified_gmt":"2026-03-21T00:31:39","slug":"ejercicios-integradores","status":"publish","type":"page","link":"https:\/\/catedras.facet.unt.edu.ar\/analisismii\/material-de-interes\/ejercicios-integradores\/","title":{"rendered":"Ejercicios integradores"},"content":{"rendered":"<p><a href=\"https:\/\/catedras.facet.unt.edu.ar\/analisismii\/wp-content\/uploads\/sites\/73\/2021\/05\/Ejercicios-Integradores-1er-parcial.pdf\" target=\"_blank\" rel=\"noopener noreferrer\">1_Ejercicios para\u00a0 parcial de pr\u00e1ctica de AMII y CNIII<\/a><\/p>\n<p><a href=\"https:\/\/catedras.facet.unt.edu.ar\/analisismii\/wp-content\/uploads\/sites\/73\/2021\/05\/Ejercicios-integradores-para-2do-parcial.pdf\" target=\"_blank\" rel=\"noopener noreferrer\">2_Ejercicios para parcial de pr\u00e1ctica de AMII y CNIII<\/a><\/p>\n<p><a href=\"https:\/\/catedras.facet.unt.edu.ar\/analisismii\/wp-content\/uploads\/sites\/73\/2019\/10\/2018-3er-Parcial-puestos-como-adicionales-en-web.pdf\" target=\"_blank\" rel=\"noopener noreferrer\">3_Ejercicios para 3er parcial de pr\u00e1ctica de AMII y 1er parcial de CNIV<\/a><\/p>\n<p><a href=\"https:\/\/catedras.facet.unt.edu.ar\/analisismii\/wp-content\/uploads\/sites\/73\/2019\/08\/2018-4to-Parcial-puestos-como-adicionales-en-web.pdf\" target=\"_blank\" rel=\"noopener noreferrer\">4_Ejercicios para 3er parcial de pr\u00e1ctica de AMII y 1er parcial de CNIV<\/a><\/p>\n<p>&nbsp;<\/p>\n","protected":false},"excerpt":{"rendered":"<p>1_Ejercicios para\u00a0 parcial de pr\u00e1ctica de AMII y CNIII 2_Ejercicios para parcial de pr\u00e1ctica de AMII y CNIII 3_Ejercicios para 3er parcial de pr\u00e1ctica de AMII y 1er parcial de CNIV 4_Ejercicios para 3er parcial de pr\u00e1ctica de AMII y 1er parcial de CNIV &nbsp;<\/p>\n","protected":false},"author":175,"featured_media":0,"parent":17,"menu_order":30,"comment_status":"closed","ping_status":"closed","template":"","meta":[],"_links":{"self":[{"href":"https:\/\/catedras.facet.unt.edu.ar\/analisismii\/wp-json\/wp\/v2\/pages\/1080"}],"collection":[{"href":"https:\/\/catedras.facet.unt.edu.ar\/analisismii\/wp-json\/wp\/v2\/pages"}],"about":[{"href":"https:\/\/catedras.facet.unt.edu.ar\/analisismii\/wp-json\/wp\/v2\/types\/page"}],"author":[{"embeddable":true,"href":"https:\/\/catedras.facet.unt.edu.ar\/analisismii\/wp-json\/wp\/v2\/users\/175"}],"replies":[{"embeddable":true,"href":"https:\/\/catedras.facet.unt.edu.ar\/analisismii\/wp-json\/wp\/v2\/comments?post=1080"}],"version-history":[{"count":17,"href":"https:\/\/catedras.facet.unt.edu.ar\/analisismii\/wp-json\/wp\/v2\/pages\/1080\/revisions"}],"predecessor-version":[{"id":1737,"href":"https:\/\/catedras.facet.unt.edu.ar\/analisismii\/wp-json\/wp\/v2\/pages\/1080\/revisions\/1737"}],"up":[{"embeddable":true,"href":"https:\/\/catedras.facet.unt.edu.ar\/analisismii\/wp-json\/wp\/v2\/pages\/17"}],"wp:attachment":[{"href":"https:\/\/catedras.facet.unt.edu.ar\/analisismii\/wp-json\/wp\/v2\/media?parent=1080"}],"curies":[{"name":"wp","href":"https:\/\/api.w.org\/{rel}","templated":true}]}}